{"id":15,"date":"2017-09-28T16:22:11","date_gmt":"2017-09-28T14:22:11","guid":{"rendered":"http:\/\/people.unil.ch\/anikdebrot\/?page_id=15"},"modified":"2026-03-18T09:26:29","modified_gmt":"2026-03-18T08:26:29","slug":"publications","status":"publish","type":"page","link":"https:\/\/people.unil.ch\/anikdebrot\/publications\/","title":{"rendered":"Publications"},"content":{"rendered":"<h3>Peer-reviewed articles<\/h3>\n<p>Debrot,\u00a0A., Mabire,\u00a0X., &amp; La Luna,\u00a0A. (2026). R\u00e9cits de deuils p\u00e9rinataux paternels : Une analyse qualitative int\u00e9grant les t\u00e2ches familiales. [Accounts of paternal perinatal grief: A qualitative analysis integrating family tasks]. <em>\u00c9tudes sur la Mort<\/em>, <em>163<\/em>(1), 159\u2013179. <a href=\"https:\/\/people.unil.ch\/anikdebrot\/files\/2026\/03\/debrot-et-al-2026-recits-de-deuils-perinataux-paternels.pdf\" target=\"_blank\" rel=\"noopener\">https:\/\/doi.org\/10.3917\/eslm.163.0159<\/a><\/p>\n<p>Brady, A., Baker, L. R., Maxwell, J. A., Algoe, S. B., Birnie-Porter, C., Brownstein, M., Carswell, K. L., Cross, E. J., Debrot, A., Finkel, E. J., Harasymchuk, C., Impett, E. A., Kim, J. J., Leavitt, C. E., MacDonald, G., Maniaci, M. R., Mark, K. P., McNulty, J. K., Meltzer, A. L., . . . Righetti, F. (2026). Women are slightly more sexually satisfied in their romantic relationships than men: An I integrative data analytic approach. Archives of Sexual Behavior. Advance online publication. <a href=\"https:\/\/doi.org\/10.1007\/s10508-025-03317-w\" target=\"_blank\" rel=\"noopener\">https:\/\/doi.org\/10.1007\/s10508-025-03317-w<\/a><\/p>\n<p>Debrot,\u00a0A., Antonietti,\u00a0J.\u2011P., Heim,\u00a0E., Campos,\u00a0B., Wilson,\u00a0J.\u00a0E., Cassepp-Borges,\u00a0V., Teixeira e Silva,\u00a0C., S\u00e1nchez Arag\u00f3n,\u00a0R., Nina Estrella,\u00a0R.\u00a0V., Vega,\u00a0L.\u00a0D., &amp; Froidevaux,\u00a0N.\u00a0M. (2025). Affectionate touch frequency is not always associated with well-being: A comparison of Latin American and Swiss samples. Journal of Social and Personal Relationships, Article 02654075251401775. Advance online publication. <a href=\"https:\/\/doi.org\/10.1177\/02654075251401775\" target=\"_blank\" rel=\"noopener\">https:\/\/doi.org\/10.1177\/02654075251401775<\/a><\/p>\n<p>Ergun, T. D., Buyukcan-Tetik, A., Debrot, A., Schut, H., &amp; Stroebe, M. (2024). In contact with grief: Affectionate touch and intimacy in bereaved parents. <em>International Journal of Clinical and Health Psychology, 24<\/em>(4), 100534. <a href=\"https:\/\/doi.org\/10.1016\/j.ijchp.2024.100534\" target=\"_blank\" rel=\"noopener\">https:\/\/doi.org\/10.1016\/j.ijchp.2024.100534<\/a><\/p>\n<p>Debrot, A., Efinger, L., Kheyar, M., Pomini, V., &amp; Berthoud, L. (2024). A French-language web-based intervention targeting prolonged grief symptoms in people who are bereaved and separated: Randomized controlled trial. <em>JMIR Formative Research, 8,<\/em> e57294. <a href=\"https:\/\/doi.org\/10.2196\/57294\" target=\"_blank\" rel=\"noopener\">https:\/\/doi.org\/10.2196\/57294<\/a><\/p>\n<p>Efinger, L.*, Kheyar, M.*, Pomini, V., Berthoud, L., Wicki, R., &amp; Debrot, A. (2024). Innovations to enhance engagement and efficacy in a mHealth psychological intervention targeting grief: Lessons learned and future directions. In T. F. Heston &amp; C. Doarn (Eds.),<em> A comprehensive overview of telemedicine.<\/em> IntechOpen. <a href=\"https:\/\/doi.org\/10.5772\/intechopen.114361\" target=\"_blank\" rel=\"noopener\">https:\/\/doi.org\/10.5772\/intechopen.114361<\/a><\/p>\n<p>Ergun, T. D., Durbin, K. B., Seefeld, L., Buyukcan-Tetik, A., &amp; Debrot, A. (2024). Dyadic investigations of past traumatic events and affectionate touch frequency in couples. <em>Journal of Family Psychology, 38<\/em>(8), 1214\u20131224. <a href=\"https:\/\/doi.org\/10.1037\/fam0001267\" target=\"_blank\" rel=\"noopener\">https:\/\/doi.org\/10.1037\/fam0001267<\/a><\/p>\n<p>Debrot,\u00a0A., Stellar,\u00a0J.\u00a0E., Dan-Glauser,\u00a0E., &amp; Klumb,\u00a0P.\u00a0L. (2024). Touch as a stress buffer? Gender differences in subjective and physiological responses to partner and stranger touch. <em>Journal of Nonverbal Behavior<\/em>, <em>48<\/em>(3), 345\u2013364. <a href=\"https:\/\/doi.org\/10.1007\/s10919-024-00455-y\" target=\"_blank\" rel=\"noopener\">https:\/\/doi.org\/10.1007\/s10919-024-00455-y<\/a><\/p>\n<p>Tavares,\u00a0I.\u00a0M., Brandelli,\u00a0Y.\u00a0N., Dawson,\u00a0S.\u00a0J., Impett,\u00a0E., Debrot,\u00a0A., &amp; Rosen,\u00a0N.\u00a0O. (2024). Connecting through touch: Attitudes toward touch in pregnancy are associated with couples\u2019 sexual and affectionate behaviors across the transition to parenthood. <em>Journal of Social and Personal Relationships<\/em>, <em>41<\/em>(8), Article 02654075241232704, 2070\u20132094. <a href=\"https:\/\/doi.org\/10.1177\/02654075241232704\">https:\/\/doi.org\/10.1177\/02654075241232704<\/a><\/p>\n<p>Debrot,\u00a0A.*, Rochat,\u00a0S.*, del R\u00edo Carral,\u00a0M., Gerber,\u00a0P., Sarrasin,\u00a0O., &amp; Brodard,\u00a0F. (2024). Accounts of interpersonal touch in female victims of intimate partner violence: A qualitative study. <em>Journal of Social and Personal Relationships<\/em>, <em>41<\/em>(7), 1936\u20131958. <a href=\"https:\/\/doi.org\/10.1177\/02654075241231302\">https:\/\/doi.org\/10.1177\/02654075241231302<\/a><br \/>\n*<em>The first two authors contributed equally to this work and are listed alphabetically by last name.<\/em><\/p>\n<p>Correia, J., Debrot, A., &amp; Garthus-Niegel, S. (2023). Integrating positive psychology perspectives to support parents in their transition to parenthood: A vision for future research. <em>Journal of Reproductive and Infant Psychology, 41<\/em>(3), 257\u2013259. https:\/\/doi.org\/10.1080\/02646838.2023.2212576 <a><img class=\"citavipicker\" title=\"Afficher dans Citavi\" \/><\/a><\/p>\n<p>Berthoud,\u00a0L., Kheyar,\u00a0M., Efinger,\u00a0L., Pomini,\u00a0V., Correia,\u00a0J., &amp; Debrot,\u00a0A. (2023). The evolution of research procedures for Internet-based interventions in Switzerland: Challenges and recommendations. <em>Swiss Psychology Open, 3<\/em>(1), Article 5. <a href=\"https:\/\/doi.org\/10.5334\/spo.52\" target=\"_blank\" rel=\"noopener\">https:\/\/doi.org\/10.5334\/spo.52 <\/a><a><img class=\"citavipicker\" title=\"Afficher dans Citavi\" \/><\/a><\/p>\n<p>Balzarini, R. N., Muise, A., Zoppolat, G., Di Bartolomeo, A., Rodrigues, D. L., Alonso-Ferres, M., Urganci, B., Debrot, A., Bock Pichayayothin, N., Dharma, C., Chi, P., Karremans, J. C., Schoebi, D., &amp; Slatcher, R. B. (2023). Love in the time of COVID: Perceived partner responsiveness buffers people from lower relationship quality associated with COVID-related stressors. <em>Social Psychological and Personality Science, 14<\/em>(3), 342\u2013355. <a href=\"https:\/\/doi.org\/10.1177\/19485506221094437\">https:\/\/doi.org\/10.1177\/19485506221094437 <\/a><a><img class=\"citavipicker\" title=\"Afficher dans Citavi\" \/><\/a><a href=\"https:\/\/doi.org\/10.1177\/19485506221094437\">\u00a0 <\/a><\/p>\n<p>Efinger,\u00a0L., Debrot,\u00a0A., &amp; Pomini,\u00a0V. (2022). LIVIA-FR : Impl\u00e9mentation et \u00e9valuation d&rsquo;une intervention par Internet pour des personnes francophones peinant \u00e0 surmonter la perte de leur partenaire. <em>Annales M\u00e9dico-Psychologiques, 180<\/em>(10), 1000\u20131007. <a href=\"https:\/\/doi.org\/10.1016\/j.amp.2021.05.004\">https:\/\/doi.org\/10.1016\/j.amp.2021.05.004 <\/a><a><img class=\"citavipicker\" title=\"Afficher dans Citavi\" \/><\/a><\/p>\n<p>Teixeira e Silva,\u00a0C., Cassepp-Borges,\u00a0V., &amp; Debrot,\u00a0A. (2022). Toque e sua rela\u00e7\u00e3o com bem-estar e satisfa\u00e7\u00e3o com a vida\/Touch and its relationship with well-being and satisfaction with life. <em>Pensando Fam\u00edlias<\/em>, <em>26<\/em>(1), 179\u2013188.<\/p>\n<p>Floyd,\u00a0K., Debrot,\u00a0A., Horan,\u00a0S.\u00a0M., Hesse,\u00a0C., &amp; Woo,\u00a0N.\u00a0T. (2023). Affectionate communication, health, and relationships. <em>Personal Relationships<\/em>, <em>30<\/em>(1), 44\u201375. <a href=\"https:\/\/doi.org\/10.1111\/pere.12444\" target=\"_blank\" rel=\"noopener\">https:\/\/doi.org\/10.1111\/pere.1244\u00a0<\/a><a href=\"https:\/\/doi.org\/10.1111\/pere.12444\" target=\"_blank\" rel=\"noopener\">\u00a0\u00a0 <\/a><\/p>\n<p>Debrot, A., Kheyar, M., Efinger, L., Berthoud, L., &amp; Pomini, V. (2022). Supporting people having lost a close person by bereavement or separation: Study protocol of a randomized controlled trial comparing two French-language Internet interventions. <em>JMIR Research Protocols, 11,<\/em> e39026. <a href=\"https:\/\/doi.org\/10.2196\/39026\" target=\"_blank\" rel=\"noopener\">https:\/\/doi.org\/10.2196\/39026\u00a0\u00a0 <\/a><\/p>\n<p>Zoppolat, G., Righetti, F., Balzarini, R. N., Alonso-Ferres, M., Urganci, B., Rodrigues, D. L., Debrot, A., Wiwattanapantuwong, J., Dharma, C., Chi, P., Karremans, J. C., Schoebi, D., &amp; Slatcher, R. B. (2022). Relationship difficulties and \u00ab\u00a0technoference\u00a0\u00bb during the COVID-19 pandemic. <em>Journal of Social and Personal Relationships, 39<\/em>(11), 3204\u20133227. <a href=\"https:\/\/doi.org\/10.1177\/02654075221093611\">https:\/\/doi.org\/10.1177\/02654075221093611 <\/a><a><img class=\"citavipicker\" title=\"Afficher dans Citavi\" \/><\/a><a href=\"https:\/\/doi.org\/10.1177\/02654075221093611\">\u00a0\u00a0 <\/a><\/p>\n<p>Debrot,\u00a0A., Berthoud,\u00a0L., Caspar,\u00a0F., Berger,\u00a0T., &amp; Pomini,\u00a0V. (2022). Tailoring guidance in Internet-based interventions with Motive-Oriented Therapeutic Relationship. <em>Frontiers in Digital Health, 4<\/em>, 842487. <a href=\"https:\/\/doi.org\/10.3389\/fdgth.2022.842487\" target=\"_blank\" rel=\"noopener\">https:\/\/doi.org\/10.3389\/fdgth.2022.842487\u00a0\u00a0\u00a0 <\/a><\/p>\n<p>Efinger,\u00a0L., Debrot,\u00a0A., &amp; Pomini,\u00a0V. (2022). LIVIA-FR : Impl\u00e9mentation et \u00e9valuation d&rsquo;une intervention par Internet pour des personnes francophones peinant \u00e0 surmonter la perte de leur partenaire. <em>Annales M\u00e9dico-Psychologiques, 180<\/em>(10), 1000\u20131007. <a href=\"https:\/\/doi.org\/10.1016\/j.amp.2021.05.004\" target=\"_blank\" rel=\"noopener\">https:\/\/doi.org\/10.1016\/j.amp.2021.05.004\u00a0\u00a0\u00a0 <\/a><\/p>\n<p>Debrot, A., Stellar, J. E., MacDonald, G., Keltner, D., &amp; Impett, E. A. (2021).<a href=\"https:\/\/people.unil.ch\/anikdebrot\/files\/2020\/11\/Debrot-et-al.2020acceptedPSPB.pdf\" target=\"_blank\" rel=\"noopener noreferrer\"> Is touch in romantic relationships universally beneficial for psychological well-being? The role of attachment avoidance<\/a>. <em>Personality and Social Psychology Bulletin, 42, <\/em>1495-1509. <a href=\"https:\/\/doi.org\/10.1177\/0146167220977709\" target=\"_blank\" rel=\"noopener\">https:\/\/doi.org\/10.1177\/0146167220977709\u00a0\u00a0\u00a0 <\/a><\/p>\n<p>Berthoud, L., Efinger, L., Kheyar, M., Pomini, V., &amp; Debrot, A. (2021). Hope May Come From Internet in Times of COVID-19: Building an Online Programme for Grief (LIVIA). <em>Frontiers in Psychiatry, 12<\/em>. <a href=\"https:\/\/doi.org\/10.3389\/fpsyt.2021.626831\">https:\/\/doi.org\/10.3389\/fpsyt.2021.626831\u00a0\u00a0\u00a0 <\/a><\/p>\n<p>Durbin, K. B., Debrot, A., Karremans, J., &amp; van der Wal, R. (2021). <a href=\"https:\/\/people.unil.ch\/anikdebrot\/files\/2021\/02\/Durbin-et-al2020-accepted-JSPR.pdf\" target=\"_blank\" rel=\"noopener\">Can we use smart-phones to increase physical affection, intimacy and security in couples? Preliminary support from an attachment perspective<\/a>. <em>Journal of Social and Personal Relationships,<\/em> <em>38<\/em>, 1035\u20131045. <a href=\"https:\/\/doi.org\/10.1177\/0265407520970278\" target=\"_blank\" rel=\"noopener\">https:\/\/doi.org\/10.1177\/0265407520970278 <\/a><a><img class=\"citavipicker\" title=\"Afficher dans Citavi\" \/><\/a><a href=\"https:\/\/doi.org\/10.1177\/0265407520970278\" target=\"_blank\" rel=\"noopener\">\u00a0 <\/a><\/p>\n<p>Jakubiak, B. K., Debrot, A., Kim, J., &amp; Impett, E. A. (2021). <a href=\"https:\/\/people.unil.ch\/anikdebrot\/files\/2020\/11\/Touch-motives_accepted.pdf\" target=\"_blank\" rel=\"noopener noreferrer\">Approach and avoidance motives for touch are predicted by attachment and predict daily relationship well-being<\/a>. <em>Journal of Social and Personal Relationships,<\/em> <em>38<\/em>, 256-278. <a href=\"https:\/\/doi.org\/10.1177\/0265407520961178\" target=\"_blank\" rel=\"noopener noreferrer\">https:\/\/doi.org\/10.1177\/0265407520961178 <\/a><a><img class=\"citavipicker\" title=\"Afficher dans Citavi\" \/><\/a><a href=\"https:\/\/doi.org\/10.1177\/0265407520961178\" target=\"_blank\" rel=\"noopener noreferrer\">\u00a0\u00a0 <\/a><\/p>\n<p>Joel, S., Eastwick, P. W., Allison, C. J., Arriaga, X. B., Baker, Z. G., Bar-Kalifa, E. \u2026 Debrot, A., \u2026 Wolf, S. (2020). Machine learning uncovers the most robust self-report predictors of relationship quality across 43 longitudinal couples studies. <em>Proceedings of the National Academy of Sciences, <\/em><em>117<\/em>(32), 19061\u201319071. <a href=\"https:\/\/doi.org\/10.1073\/pnas.1917036117\">https:\/\/doi.org\/10.1073\/pnas.1917036117 <\/a><a><img class=\"citavipicker\" title=\"Afficher dans Citavi\" \/><\/a><a href=\"https:\/\/doi.org\/10.1073\/pnas.1917036117\">\u00a0\u00a0 <\/a><\/p>\n<p>Muise,\u00a0A., Kim,\u00a0J.\u00a0J., Debrot,\u00a0A., Impett,\u00a0E.\u00a0A., &amp; MacDonald,\u00a0G. (2020). Sexual nostalgia as a response to unmet sexual and relational needs: The role of attachment avoidance. <em>Personality and Social Psychology Bulletin<\/em>, <em>46, <\/em>1538-1552. <a href=\"https:\/\/doi.org\/10.1177\/0146167220907468\" target=\"_blank\" rel=\"noopener noreferrer\">https:\/\/doi.org\/10.1177\/0146167220907468 <\/a><a><img class=\"citavipicker\" title=\"Afficher dans Citavi\" \/><\/a><a href=\"https:\/\/doi.org\/10.1177\/0146167220907468\" target=\"_blank\" rel=\"noopener noreferrer\">\u00a0\u00a0 <\/a><\/p>\n<p>Horn, A. B., Samson, A., Debrot, A., &amp; Perrez, M. (2019<em>). <\/em>Positive humor in couples as interpersonal emotion regulation: A dyadic study in everyday life on the mediating role of psychological intimacy. <em>Journal of Social and Personal Relationships, <\/em><em>36<\/em>, 2376\u20132396. <a href=\"https:\/\/doi.org\/10.1177\/0146167220907468\" target=\"_blank\" rel=\"noopener noreferrer\">https:\/\/doi.org\/10.1177\/0146167220907468 <\/a><a><img class=\"citavipicker\" title=\"Afficher dans Citavi\" \/><\/a><a href=\"https:\/\/doi.org\/10.1177\/0146167220907468\" target=\"_blank\" rel=\"noopener noreferrer\">\u00a0\u00a0 <\/a><\/p>\n<p>Park, Y., Debrot, A., Spielmann, S. S., Joel, S., Impett, E., &amp; MacDonald, G. (2019). Distinguishing dismissing from fearful attachment in the association between closeness and commitment. <em>Social Psychological and Personality Science<\/em>, <em>10<\/em>, 563\u2013572. <a href=\"https:\/\/journals.sagepub.com\/doi\/full\/10.1177\/1948550618768823\" target=\"_blank\" rel=\"noopener noreferrer\">https:\/\/doi.org\/10.1177\/1948550618768823 <\/a><a><img class=\"citavipicker\" title=\"Afficher dans Citavi\" \/><\/a><a href=\"https:\/\/journals.sagepub.com\/doi\/full\/10.1177\/1948550618768823\" target=\"_blank\" rel=\"noopener noreferrer\">\u00a0\u00a0 <\/a><\/p>\n<p>Debrot, A., Siegler, S., Klumb, P. L., &amp; Schoebi, D. (2017). <a href=\"https:\/\/people.unil.ch\/anikdebrot\/files\/2017\/09\/Debrot-et-al_Interpersonal-consequences-of-detachment_accepted.pdf\" target=\"_blank\" rel=\"noopener noreferrer\">Daily work stress and relationship satisfaction: Detachment affects romantic couples\u2019 interactions quality<\/a>. <em>Journal of Happiness Studies<\/em>,<em>\u00a019<\/em>, 2283\u20132301. <a href=\"https:\/\/doi.org\/10.1007\/s10902-017-9922-6\" target=\"_blank\" rel=\"noopener noreferrer\">https:\/\/doi.org\/10.1007\/s10902-017-9922-6 <\/a><a><img class=\"citavipicker\" title=\"Afficher dans Citavi\" \/><\/a><a href=\"https:\/\/doi.org\/10.1007\/s10902-017-9922-6\" target=\"_blank\" rel=\"noopener noreferrer\">\u00a0\u00a0 <\/a><\/p>\n<p>Debrot, A., Meuwly, N., Muise, A., Impett, E. A., &amp; Schoebi, D. (2017). <a href=\"https:\/\/people.unil.ch\/anikdebrot\/files\/2017\/09\/PSPB684124.pdf\" target=\"_blank\" rel=\"noopener noreferrer\">More than just sex: Affection mediates the association between sexual activity and well-being<\/a>. <em>Personality and Social Psychology Bulletin<\/em>, <em>43<\/em>, 287\u2013299. <a href=\"https:\/\/doi.org\/10.1177\/0146167216684124\" target=\"_blank\" rel=\"noopener noreferrer\">https:\/\/doi.org\/10.1177\/0146167216684124 <\/a><a><img class=\"citavipicker\" title=\"Afficher dans Citavi\" \/><\/a><a href=\"https:\/\/doi.org\/10.1177\/0146167216684124\" target=\"_blank\" rel=\"noopener noreferrer\">\u00a0\u00a0 <\/a><\/p>\n<p>Debrot, A., Salamin, V., Gothuey, I., &amp; Kratzel, A. (2016). <a href=\"https:\/\/people.unil.ch\/anikdebrot\/files\/2017\/09\/Final_sanp-00447.pdf\" target=\"_blank\" rel=\"noopener noreferrer\">A naturalistic study of outcomes in a general psychiatry day hospital<\/a>. <em>Swiss Archives of Neurology, Psychiatry and Psychotherapy<\/em>, <em>167<\/em>, 245\u2013251. <a href=\"https:\/\/doi.org\/10.4414\/sanp.2016.00447\" target=\"_blank\" rel=\"noopener noreferrer\">https:\/\/doi.org\/10.4414\/sanp.2016.00447 <\/a><a><img class=\"citavipicker\" title=\"Afficher dans Citavi\" \/><\/a><a href=\"https:\/\/doi.org\/10.4414\/sanp.2016.00447\" target=\"_blank\" rel=\"noopener noreferrer\">\u00a0\u00a0 <\/a><\/p>\n<p>Debrot, A., Schoebi, D., Perrez, M., &amp; Horn, A. B. (2014). <a href=\"https:\/\/people.unil.ch\/anikdebrot\/files\/2017\/09\/Debrot-et-al2014-Touch-thought-suppression-couples.pdf\" target=\"_blank\" rel=\"noopener noreferrer\">Stroking your beloved one&rsquo;s white bear: Responsive touch by the romantic partner buffers the negative effect of thought suppression on daily mood<\/a>. <em>Journal of Social and Clinical Psychology<\/em>, <em>33<\/em>, 75\u201397. <a href=\"https:\/\/doi.org\/10.1521\/jscp.2014.33.1.75\" target=\"_blank\" rel=\"noopener noreferrer\">https:\/\/doi.org\/10.1521\/jscp.2014.33.1.75 <\/a><a><img class=\"citavipicker\" title=\"Afficher dans Citavi\" \/><\/a><a href=\"https:\/\/doi.org\/10.1521\/jscp.2014.33.1.75\" target=\"_blank\" rel=\"noopener noreferrer\">\u00a0\u00a0 <\/a><\/p>\n<p>Debrot, A., Schoebi, D., Perrez, M., &amp; Horn, A. B. (2013). <a href=\"https:\/\/people.unil.ch\/anikdebrot\/files\/2017\/09\/Debrot-Schoebi-et-al.-2013-Touch-as-an-Interpersonal-Emotion.pdf\" target=\"_blank\" rel=\"noopener noreferrer\">Touch as an interpersonal emotion regulation process in couples&rsquo; daily lives: The mediating role of psychological intimacy<\/a>. <em>Personality and Social Psychology Bulletin<\/em>, <em>39<\/em>, 1373\u20131385. <a href=\"https:\/\/doi.org\/10.1177\/0146167213497592\" target=\"_blank\" rel=\"noopener noreferrer\">https:\/\/doi.org\/10.1177\/0146167213497592 <\/a><a><img class=\"citavipicker\" title=\"Afficher dans Citavi\" \/><\/a><a href=\"https:\/\/doi.org\/10.1177\/0146167213497592\" target=\"_blank\" rel=\"noopener noreferrer\">\u00a0\u00a0 <\/a><\/p>\n<p>Debrot, A., Cook, W. L., Perrez, M., &amp; Horn, A. B. (2012). <a href=\"https:\/\/people.unil.ch\/anikdebrot\/files\/2017\/09\/Debrotal2012Daily-enacted-intimacy.pdf\" target=\"_blank\" rel=\"noopener noreferrer\">Touch as an interpersonal emotion regulation process in couples&rsquo; daily lives: The mediating role of psychological intimacy<\/a>. <em>Journal of Family Psychology<\/em>, <em>26<\/em>, 617\u2013627. <a href=\"https:\/\/doi.org\/10.1037\/a0028666\" target=\"_blank\" rel=\"noopener noreferrer\">https:\/\/doi.org\/10.1037\/a0028666 <\/a><a><img class=\"citavipicker\" title=\"Afficher dans Citavi\" \/><\/a><a href=\"https:\/\/doi.org\/10.1037\/a0028666\" target=\"_blank\" rel=\"noopener noreferrer\">\u00a0\u00a0 <\/a><\/p>\n<h3><strong>Peer-Reviewed Chapter<\/strong><\/h3>\n<p>Efinger,\u00a0L.*, Kheyar,\u00a0M.*, Pomini,\u00a0V., Berthoud,\u00a0L., Wicki,\u00a0R., &amp; Debrot,\u00a0A. (in press). Innovations to enhance engagement and efficacy in a mHealth psychological intervention targeting grief: Lessons learned and future directions. In T. F. Heston (Ed.), <em>Biomedical Engineering. A comprehensive overview of telemedicine.<\/em> IntechOpen.<br \/>\n* <em>The first two authors contributed equally to this work and are listed alphabetically by last name.<\/em><\/p>\n<h3>Published Datasets<\/h3>\n<p>Debrot,\u00a0A., Berthoud,\u00a0L., Kheyar,\u00a0M., Efinger,\u00a0L., &amp; Pomini,\u00a0V. (2024). <em>Livia-FR pre-test, post-test and follow-up data<\/em> [Dataset]. FORS. <a href=\"https:\/\/doi.org\/10.48573\/6yqx-1k59\">https:\/\/doi.org\/10.48573\/6yqx-1k59<\/a><\/p>\n<p>Debrot,\u00a0A. (2019). <em>Touch and Attachment, 2016<\/em> [Dataset]. UNC Dataverse. <a href=\"https:\/\/doi.org\/10.15139\/S3\/RMZDQO\">https:\/\/doi.org\/10.15139\/S3\/RMZDQO<\/a><\/p>\n<p>Debrot,\u00a0A., Impett,\u00a0E., Muise,\u00a0A., &amp; Kim,\u00a0J. (2019). <em>Sex Touch Dyadic Daily Diary Study, 2016.<\/em> [Dataset].<em> UNC Dataverse. <\/em><a href=\"https:\/\/doi.org\/10.15139\/S3\/TAI2FI\">https:\/\/doi.org\/10.15139\/S3\/TAI2FI<\/a><\/p>\n<p>Debrot,\u00a0A., &amp; Klumb,\u00a0P.\u00a0L. (2019). <em>Dyadic Touch Study, 2015 <\/em>[Dataset]. UNC Dataverse<em>. <\/em><a href=\"https:\/\/doi.org\/10.15139\/S3\/M9UKXF\">https:\/\/doi.org\/10.15139\/S3\/M9UKXF<\/a><\/p>\n<h3>Others<\/h3>\n<p>Debrot, A. (2012). <a href=\"https:\/\/doc.rero.ch\/record\/30453\/files\/DebrotA.pdf\"><em>Positive relationship processes: Interpersonal emotion regulation and well-being in the daily life of romantic couples<\/em><\/a> (Doctoral dissertation). University, Fribourg. Retrieved from https:\/\/doc.rero.ch\/record\/30453<\/p>\n<p>Debrot, A. (2007). <em><a href=\"https:\/\/people.unil.ch\/anikdebrot\/files\/2017\/09\/Debrot2007Master-thesis-yoga-mindfulness-and-daily-affect.pdf\" target=\"_blank\" rel=\"noopener noreferrer\">Les effets du yoga et de la mindfulness sur diff\u00e9rents aspects de l\u2019affectivit\u00e9 des young olds<\/a>. <\/em>(Master thesis). University, Fribourg.<\/p>\n","protected":false},"excerpt":{"rendered":"<p>Peer-reviewed articles Debrot,\u00a0A., Mabire,\u00a0X., &amp; La Luna,\u00a0A. (2026). R\u00e9cits de deuils p\u00e9rinataux paternels : Une analyse qualitative int\u00e9grant les t\u00e2ches familiales. [Accounts of paternal perinatal grief: A qualitative analysis integrating &hellip; <\/p>\n","protected":false},"author":1001079,"featured_media":0,"parent":0,"menu_order":0,"comment_status":"closed","ping_status":"closed","template":"","meta":{"_seopress_robots_primary_cat":"","_seopress_titles_title":"","_seopress_titles_desc":"","_seopress_robots_index":"","footnotes":""},"class_list":["post-15","page","type-page","status-publish"],"_links":{"self":[{"href":"https:\/\/people.unil.ch\/anikdebrot\/wp-json\/wp\/v2\/pages\/15","targetHints":{"allow":["GET"]}}],"collection":[{"href":"https:\/\/people.unil.ch\/anikdebrot\/wp-json\/wp\/v2\/pages"}],"about":[{"href":"https:\/\/people.unil.ch\/anikdebrot\/wp-json\/wp\/v2\/types\/page"}],"author":[{"embeddable":true,"href":"https:\/\/people.unil.ch\/anikdebrot\/wp-json\/wp\/v2\/users\/1001079"}],"replies":[{"embeddable":true,"href":"https:\/\/people.unil.ch\/anikdebrot\/wp-json\/wp\/v2\/comments?post=15"}],"version-history":[{"count":4,"href":"https:\/\/people.unil.ch\/anikdebrot\/wp-json\/wp\/v2\/pages\/15\/revisions"}],"predecessor-version":[{"id":596,"href":"https:\/\/people.unil.ch\/anikdebrot\/wp-json\/wp\/v2\/pages\/15\/revisions\/596"}],"wp:attachment":[{"href":"https:\/\/people.unil.ch\/anikdebrot\/wp-json\/wp\/v2\/media?parent=15"}],"curies":[{"name":"wp","href":"https:\/\/api.w.org\/{rel}","templated":true}]}}