{"id":20,"date":"2017-09-28T17:50:33","date_gmt":"2017-09-28T15:50:33","guid":{"rendered":"http:\/\/people.unil.ch\/anikdebrot\/?page_id=20"},"modified":"2025-03-26T21:24:38","modified_gmt":"2025-03-26T20:24:38","slug":"teaching","status":"publish","type":"page","link":"https:\/\/people.unil.ch\/anikdebrot\/teaching\/","title":{"rendered":"Teaching"},"content":{"rendered":"<h3>Current<\/h3>\n<h4>Pregraduated teaching<\/h4>\n<ul>\n<li>Approches psychoth\u00e9rapeutiques de la d\u00e9pression (Psychotherapeutic approaches for depression). Seminar for Master students, 3 ECTS<\/li>\n<li>Attitudes et techniques d&rsquo;entretien en intervention clinique. (Attitudes and interview techniques in clinical intervention). Seminar for Master students, 3 ECTS<\/li>\n<li>Elaboration d&rsquo;un projet de recherche: Interventions psychologiques par internet (Elaboration of research project: Psychological internet interventions). Seminar for Bachelor students, 6 ECTS.<\/li>\n<\/ul>\n<p>For more information see: <a href=\"https:\/\/applicationspub.unil.ch\/interpub\/noauth\/php\/Un\/UnPers.php?PerNum=1189985&amp;menu=ens&amp;LanCode=8\" target=\"_blank\" rel=\"noopener noreferrer\">https:\/\/applicationspub.unil.ch\/interpub\/noauth\/php\/Un\/UnPers.php?PerNum=1189985&amp;menu=ens&amp;LanCode=8<\/a><\/p>\n<h4>Postgraduated teaching<\/h4>\n<ul>\n<li>Intimacy management models: Evaluation and intervention (in French). <em>MAS (Master of Advanced Studies) in clinical psychology, University of Geneva<\/em><\/li>\n<li>Cognitive-behavioral treatment of grief. <em><em>MAS (Master of Advanced Studies) in cognitive and behavioral therapy, Universities of Lausanne, Geneva and Fribourg.<\/em><\/em><\/li>\n<li>Relations sociales et bien-\u00eatre (Social relationships and well-being). <em>CAS (Certificate of Advanced Studies) in Positive Psychology, Continuous training UNIL-EPFL<\/em><\/li>\n<\/ul>\n<h3>Past<\/h3>\n<ul>\n<li>D\u00e9marches et m\u00e9thodes d&rsquo;\u00e9valuation en psychopathologie (Assessement methods of psychopathology). Seminar for Master students, 3 ECTS<\/li>\n<li>Stress management:\u00a0Individuelle Interventionen zur Gesundheitsf\u00f6rderung (Stress management: Individual interventions for health promotion). Seminar for Master students<\/li>\n<li>Analyse des Familienstresses: Konzepte, Methode und \u00dcbungen (Analysis of Family Stress: Concepts, methods und exercises).<\/li>\n<li>Psychologische Interventionen: Grundlagen und elementare Skills (Psychological Interventions: Basis und elementary skills). Seminar for Bachelor students<\/li>\n<li>Education familiale (Family education; Mandate for the Remote University of Rouen, France). Seminar for Bachelor students<\/li>\n<\/ul>\n","protected":false},"excerpt":{"rendered":"<p>Current Pregraduated teaching Approches psychoth\u00e9rapeutiques de la d\u00e9pression (Psychotherapeutic approaches for depression). Seminar for Master students, 3 ECTS Attitudes et techniques d&rsquo;entretien en intervention clinique. (Attitudes and interview techniques in &hellip; <\/p>\n","protected":false},"author":1001079,"featured_media":0,"parent":0,"menu_order":0,"comment_status":"closed","ping_status":"closed","template":"","meta":{"_seopress_robots_primary_cat":"","_seopress_titles_title":"","_seopress_titles_desc":"","_seopress_robots_index":"","footnotes":""},"class_list":["post-20","page","type-page","status-publish"],"_links":{"self":[{"href":"https:\/\/people.unil.ch\/anikdebrot\/wp-json\/wp\/v2\/pages\/20","targetHints":{"allow":["GET"]}}],"collection":[{"href":"https:\/\/people.unil.ch\/anikdebrot\/wp-json\/wp\/v2\/pages"}],"about":[{"href":"https:\/\/people.unil.ch\/anikdebrot\/wp-json\/wp\/v2\/types\/page"}],"author":[{"embeddable":true,"href":"https:\/\/people.unil.ch\/anikdebrot\/wp-json\/wp\/v2\/users\/1001079"}],"replies":[{"embeddable":true,"href":"https:\/\/people.unil.ch\/anikdebrot\/wp-json\/wp\/v2\/comments?post=20"}],"version-history":[{"count":3,"href":"https:\/\/people.unil.ch\/anikdebrot\/wp-json\/wp\/v2\/pages\/20\/revisions"}],"predecessor-version":[{"id":544,"href":"https:\/\/people.unil.ch\/anikdebrot\/wp-json\/wp\/v2\/pages\/20\/revisions\/544"}],"wp:attachment":[{"href":"https:\/\/people.unil.ch\/anikdebrot\/wp-json\/wp\/v2\/media?parent=20"}],"curies":[{"name":"wp","href":"https:\/\/api.w.org\/{rel}","templated":true}]}}