{"id":15,"date":"2017-06-03T16:23:14","date_gmt":"2017-06-03T14:23:14","guid":{"rendered":"http:\/\/people.unil.ch\/annekatrinweber\/?page_id=15"},"modified":"2022-01-20T15:07:03","modified_gmt":"2022-01-20T14:07:03","slug":"cv","status":"publish","type":"page","link":"https:\/\/people.unil.ch\/annekatrinweber\/cv\/","title":{"rendered":"CV"},"content":{"rendered":"<p>I am a historian of television with a special interest in non-institutional televisual uses and technologies. My work is at the intersection of media history and archaeology, science and technology studies, and exhibition studies.<strong><a href=\"https:\/\/people.unil.ch\/annekatrinweber\/accueil\/television-before-tv\/\"> My dissertation<\/a><\/strong>, for which I received the Society for Cinema and Media Studies Dissertation Award as well as the\u00a0<em>Prix de la Facult\u00e9\u00a0<\/em>of the University of Lausanne, looks at\u00a0interwar television in Great Britain, Germany, and the United States. It analyzes television\u2019s encounter with its earliest audiences at world exhibitions and industrial fairs, and\u2014focusing on televisual sites instead of televisual texts\u2014unearths the new media\u2019s multiple technologies and social uses showcased at these events. It argues that, despite weak commercial prospects, television rapidly became an actor in technopolitical competition staged at fairs, and discusses how institutional struggles and media identities were negotiated by putting television on display.<\/p>\n<p>I am currently a NOMIS Fellow at eikones, Center for the Theory and History of the Image, at the University of Basel. Before that, I was a Lecturer at the University of Lausanne, and a Visiting Scholar at Comparative Media\/Writing at MIT, Cambridge, and the Luxembourg Centre for Contemporary and Digital History, where I developed a new project supported by the Swiss National Science Foundation (SNF). Titled <a href=\"https:\/\/people.unil.ch\/annekatrinweber\/accueil\/a-media-archaeology-of-drones-television-in-the-army-1930s-1940s\/\"><strong><em>A Media Archaeology of Drones.\u00a0<\/em><\/strong><em><strong>Television in the Army<\/strong>,<\/em><\/a>\u00a0it aims at unearthing the military uses of television during World War II and at resituating the developed devices and implied actors within the media\u2019s broader historiography. It pursues therefore the double goal of reflecting upon the first experiences of tele-guided planes and bombs from a media historical perspective, and of contextualizing these developments in relation to industrial research on consumer electronics.<\/p>\n<p>Together with my colleague <a href=\"https:\/\/www.unil.ch\/hist\/fr\/home\/menuinst\/collaborateurrices\/collaborateurrices\/histoire-contemporaine-1\/vallotton-francois-1.html\">Fran\u00e7ois Vallotton<\/a> from the UNIL\u2019s History Department, I co-direct the SNF funded research project\u00a0<em><strong><a href=\"https:\/\/people.unil.ch\/annekatrinweber\/accueil\/au-dela-du-service-public-pour-une-histoire-elargie-de-la-television-en-suisse-1960-2000\/\">Au-del\u00e0 du service public\u00a0: pour une histoire \u00e9largie de la t\u00e9l\u00e9vision en Suisse<\/a><\/strong>,<\/em> which investigates the actors, technologies and networks at the margins of Swiss television history.<\/p>\n<p>My publications include\u00a0<strong><a href=\"https:\/\/www.antipodes.ch\/collections\/medias-et-histoire\/la-tlvision-du-tlphonoscope-youtube-detail\"><em>La t\u00e9l\u00e9vision du t\u00e9l\u00e9phonoscope \u00e0 YouTube. Pour une arch\u00e9ologie de l\u2019audiovision<\/em><\/a>\u00a0<\/strong>(with Mireille Berton, Antipodes, 2009) and an issue of\u00a0<em>View. <\/em><em>Journal of European Television History and Culture <\/em>titled\u00a0\u00ab\u00a0<a href=\"https:\/\/ojs.viewjournal.eu\/index.php\/view\/issue\/view\/7\/showToc\"><strong>Archaeologies of Tele-Visions and -Realities<\/strong>\u00a0<\/a>\u00bb<em>\u00a0<\/em>(with Andreas Fickers, 2015)<em>.\u00a0<\/em>I am on the editorial board of\u00a0<a href=\"https:\/\/wp.unil.ch\/acontrario\/\"><em><strong>A Contrario. Revue interdisciplinaire de sciences sociales<\/strong><\/em><\/a> and of<em><strong> <a href=\"https:\/\/transbordeur.org\/\">Transbordeur. Photographie, soci\u00e9t\u00e9, histoire<\/a><\/strong>.<\/em><\/p>\n<p>Email: <a href=\"mailto:anne-katrin.weber@unil.ch\">Anne-Katrin.Weber[at]unil.ch<\/a><\/p>\n<p>Twitter: @akw_8<\/p>\n<p>Academia:\u00a0<a href=\"https:\/\/unil.academia.edu\/AnneKatrinWeber\">https:\/\/unil.academia.edu\/AnneKatrinWeber<\/a><\/p>\n","protected":false},"excerpt":{"rendered":"<p>I am a historian of television with a special interest in non-institutional televisual uses and technologies. My work is at the intersection of media history and archaeology, science and technology studies, and exhibition studies. My dissertation, for which I received<\/p>\n","protected":false},"author":1001077,"featured_media":0,"parent":0,"menu_order":2,"comment_status":"closed","ping_status":"closed","template":"","meta":{"_seopress_robots_primary_cat":"","_seopress_titles_title":"","_seopress_titles_desc":"","_seopress_robots_index":"","footnotes":""},"class_list":["post-15","page","type-page","status-publish"],"_links":{"self":[{"href":"https:\/\/people.unil.ch\/annekatrinweber\/wp-json\/wp\/v2\/pages\/15","targetHints":{"allow":["GET"]}}],"collection":[{"href":"https:\/\/people.unil.ch\/annekatrinweber\/wp-json\/wp\/v2\/pages"}],"about":[{"href":"https:\/\/people.unil.ch\/annekatrinweber\/wp-json\/wp\/v2\/types\/page"}],"author":[{"embeddable":true,"href":"https:\/\/people.unil.ch\/annekatrinweber\/wp-json\/wp\/v2\/users\/1001077"}],"replies":[{"embeddable":true,"href":"https:\/\/people.unil.ch\/annekatrinweber\/wp-json\/wp\/v2\/comments?post=15"}],"version-history":[{"count":0,"href":"https:\/\/people.unil.ch\/annekatrinweber\/wp-json\/wp\/v2\/pages\/15\/revisions"}],"wp:attachment":[{"href":"https:\/\/people.unil.ch\/annekatrinweber\/wp-json\/wp\/v2\/media?parent=15"}],"curies":[{"name":"wp","href":"https:\/\/api.w.org\/{rel}","templated":true}]}}

<p>I am a historian of television with a special interest in non-institutional televisual uses and technologies. My work is at the intersection of media history and archaeology, science and technology studies, and exhibition studies.<strong><a href="https://people.unil.ch/annekatrinweber/accueil/television-before-tv/"> My dissertation</a></strong>, for which I received the Society for Cinema and Media Studies Dissertation Award as well as the <em>Prix de la Faculté </em>of the University of Lausanne, looks at interwar television in Great Britain, Germany, and the United States. It analyzes television’s encounter with its earliest audiences at world exhibitions and industrial fairs, and—focusing on televisual sites instead of televisual texts—unearths the new media’s multiple technologies and social uses showcased at these events. It argues that, despite weak commercial prospects, television rapidly became an actor in technopolitical competition staged at fairs, and discusses how institutional struggles and media identities were negotiated by putting television on display.</p>
<p>I am currently a NOMIS Fellow at eikones, Center for the Theory and History of the Image, at the University of Basel. Before that, I was a Lecturer at the University of Lausanne, and a Visiting Scholar at Comparative Media/Writing at MIT, Cambridge, and the Luxembourg Centre for Contemporary and Digital History, where I developed a new project supported by the Swiss National Science Foundation (SNF). Titled <a href="https://people.unil.ch/annekatrinweber/accueil/a-media-archaeology-of-drones-television-in-the-army-1930s-1940s/"><strong><em>A Media Archaeology of Drones. </em></strong><em><strong>Television in the Army</strong>,</em></a> it aims at unearthing the military uses of television during World War II and at resituating the developed devices and implied actors within the media’s broader historiography. It pursues therefore the double goal of reflecting upon the first experiences of tele-guided planes and bombs from a media historical perspective, and of contextualizing these developments in relation to industrial research on consumer electronics.</p>
<p>Together with my colleague <a href="https://www.unil.ch/hist/fr/home/menuinst/collaborateurrices/collaborateurrices/histoire-contemporaine-1/vallotton-francois-1.html">François Vallotton</a> from the UNIL’s History Department, I co-direct the SNF funded research project <em><strong><a href="https://people.unil.ch/annekatrinweber/accueil/au-dela-du-service-public-pour-une-histoire-elargie-de-la-television-en-suisse-1960-2000/">Au-delà du service public : pour une histoire élargie de la télévision en Suisse</a></strong>,</em> which investigates the actors, technologies and networks at the margins of Swiss television history.</p>
<p>My publications include <strong><a href="https://www.antipodes.ch/collections/medias-et-histoire/la-tlvision-du-tlphonoscope-youtube-detail"><em>La télévision du téléphonoscope à YouTube. Pour une archéologie de l’audiovision</em></a> </strong>(with Mireille Berton, Antipodes, 2009) and an issue of <em>View. </em><em>Journal of European Television History and Culture </em>titled « <a href="https://ojs.viewjournal.eu/index.php/view/issue/view/7/showToc"><strong>Archaeologies of Tele-Visions and -Realities</strong> </a>»<em> </em>(with Andreas Fickers, 2015)<em>. </em>I am on the editorial board of <a href="https://wp.unil.ch/acontrario/"><em><strong>A Contrario. Revue interdisciplinaire de sciences sociales</strong></em></a> and of<em><strong> <a href="https://transbordeur.org/">Transbordeur. Photographie, société, histoire</a></strong>.</em></p>
<p>Email: <a href="mailto:anne-katrin.weber@unil.ch">Anne-Katrin.Weber[at]unil.ch</a></p>
<p>Twitter: @akw_8</p>
<p>Academia: <a href="https://unil.academia.edu/AnneKatrinWeber">https://unil.academia.edu/AnneKatrinWeber</a></p>
