{"id":197,"date":"2017-09-17T11:05:01","date_gmt":"2017-09-17T09:05:01","guid":{"rendered":"http:\/\/people.unil.ch\/arnaudbuchs\/?page_id=197"},"modified":"2021-10-03T16:12:31","modified_gmt":"2021-10-03T14:12:31","slug":"commentaire","status":"publish","type":"page","link":"https:\/\/people.unil.ch\/arnaudbuchs\/commentaire\/","title":{"rendered":"Comptes rendus"},"content":{"rendered":"<p>Cette page recense quelques comptes rendus de mes derniers ouvrages et indique, lorsque cela est possible, le lien ou le pdf de l&rsquo;article.<\/p>\n<p><strong>A propos de <\/strong><em><strong>Diderot et la peinture<\/strong> <\/em>(Paris, Galil\u00e9e, 2015):<\/p>\n<ul>\n<li>Paolo Quintili,\u00a0 \u00ab\u00a0<span lang=\"fr\" xml:lang=\"fr\">Arnaud Buchs, <em>Diderot et la peinture<\/em><\/span>\u00a0\u00bb, <em>Recherches sur Diderot et sur l&rsquo;Encyclop\u00e9die<\/em> [En ligne], 51\u00a0|\u00a02016, mis en ligne le 25 novembre 2016. <a href=\"https:\/\/rde.revues.org\/5417\" target=\"_blank\" rel=\"noopener\">URL\u00a0: https:\/\/rde.revues.org\/5417<\/a><\/li>\n<li>Christian Ruby, \u00ab\u00a0Diderot: marginale et insistante peinture\u00a0\u00bb, revue en ligne <em>Nonfiction.fr<\/em>, mis en ligne le 26 janvier 2015. URL : <a href=\"https:\/\/www.nonfiction.fr\/article-7398-diderot__marginale_et_insistante_peinture.htm\" target=\"_blank\" rel=\"noopener\">https:\/\/www.nonfiction.fr\/article-7398-diderot__marginale_et_insistante_peinture.htm<\/a><\/li>\n<li>Katalin Kov\u00e1cs, \u00ab Miroirs et reflets\u00a0\u00bb, dans <em>Acta Romanica Quinqueecclesiensis IV, Panorama des Etudes fran\u00e7aises en Europe centrale<\/em>, sous la dir. d\u2019Adri\u00e1n Bene, publication du D\u00e9partement d\u2019\u00c9tudes Fran\u00e7aises et Francophones, Universit\u00e9 de P\u00e9cs, Facult\u00e9 des<br \/>\nLettres, P\u00e9cs, 2017, p. 171-173. PDF : <a href=\"https:\/\/people.unil.ch\/arnaudbuchs\/files\/2017\/09\/Compte_rendu_du_livre_d_Arnaud_Buchs_Did.pdf\" target=\"_blank\" rel=\"noopener\">Compte_rendu_du_livre_d_Arnaud_Buchs_Did<\/a><\/li>\n<\/ul>\n<p><strong>A propos de <em>Ecrire le regard. L&rsquo;esth\u00e9tique de la Modernit\u00e9 en question <\/em><\/strong>(Paris, Hermann, 2010):<\/p>\n<ul>\n<li>Elizabeth Lavezzi, \u00ab\u00a0<span lang=\"fr\" xml:lang=\"fr\">Arnaud Buchs, <em>Ecrire le regard. L&rsquo;esth\u00e9tique de la modernit\u00e9 en question<\/em><\/span> \u00bb, <em>Recherches sur Diderot et sur l&rsquo;Encyclop\u00e9die<\/em> [En ligne], 46 | 2011, mis en ligne le 14 novembre 2011. URL : <a href=\"https:\/\/rde.revues.org\/4864\" target=\"_blank\" rel=\"noopener\">https:\/\/rde.revues.org\/4864<\/a><\/li>\n<li>Ariane L\u00fcthi, \u00ab\u00a0Arnaud Buchs, <i>\u00c9crire le regard\u00a0<\/i>\u00bb, <i>Hippocampe<\/i> 7 (2012), p. 165<\/li>\n<li>Nicolas Valazza, \u00ab Arnaud Buchs, <i>\u00c9crire le regard <\/i>\u00bb, <em>The French Review<\/em> Vol. 85, No. 6, 2012, p.1162-1163. PDF<a href=\"https:\/\/people.unil.ch\/arnaudbuchs\/files\/2021\/10\/Nicolas-Valazza-The-French-Review-no-85-2012.pdf\" target=\"_blank\" rel=\"noopener\">Nicolas Valazza The French Review no 85 (2012)<\/a><\/li>\n<\/ul>\n<p><strong>A propos de <em>Une pens\u00e9e en mouvement. Trois essais sur Yves Bonnefoy <\/em><\/strong>(Paris, Galil\u00e9e, 2008):<\/p>\n<ul>\n<li>Ariane L\u00fcthi, \u00ab\u00a0Arnaud Buchs, <i>Une pens\u00e9e en mouvement. Trois essais sur Yves Bonnefoy<\/i>\u00a0\u00bb, <i>RBL<\/i>, n\u00b0<i> <\/i>2-4\/2009, p. 327s<\/li>\n<\/ul>\n<p><strong>A propos de <em>Yves Bonnefoy \u00e0 l&rsquo;horizon du surr\u00e9alisme<\/em><\/strong> (Paris, Galil\u00e9e, 2005):<\/p>\n<ul>\n<li>Mathilde Vischer, \u00ab Entretien avec Arnaud Buchs\u00a0\u00bb, <em>Culturactif <\/em>f\u00e9vrier 2006, mis en ligne le 2 f\u00e9vrier 2006. URL : <a href=\"https:\/\/www.culturactif.ch\/livredumois\/fev06buchs.htm\" target=\"_blank\" rel=\"noopener\">https:\/\/www.culturactif.ch\/livredumois\/fev06buchs.htm<\/a> PDF: <a href=\"https:\/\/www.culturactif.ch\/livredumois\/fev06buchs.pdf\" target=\"_blank\" rel=\"noopener\">https:\/\/www.culturactif.ch\/livredumois\/fev06buchs.pdf<\/a><\/li>\n<li>Judith Abensour, \u00ab Yves Bonnefoy ou l&rsquo;accomplissement contradictoire du surr\u00e9alisme \u00bb,<span id=\"mla\" class=\"blue_milk\"> <i>Critique<\/i>, vol. 713, no. 10, 2006, pp. 850-856. PDF: <a href=\"https:\/\/www.fabula.org\/revue\/document1145.php\" target=\"_blank\" rel=\"noopener\">https:\/\/www.fabula.org\/revue\/document1145.php<\/a><br \/>\n<\/span><\/li>\n<li>Ariane L\u00fcthi, \u00ab\u00a0Arnaud Buchs, <i>Yves Bonnefoy \u00e0 l\u2019horizon du surr\u00e9alisme<\/i>, pr\u00e9c\u00e9d\u00e9 de <i>Le Carrefour dans l\u2019image<\/i>, par Yves Bonnefoy\u00a0\u00bb, <i>RBL<\/i>, n\u00b0 1-2\/2007, p. 78-80.<\/li>\n<\/ul>\n","protected":false},"excerpt":{"rendered":"<p>Cette page recense quelques comptes rendus de mes derniers ouvrages et indique, lorsque cela est possible, le lien ou le pdf de l&rsquo;article. A propos de Diderot et la peinture (Paris, Galil\u00e9e, 2015): Paolo Quintili,\u00a0 \u00ab\u00a0Arnaud Buchs, Diderot et la peinture\u00a0\u00bb, Recherches sur Diderot et sur l&rsquo;Encyclop\u00e9die [En ligne], 51\u00a0|\u00a02016, mis en ligne le 25 &hellip; <\/p>\n<p class=\"link-more\"><a href=\"https:\/\/people.unil.ch\/arnaudbuchs\/commentaire\/\" class=\"more-link\">Continuer la lecture<span class=\"screen-reader-text\"> de &laquo;&nbsp;Comptes rendus&nbsp;&raquo;<\/span><\/a><\/p>\n","protected":false},"author":1001005,"featured_media":0,"parent":0,"menu_order":5,"comment_status":"closed","ping_status":"closed","template":"","meta":{"_seopress_robots_primary_cat":"","_seopress_titles_title":"","_seopress_titles_desc":"","_seopress_robots_index":"","footnotes":""},"class_list":["post-197","page","type-page","status-publish"],"_links":{"self":[{"href":"https:\/\/people.unil.ch\/arnaudbuchs\/wp-json\/wp\/v2\/pages\/197","targetHints":{"allow":["GET"]}}],"collection":[{"href":"https:\/\/people.unil.ch\/arnaudbuchs\/wp-json\/wp\/v2\/pages"}],"about":[{"href":"https:\/\/people.unil.ch\/arnaudbuchs\/wp-json\/wp\/v2\/types\/page"}],"author":[{"embeddable":true,"href":"https:\/\/people.unil.ch\/arnaudbuchs\/wp-json\/wp\/v2\/users\/1001005"}],"replies":[{"embeddable":true,"href":"https:\/\/people.unil.ch\/arnaudbuchs\/wp-json\/wp\/v2\/comments?post=197"}],"version-history":[{"count":0,"href":"https:\/\/people.unil.ch\/arnaudbuchs\/wp-json\/wp\/v2\/pages\/197\/revisions"}],"wp:attachment":[{"href":"https:\/\/people.unil.ch\/arnaudbuchs\/wp-json\/wp\/v2\/media?parent=197"}],"curies":[{"name":"wp","href":"https:\/\/api.w.org\/{rel}","templated":true}]}}

<p>Cette page recense quelques comptes rendus de mes derniers ouvrages et indique, lorsque cela est possible, le lien ou le pdf de l&rsquo;article.</p>
<p><strong>A propos de </strong><em><strong>Diderot et la peinture</strong> </em>(Paris, Galilée, 2015):</p>
<ul>
<li>Paolo Quintili,  « <span lang="fr" xml:lang="fr">Arnaud Buchs, <em>Diderot et la peinture</em></span> », <em>Recherches sur Diderot et sur l&rsquo;Encyclopédie</em> [En ligne], 51 | 2016, mis en ligne le 25 novembre 2016. <a href="https://rde.revues.org/5417" target="_blank" rel="noopener">URL : https://rde.revues.org/5417</a></li>
<li>Christian Ruby, « Diderot: marginale et insistante peinture », revue en ligne <em>Nonfiction.fr</em>, mis en ligne le 26 janvier 2015. URL : <a href="https://www.nonfiction.fr/article-7398-diderot__marginale_et_insistante_peinture.htm" target="_blank" rel="noopener">https://www.nonfiction.fr/article-7398-diderot__marginale_et_insistante_peinture.htm</a></li>
<li>Katalin Kovács, « Miroirs et reflets », dans <em>Acta Romanica Quinqueecclesiensis IV, Panorama des Etudes françaises en Europe centrale</em>, sous la dir. d’Adrián Bene, publication du Département d’Études Françaises et Francophones, Université de Pécs, Faculté des<br />
Lettres, Pécs, 2017, p. 171-173. PDF : <a href="https://people.unil.ch/arnaudbuchs/files/2017/09/Compte_rendu_du_livre_d_Arnaud_Buchs_Did.pdf" target="_blank" rel="noopener">Compte_rendu_du_livre_d_Arnaud_Buchs_Did</a></li>
</ul>
<p><strong>A propos de <em>Ecrire le regard. L&rsquo;esthétique de la Modernité en question </em></strong>(Paris, Hermann, 2010):</p>
<ul>
<li>Elizabeth Lavezzi, « <span lang="fr" xml:lang="fr">Arnaud Buchs, <em>Ecrire le regard. L&rsquo;esthétique de la modernité en question</em></span> », <em>Recherches sur Diderot et sur l&rsquo;Encyclopédie</em> [En ligne], 46 | 2011, mis en ligne le 14 novembre 2011. URL : <a href="https://rde.revues.org/4864" target="_blank" rel="noopener">https://rde.revues.org/4864</a></li>
<li>Ariane Lüthi, « Arnaud Buchs, <i>Écrire le regard </i>», <i>Hippocampe</i> 7 (2012), p. 165</li>
<li>Nicolas Valazza, « Arnaud Buchs, <i>Écrire le regard </i>», <em>The French Review</em> Vol. 85, No. 6, 2012, p.1162-1163. PDF<a href="https://people.unil.ch/arnaudbuchs/files/2021/10/Nicolas-Valazza-The-French-Review-no-85-2012.pdf" target="_blank" rel="noopener">Nicolas Valazza The French Review no 85 (2012)</a></li>
</ul>
<p><strong>A propos de <em>Une pensée en mouvement. Trois essais sur Yves Bonnefoy </em></strong>(Paris, Galilée, 2008):</p>
<ul>
<li>Ariane Lüthi, « Arnaud Buchs, <i>Une pensée en mouvement. Trois essais sur Yves Bonnefoy</i> », <i>RBL</i>, n°<i> </i>2-4/2009, p. 327s</li>
</ul>
<p><strong>A propos de <em>Yves Bonnefoy à l&rsquo;horizon du surréalisme</em></strong> (Paris, Galilée, 2005):</p>
<ul>
<li>Mathilde Vischer, « Entretien avec Arnaud Buchs », <em>Culturactif </em>février 2006, mis en ligne le 2 février 2006. URL : <a href="https://www.culturactif.ch/livredumois/fev06buchs.htm" target="_blank" rel="noopener">https://www.culturactif.ch/livredumois/fev06buchs.htm</a> PDF: <a href="https://www.culturactif.ch/livredumois/fev06buchs.pdf" target="_blank" rel="noopener">https://www.culturactif.ch/livredumois/fev06buchs.pdf</a></li>
<li>Judith Abensour, « Yves Bonnefoy ou l&rsquo;accomplissement contradictoire du surréalisme »,<span id="mla" class="blue_milk"> <i>Critique</i>, vol. 713, no. 10, 2006, pp. 850-856. PDF: <a href="https://www.fabula.org/revue/document1145.php" target="_blank" rel="noopener">https://www.fabula.org/revue/document1145.php</a><br />
</span></li>
<li>Ariane Lüthi, « Arnaud Buchs, <i>Yves Bonnefoy à l’horizon du surréalisme</i>, précédé de <i>Le Carrefour dans l’image</i>, par Yves Bonnefoy », <i>RBL</i>, n° 1-2/2007, p. 78-80.</li>
</ul>

<p>Cette page recense quelques comptes rendus de mes derniers ouvrages et indique, lorsque cela est possible, le lien ou le pdf de l&rsquo;article. A propos de Diderot et la peinture (Paris, Galilée, 2015): Paolo Quintili,  « Arnaud Buchs, Diderot et la peinture », Recherches sur Diderot et sur l&rsquo;Encyclopédie [En ligne], 51 | 2016, mis en ligne le 25 &hellip; </p>
<p class="link-more"><a href="https://people.unil.ch/arnaudbuchs/commentaire/" class="more-link">Continuer la lecture<span class="screen-reader-text"> de &laquo;&nbsp;Comptes rendus&nbsp;&raquo;</span></a></p>
