{"id":4,"date":"2014-09-29T10:19:42","date_gmt":"2014-09-29T08:19:42","guid":{"rendered":"http:\/\/people.unil.ch\/arnaudbuchs\/?page_id=4"},"modified":"2018-10-04T10:56:32","modified_gmt":"2018-10-04T08:56:32","slug":"accueil","status":"publish","type":"page","link":"https:\/\/people.unil.ch\/arnaudbuchs\/accueil\/","title":{"rendered":"A propos"},"content":{"rendered":"<p>Je suis actuellement Ma\u00eetre d&rsquo;enseignement et de recherche (type 1) \u00e0 l&rsquo;Universit\u00e9 de Lausanne, o\u00f9 j&rsquo;enseigne la langue et la litt\u00e9rature fran\u00e7aises au sein de l&rsquo;<a href=\"https:\/\/unil.ch\/fle\/home.html\" target=\"_blank\" rel=\"noopener\">Ecole de Fran\u00e7ais Langue Etrang\u00e8re<\/a> de la Facult\u00e9 des Lettres. Mon <a href=\"https:\/\/www.unil.ch\/fle\/home\/menuinst\/bienvenue-a-lefle\/enseignantes.html?url_params=-v_faculte=30-v_unite=80-v_personne=901606-v_publication=true-v_menu=ens-mode=fiche\" target=\"_blank\" rel=\"noopener\">enseignement<\/a> touche les cursus de Bachelor et de Master, et porte en particulier sur l&rsquo;histoire de la litt\u00e9rature, la relation litt\u00e9rature-culture et, pour le Master, sur l&rsquo;histoire de la critique universitaire.<\/p>\n<p>Soucieux de faire le lien entre le monde acad\u00e9mique et la cit\u00e9, j\u2019ai \u0153uvr\u00e9 comme pr\u00e9sident du premier \u00ab Cercle litt\u00e9raire \u00bb de la <a href=\"https:\/\/sje.ch\/index.php\/cercles\/cercle-litteraire\" target=\"_blank\" rel=\"noopener\">Soci\u00e9t\u00e9 jurassienne d\u2019Emulation<\/a> (2005 \u00e0 2006) ; j\u2019ai \u00e9galement pr\u00e9sid\u00e9 la Commission intercantonale de Litt\u00e9rature (CILI, Cantons de Berne et du Jura, 2009 \u00e0 2014) et particip\u00e9 pendant 10 ans au comit\u00e9 de r\u00e9daction de la <a href=\"https:\/\/www.larevuedebelleslettres.ch\/\" target=\"_blank\" rel=\"noopener\"><em>Revue de Belles-Lettres<\/em><\/a>.<\/p>\n<ul>\n<li><a href=\"https:\/\/applicationspub.unil.ch\/interpub\/noauth\/php\/Un\/UnPers.php?PerNum=901606&amp;LanCode=37\">Page Unisciences<\/a><\/li>\n<\/ul>\n","protected":false},"excerpt":{"rendered":"<p>Je suis actuellement Ma\u00eetre d&rsquo;enseignement et de recherche (type 1) \u00e0 l&rsquo;Universit\u00e9 de Lausanne, o\u00f9 j&rsquo;enseigne la langue et la litt\u00e9rature fran\u00e7aises au sein de l&rsquo;Ecole de Fran\u00e7ais Langue Etrang\u00e8re de la Facult\u00e9 des Lettres. Mon enseignement touche les cursus de Bachelor et de Master, et porte en particulier sur l&rsquo;histoire de la litt\u00e9rature, la &hellip; <\/p>\n<p class=\"link-more\"><a href=\"https:\/\/people.unil.ch\/arnaudbuchs\/accueil\/\" class=\"more-link\">Continuer la lecture<span class=\"screen-reader-text\"> de &laquo;&nbsp;A propos&nbsp;&raquo;<\/span><\/a><\/p>\n","protected":false},"author":1001005,"featured_media":0,"parent":0,"menu_order":1,"comment_status":"closed","ping_status":"closed","template":"","meta":{"_seopress_robots_primary_cat":"","_seopress_titles_title":"","_seopress_titles_desc":"","_seopress_robots_index":"","footnotes":""},"class_list":["post-4","page","type-page","status-publish"],"_links":{"self":[{"href":"https:\/\/people.unil.ch\/arnaudbuchs\/wp-json\/wp\/v2\/pages\/4","targetHints":{"allow":["GET"]}}],"collection":[{"href":"https:\/\/people.unil.ch\/arnaudbuchs\/wp-json\/wp\/v2\/pages"}],"about":[{"href":"https:\/\/people.unil.ch\/arnaudbuchs\/wp-json\/wp\/v2\/types\/page"}],"author":[{"embeddable":true,"href":"https:\/\/people.unil.ch\/arnaudbuchs\/wp-json\/wp\/v2\/users\/1001005"}],"replies":[{"embeddable":true,"href":"https:\/\/people.unil.ch\/arnaudbuchs\/wp-json\/wp\/v2\/comments?post=4"}],"version-history":[{"count":0,"href":"https:\/\/people.unil.ch\/arnaudbuchs\/wp-json\/wp\/v2\/pages\/4\/revisions"}],"wp:attachment":[{"href":"https:\/\/people.unil.ch\/arnaudbuchs\/wp-json\/wp\/v2\/media?parent=4"}],"curies":[{"name":"wp","href":"https:\/\/api.w.org\/{rel}","templated":true}]}}