{"id":198,"date":"2013-10-30T19:04:54","date_gmt":"2013-10-30T18:04:54","guid":{"rendered":"http:\/\/people.unil.ch\/cedriccramatte\/?page_id=198"},"modified":"2015-06-24T22:22:50","modified_gmt":"2015-06-24T20:22:50","slug":"videos","status":"publish","type":"page","link":"https:\/\/people.unil.ch\/cedriccramatte\/communications\/sciences-et-cites\/videos\/","title":{"rendered":"Vid\u00e9os"},"content":{"rendered":"<p><a href=\"https:\/\/www.patrimoine-pays-de-montbeliard.fr\/index.php?id=166\"><strong>Mandeure-Mathay, Histoire d&rsquo;un site<\/strong><\/a><br \/>\nVid\u00e9o r\u00e9alis\u00e9e en 2013 par\u00a0H\u00e9ritage virtuel en collaboration avec l&rsquo;UNIL (C. Cramatte).<br \/>\n<em>Production:<\/em> Pays de Montb\u00e9liard agglom\u00e9ration \u00a0 \u00a0<em>Dur\u00e9e:<\/em> 9&rsquo;23<br \/>\nDepuis une dizaine d\u2019ann\u00e9es, des arch\u00e9ologues venus de plusieurs universit\u00e9s fran\u00e7aises et suisse tentent de percer le myst\u00e8re du d\u00e9veloppement de la ville antique d\u2019<em>Epomanduodurum<\/em>, rivalisant avec sa capitale de cit\u00e9 par sa richesse et ses monuments. Laissez-vous guider pour un voyage dans le temps de la pr\u00e9histoire \u00e0 nos jour pour comprendre l\u2019\u00e9volution de ce petit territoire. Au cours de ce p\u00e9riple en 3D, vous prendrez part \u00e0 une procession, vous fl\u00e2nerez dans les quartiers artisanaux de la ville, prendrez une pause aux thermes ou encore participerez aux fouilles avec le Duc de Wurtemberg&#8230;<\/p>\n<p><strong><a href=\"https:\/\/podcast.unil.ch\/podcast\/unil\/hors_campus\/11_mandeure_0360.mp4\">UNIL hors campus: Les fouilles arch\u00e9ologique de Mandeure<\/a><\/strong><br \/>\nVid\u00e9o r\u00e9alis\u00e9e en 2010 par Fabrice Ducrest d&rsquo;UNICOM.<br \/>\nIl\u00a0r\u00e9v\u00e8le le quotidien d&rsquo;un chantier arch\u00e9ologique de l&rsquo;Institut d&rsquo;arch\u00e9ologie et des sciences de l&rsquo;Antiquit\u00e9. Cette fouille conduite par C\u00e9dric Cramatte (UNIL-IASA) a accueilli, entre le 28 juin et le 30 juillet 2010, 41 \u00e9tudiants des Universit\u00e9s de Besan\u00e7on, Lausanne, Paris-Sorbonne et Strasbourg. Les recherches se sont concentr\u00e9es sur un secteur du fortin tardo-antique de l&rsquo;antique <i>Epomanduodurum<\/i> (Mandeure, Doubs). Elles ont permis plusieurs d\u00e9couvertes exceptionnelles dont celle d&rsquo;un b\u00e2timent de grandes dimensions qui s&rsquo;est av\u00e9r\u00e9 \u00eatre une \u00e9glise pal\u00e9ochr\u00e9tienne, l&rsquo;une des premi\u00e8res de la r\u00e9gion. De nouvelles investigations cet \u00e9t\u00e9 permettront de d\u00e9gager l&rsquo;entier de ce monument et d&rsquo;en savoir davantage sur les d\u00e9buts du christianisme dans l&rsquo;Est de la France.<br \/>\nCe film s&rsquo;inscrit dans Unil hors campus, une s\u00e9rie originale au label UNIL avec les recherches, de leur passion. Une vocation p\u00e9dagogique interne \u00e0 l&rsquo;UNIL et externe vers les \u00e9coles, promotionnelle \u00e9galement vers des publics \u00e9largis.<\/p>\n","protected":false},"excerpt":{"rendered":"<p>Mandeure-Mathay, Histoire d&rsquo;un site Vid\u00e9o r\u00e9alis\u00e9e en 2013 par\u00a0H\u00e9ritage virtuel en collaboration avec l&rsquo;UNIL (C. Cramatte). Production: Pays de Montb\u00e9liard agglom\u00e9ration \u00a0 \u00a0Dur\u00e9e: 9&rsquo;23 Depuis une dizaine d\u2019ann\u00e9es, des arch\u00e9ologues venus de plusieurs universit\u00e9s fran\u00e7aises et suisse tentent de percer le myst\u00e8re du d\u00e9veloppement de la ville antique d\u2019Epomanduodurum, rivalisant avec sa capitale de cit\u00e9 &hellip; <\/p>\n<p class=\"link-more\"><a href=\"https:\/\/people.unil.ch\/cedriccramatte\/communications\/sciences-et-cites\/videos\/\" class=\"more-link\">Continuer la lecture<span class=\"screen-reader-text\"> de &laquo;&nbsp;Vid\u00e9os&nbsp;&raquo;<\/span><\/a><\/p>\n","protected":false},"author":42,"featured_media":0,"parent":149,"menu_order":2,"comment_status":"closed","ping_status":"closed","template":"","meta":{"_seopress_robots_primary_cat":"","_seopress_titles_title":"","_seopress_titles_desc":"","_seopress_robots_index":"","footnotes":""},"class_list":["post-198","page","type-page","status-publish"],"_links":{"self":[{"href":"https:\/\/people.unil.ch\/cedriccramatte\/wp-json\/wp\/v2\/pages\/198","targetHints":{"allow":["GET"]}}],"collection":[{"href":"https:\/\/people.unil.ch\/cedriccramatte\/wp-json\/wp\/v2\/pages"}],"about":[{"href":"https:\/\/people.unil.ch\/cedriccramatte\/wp-json\/wp\/v2\/types\/page"}],"author":[{"embeddable":true,"href":"https:\/\/people.unil.ch\/cedriccramatte\/wp-json\/wp\/v2\/users\/42"}],"replies":[{"embeddable":true,"href":"https:\/\/people.unil.ch\/cedriccramatte\/wp-json\/wp\/v2\/comments?post=198"}],"version-history":[{"count":0,"href":"https:\/\/people.unil.ch\/cedriccramatte\/wp-json\/wp\/v2\/pages\/198\/revisions"}],"up":[{"embeddable":true,"href":"https:\/\/people.unil.ch\/cedriccramatte\/wp-json\/wp\/v2\/pages\/149"}],"wp:attachment":[{"href":"https:\/\/people.unil.ch\/cedriccramatte\/wp-json\/wp\/v2\/media?parent=198"}],"curies":[{"name":"wp","href":"https:\/\/api.w.org\/{rel}","templated":true}]}}