{"id":202,"date":"2013-10-30T19:12:00","date_gmt":"2013-10-30T18:12:00","guid":{"rendered":"http:\/\/people.unil.ch\/cedriccramatte\/?page_id=202"},"modified":"2025-03-06T16:48:56","modified_gmt":"2025-03-06T15:48:56","slug":"presse-ecrite","status":"publish","type":"page","link":"https:\/\/people.unil.ch\/cedriccramatte\/presse\/presse-ecrite\/","title":{"rendered":"Presse \u00e9crite"},"content":{"rendered":"<h1>Articles de presse<\/h1>\n<h2>Ville romaine de <em>Viviscus<\/em><\/h2>\n<p><a href=\"https:\/\/www.unil.ch\/files\/live\/sites\/iasa\/files\/Article_Riviera_Chablais.pdf\">\u00ab\u00a0Prochain arr\u00eat Vibiscus. D\u00e9clarez vos glaives\u00a0\u00bb<\/a>, Riviera Chablais Hebdo, 187,\u00a0 22-28 janvier 2025, p. 3.<\/p>\n<h2>Projet Paysages Vevey (Plateforme Paysage, UNIL)<\/h2>\n<p><a href=\"https:\/\/wp.unil.ch\/uniscope\/vevey-au-fil-des-images\/\">\u00ab\u00a0Vevey au fil des images\u00a0\u00bb<\/a>, Uniscope, 11 novembre 2024.<\/p>\n<h2>Th\u00e8se de doctorat sur les fibules cruciformes<\/h2>\n<p><a href=\"https:\/\/www.unil.ch\/iasa\/files\/live\/sites\/iasa\/files\/shared\/01_Section\/Revue_de_presse\/2019\/Pages%20de%20647.pdf\">\u00ab\u00a0Les secrets des fibules cruciformes\u00a0\u00bb<\/a>, Uniscope, 647, 30 septembre-27 octobre 2019, p. 14.<br \/>\n<a href=\"https:\/\/www.unil.ch\/iasa\/files\/live\/sites\/iasa\/files\/shared\/01_Section\/Revue_de_presse\/2019\/Uniscope_645.jpeg\">\u00ab\u00a0Terra academia : Connaissez-vous les fibules cruciformes?\u00a0\u00bb<\/a>, Uniscope, 645, 17 juin-1er septembre 2019, p. 3.<\/p>\n<h2>Fouilles arch\u00e9ologiques de Lamb\u00e8se (Alg\u00e9rie)<\/h2>\n<p><a href=\"https:\/\/www.unil.ch\/iasa\/files\/live\/sites\/iasa\/files\/shared\/01_Section\/Revue_de_presse\/2020\/Allez%20Savoir%2075%2c%20septembre%202020%2c%20pp.10-11.pdf\">\u00ab\u00a0Tr\u00e9sors de l&rsquo;Alg\u00e9rie romaine\u00a0\u00bb<\/a>, Allez Savoir, 75, septembre 2019.<\/p>\n<h2>Fouilles arch\u00e9ologiques de Mandeure (Doubs, France)<\/h2>\n<p><a href=\"https:\/\/www.unil.ch\/webdav\/site\/iasa\/shared\/Revue_de_presse\/6.Allez_Savoir.pdf\">\u00ab\u00a0Les arch\u00e9ologues sont dans le pr\u00e9\u00a0\u00bb<\/a>, Allez Savoir, 52, septembre 2012.<br \/>\n<a href=\"https:\/\/www.unil.ch\/webdav\/site\/iasa\/shared\/Revue_de_presse\/5.Est_Republicain.pdf\">\u00ab\u00a0Les myst\u00e8res de l&rsquo;ancienne \u00e9glise\u00a0\u00bb<\/a>, L&rsquo;Est R\u00e9publicain, jeudi 23 ao\u00fbt 2012.<br \/>\n<a href=\"https:\/\/www.unil.ch\/webdav\/site\/iasa\/shared\/Revue_de_presse\/3.Le_Pays.pdf\">\u00ab\u00a0Mandeure, saint-si\u00e8ge d&rsquo;un \u00e9v\u00eaque \u00e0 l&rsquo;aube de l&rsquo;\u00e8re chr\u00e9tienne\u00a0\u00bb<\/a>, Le Pays, mardi 14 ao\u00fbt 2012.<br \/>\n<a href=\"https:\/\/www.unil.ch\/webdav\/site\/iasa\/shared\/Revue_de_presse\/4.Le_Quotidien_Jurassien.pdf\">\u00ab\u00a0Des Jurassiens montrent leurs travaux \u00e0 Mandeure\u00a0\u00bb<\/a>. <em>Le Quotidien Jurassien<\/em>, samedi 18 ao\u00fbt 2012.<br \/>\n<a href=\"https:\/\/www.unil.ch\/webdav\/site\/iasa\/shared\/Revue_de_presse\/24Heures_09-11-2011.pdfhttps:\/\/\" target=\"_blank\" rel=\"noopener noreferrer\">\u00ab\u00a0Des Vaudois d\u00e9couvrent une cath\u00e9drale inconnue\u00a0\u00bb<\/a>. <em>24heures<\/em>, mercredi 9 novembre 2011.<br \/>\n<a href=\"https:\/\/www.unil.ch\/webdav\/site\/iasa\/shared\/Revue_de_presse\/Le_Quotidien_Jurassien_02-11-2011.pdf\" target=\"_blank\" rel=\"noopener noreferrer\">\u00ab\u00a0Avec 15 000 euros, un chercheur ajoulot d\u00e9couvre et fouille une \u00e9glise romaine\u00a0\u00bb<\/a>. Le Quotidien jurassien, mercredi 2 novembre 2011.<br \/>\n<a href=\"https:\/\/www.unil.ch\/webdav\/site\/iasa\/shared\/Revue_de_presse\/En_direct_238_2011.pdf\" target=\"_blank\" rel=\"noopener noreferrer\">\u00ab\u00a0Une \u00e9glise pal\u00e9ochr\u00e9tienne d\u00e9gag\u00e9e \u00e0 Mandeure\u00a0\u00bb<\/a>. <em>En Direct, le journal de la recherche et du transfert de l&rsquo;Arc jurassien<\/em>, 238, septembre-octobre 2011.<br \/>\n<a href=\"https:\/\/www.unil.ch\/webdav\/site\/iasa\/shared\/Revue_de_presse\/Le_Pays_17-09-2011.pdfhttps:\/\/\" target=\"_blank\" rel=\"noopener noreferrer\">\u00ab\u00a0Mandeure. Les vestiges d&rsquo;une basilique du Ve si\u00e8cle mis au jour\u00a0\u00bb<\/a>, <em>Le Pays<\/em>, samedi 17 septembre 2011.\u00a0\u00bbL\u00e0 o\u00f9 la terre d\u00e9voile des tr\u00e9sors\u00a0\u00bb, L&rsquo;Uniscope, 566, septembre 2011<br \/>\n<a href=\"https:\/\/www.unil.ch\/webdav\/site\/iasa\/shared\/Revue_de_presse\/L_Est_republicain_17-09-2011.pdf\" target=\"_blank\" rel=\"noopener noreferrer\">\u00ab\u00a0V\u00e9n\u00e9rables ruines\u00a0\u00bb<\/a>.<em> L&rsquo;Est R\u00e9publicain<\/em>, samedi 17 septembre 2011.<\/p>\n<h2>Fouilles arch\u00e9ologiques de Vicques (Jura)<\/h2>\n<p>\u00ab\u00a0Un pavillon pour mieux r\u00e9v\u00e9ler la villa romaine\u00a0\u00bb, <em>Le Quotidien Jurassien<\/em>, 7 d\u00e9cembre 2009.<\/p>\n<p><a href=\"https:\/\/people.unil.ch\/cedriccramatte\/files\/2013\/09\/Vicques.jpg\"><img loading=\"lazy\" decoding=\"async\" src=\"https:\/\/people.unil.ch\/cedriccramatte\/files\/2013\/09\/Vicques-150x150.jpg\" alt=\"Vicques\" width=\"150\" height=\"150\" \/><\/a><\/p>\n<h2>Fouilles arch\u00e9ologiques de Porrentruy (Jura)<\/h2>\n<p>\u00ab\u00a0Un important domaine agricole gallo-romain mis au jour \u00e0 Porrentruy\u00a0\u00bb, Le Quotidien Jurassien, mercredi 5 novembre 2008.<\/p>\n<p><a href=\"https:\/\/people.unil.ch\/cedriccramatte\/files\/2013\/09\/Porrentruy.jpg\"><img loading=\"lazy\" decoding=\"async\" src=\"https:\/\/people.unil.ch\/cedriccramatte\/files\/2013\/09\/Porrentruy-150x150.jpg\" alt=\"Porrentruy\" width=\"150\" height=\"150\" \/><\/a><\/p>\n<h2>Fouilles arch\u00e9ologiques d&rsquo;Yverdon (Vaud)<\/h2>\n<p><a href=\"https:\/\/www.unil.ch\/iasa\/files\/live\/sites\/iasa\/files\/shared\/01_Section\/Revue_de_presse\/Auditoireoct.pdf\" target=\"_blank\" rel=\"noopener noreferrer\">\u00ab\u00a0Chantier-\u00e9cole: quand l&rsquo;enseignement sort des murs de l&rsquo;universit\u00e9\u00a0\u00bb<\/a>, <em>L&rsquo;Auditoire<\/em>, 180, octobre 2007.<br \/>\n<a href=\"https:\/\/www.unil.ch\/webdav\/site\/iasa\/shared\/Revue_de_presse\/24heures_23.07.2207.pdf\">\u00ab\u00a0Deux squelettes de nourrissons vieux de deux mille ans dans le parc Piguet\u00a0\u00bb<\/a>, 24heures, lundi 23 juillet 2007.<\/p>\n<h2>Portrait<\/h2>\n<p>\u00ab\u00a0Explorer le lointain pass\u00e9\u00a0\u00bb, <a href=\"https:\/\/www.unil.ch\/webdav\/site\/central\/shared\/docs\/rapport_12.pdf\">Rapport annuel 2012 de l&rsquo;Universit\u00e9 de Lausanne<\/a> avec pour th\u00e8me \u00ab\u00a0Viser la r\u00e9ussite\u00a0\u00bb, p. 24.<br \/>\n\u00ab\u00a0L&rsquo;homme du jour\u00a0\u00bb. Le Quotidien Jurassien, mercredi 2 novembre 2011.<\/p>\n<p><a href=\"https:\/\/people.unil.ch\/cedriccramatte\/files\/2013\/09\/LQJ_J_21.jpg\"><img loading=\"lazy\" decoding=\"async\" src=\"https:\/\/people.unil.ch\/cedriccramatte\/files\/2013\/09\/LQJ_J_21-150x150.jpg\" alt=\"L'homme du jour\" width=\"150\" height=\"150\" \/><\/a><\/p>\n<h2>Base de donn\u00e9es images Tiresias et Palmyre<\/h2>\n<p><a href=\"https:\/\/www.unil.ch\/iasa\/files\/live\/sites\/iasa\/files\/shared\/01_Section\/Revue_de_presse\/Allez_savoir_2016_Palmyre.pdf\">\u00ab\u00a0Palmyre, des images contre le n\u00e9ant\u00a0\u00bb<\/a>, Allez Savoir, 62, janvier 2016, p. 10-11.<\/p>\n<h2>Divers<\/h2>\n<p><a title=\"Bacchus\" href=\"https:\/\/www.hebdo.ch\/bacchus_a_bien_seacuteduit_nos_ancecirctres_16077_.html\">\u00ab\u00a0Bacchus a bien s\u00e9duit nos anc\u00eatres\u00a0\u00bb<\/a>, L&rsquo;Hebdo, jeudi 7 ao\u00fbt 2003.<\/p>\n","protected":false},"excerpt":{"rendered":"<p>Articles de presse Ville romaine de Viviscus \u00ab\u00a0Prochain arr\u00eat Vibiscus. D\u00e9clarez vos glaives\u00a0\u00bb, Riviera Chablais Hebdo, 187,\u00a0 22-28 janvier 2025, p. 3. Projet Paysages Vevey (Plateforme Paysage, UNIL) \u00ab\u00a0Vevey au fil des images\u00a0\u00bb, Uniscope, 11 novembre 2024. Th\u00e8se de doctorat sur les fibules cruciformes \u00ab\u00a0Les secrets des fibules cruciformes\u00a0\u00bb, Uniscope, 647, 30 septembre-27 octobre 2019, &hellip; <\/p>\n<p class=\"link-more\"><a href=\"https:\/\/people.unil.ch\/cedriccramatte\/presse\/presse-ecrite\/\" class=\"more-link\">Continuer la lecture<span class=\"screen-reader-text\"> de &laquo;&nbsp;Presse \u00e9crite&nbsp;&raquo;<\/span><\/a><\/p>\n","protected":false},"author":42,"featured_media":0,"parent":6,"menu_order":0,"comment_status":"closed","ping_status":"closed","template":"","meta":{"_seopress_robots_primary_cat":"","_seopress_titles_title":"","_seopress_titles_desc":"","_seopress_robots_index":"","footnotes":""},"class_list":["post-202","page","type-page","status-publish"],"_links":{"self":[{"href":"https:\/\/people.unil.ch\/cedriccramatte\/wp-json\/wp\/v2\/pages\/202","targetHints":{"allow":["GET"]}}],"collection":[{"href":"https:\/\/people.unil.ch\/cedriccramatte\/wp-json\/wp\/v2\/pages"}],"about":[{"href":"https:\/\/people.unil.ch\/cedriccramatte\/wp-json\/wp\/v2\/types\/page"}],"author":[{"embeddable":true,"href":"https:\/\/people.unil.ch\/cedriccramatte\/wp-json\/wp\/v2\/users\/42"}],"replies":[{"embeddable":true,"href":"https:\/\/people.unil.ch\/cedriccramatte\/wp-json\/wp\/v2\/comments?post=202"}],"version-history":[{"count":5,"href":"https:\/\/people.unil.ch\/cedriccramatte\/wp-json\/wp\/v2\/pages\/202\/revisions"}],"predecessor-version":[{"id":555,"href":"https:\/\/people.unil.ch\/cedriccramatte\/wp-json\/wp\/v2\/pages\/202\/revisions\/555"}],"up":[{"embeddable":true,"href":"https:\/\/people.unil.ch\/cedriccramatte\/wp-json\/wp\/v2\/pages\/6"}],"wp:attachment":[{"href":"https:\/\/people.unil.ch\/cedriccramatte\/wp-json\/wp\/v2\/media?parent=202"}],"curies":[{"name":"wp","href":"https:\/\/api.w.org\/{rel}","templated":true}]}}