{"id":210,"date":"2013-10-30T19:36:58","date_gmt":"2013-10-30T18:36:58","guid":{"rendered":"http:\/\/people.unil.ch\/cedriccramatte\/?page_id=210"},"modified":"2013-11-21T00:29:50","modified_gmt":"2013-11-20T23:29:50","slug":"journees-portes-ouvertes","status":"publish","type":"page","link":"https:\/\/people.unil.ch\/cedriccramatte\/communications\/sciences-et-cites\/journees-portes-ouvertes\/","title":{"rendered":"Visites guid\u00e9es des fouilles"},"content":{"rendered":"<p>Dans le cadre du projet de recherche sur le <em>castrum<\/em> de Mandeure, mes collaborateurs et moi avons toujours accord\u00e9 une place pr\u00e9pond\u00e9rante \u00e0 la communication de nos r\u00e9sultats de fouilles au grand public. Entre 2010 et 2013, nous avons organis\u00e9 des visites hebdomadaires des chantiers de fouille en collaboration \u00e9troite avec le Service animation du Patrimoine du Pays de Montb\u00e9liard Agglom\u00e9ration (PMA).<\/p>\n<p>Les fouilles arch\u00e9ologiques de la forteresse tardo-antique de Mandeure ont \u00e9galement re\u00e7u \u00e0 plusieurs occasions \u00a0des classes de coll\u00e8ges ou de lyc\u00e9es dont:<br \/>\n&#8211; <a title=\"Coll\u00e8ge Saint Joseph, Levier\" href=\"https:\/\/www.yasni.info\/ext.php?url=http%3A%2F%2Fwww.college-ecole-prives-levier.fr%2Factualite-les-eleves-de-5e-sur-les-traces-gallo-romaines-de-mandeure%2C62.html&amp;name=C%C3%A9dric+Cramatte&amp;showads=1&amp;lc=fr-fr&amp;lg=fr&amp;rg=fr&amp;rip=ch\">les classes de 5e du Coll\u00e8ge Saint Joseph de Levier<\/a> (24.09.2012)<\/p>\n","protected":false},"excerpt":{"rendered":"<p>Dans le cadre du projet de recherche sur le castrum de Mandeure, mes collaborateurs et moi avons toujours accord\u00e9 une place pr\u00e9pond\u00e9rante \u00e0 la communication de nos r\u00e9sultats de fouilles au grand public. Entre 2010 et 2013, nous avons organis\u00e9 des visites hebdomadaires des chantiers de fouille en collaboration \u00e9troite avec le Service animation du &hellip; <\/p>\n<p class=\"link-more\"><a href=\"https:\/\/people.unil.ch\/cedriccramatte\/communications\/sciences-et-cites\/journees-portes-ouvertes\/\" class=\"more-link\">Continuer la lecture<span class=\"screen-reader-text\"> de &laquo;&nbsp;Visites guid\u00e9es des fouilles&nbsp;&raquo;<\/span><\/a><\/p>\n","protected":false},"author":42,"featured_media":0,"parent":149,"menu_order":0,"comment_status":"closed","ping_status":"closed","template":"","meta":{"_seopress_robots_primary_cat":"","_seopress_titles_title":"","_seopress_titles_desc":"","_seopress_robots_index":"","footnotes":""},"class_list":["post-210","page","type-page","status-publish"],"_links":{"self":[{"href":"https:\/\/people.unil.ch\/cedriccramatte\/wp-json\/wp\/v2\/pages\/210","targetHints":{"allow":["GET"]}}],"collection":[{"href":"https:\/\/people.unil.ch\/cedriccramatte\/wp-json\/wp\/v2\/pages"}],"about":[{"href":"https:\/\/people.unil.ch\/cedriccramatte\/wp-json\/wp\/v2\/types\/page"}],"author":[{"embeddable":true,"href":"https:\/\/people.unil.ch\/cedriccramatte\/wp-json\/wp\/v2\/users\/42"}],"replies":[{"embeddable":true,"href":"https:\/\/people.unil.ch\/cedriccramatte\/wp-json\/wp\/v2\/comments?post=210"}],"version-history":[{"count":0,"href":"https:\/\/people.unil.ch\/cedriccramatte\/wp-json\/wp\/v2\/pages\/210\/revisions"}],"up":[{"embeddable":true,"href":"https:\/\/people.unil.ch\/cedriccramatte\/wp-json\/wp\/v2\/pages\/149"}],"wp:attachment":[{"href":"https:\/\/people.unil.ch\/cedriccramatte\/wp-json\/wp\/v2\/media?parent=210"}],"curies":[{"name":"wp","href":"https:\/\/api.w.org\/{rel}","templated":true}]}}