{"id":226,"date":"2013-10-31T19:30:30","date_gmt":"2013-10-31T18:30:30","guid":{"rendered":"http:\/\/people.unil.ch\/cedriccramatte\/?page_id=226"},"modified":"2025-11-11T16:39:17","modified_gmt":"2025-11-11T15:39:17","slug":"accueil","status":"publish","type":"page","link":"https:\/\/people.unil.ch\/cedriccramatte\/","title":{"rendered":"Accueil"},"content":{"rendered":"\n<div class=\"wp-block-group is-content-justification-right is-nowrap is-layout-flex wp-container-core-group-is-layout-fd526d70 wp-block-group-is-layout-flex\"><\/div>\n\n\n\n<figure class=\"wp-block-image size-large\"><a href=\"https:\/\/people.unil.ch\/cedriccramatte\/files\/2025\/03\/img20230804123840-1.jpg\"><img alt=\"img20230804123840\" loading=\"lazy\" decoding=\"async\" width=\"1024\" height=\"1024\" src=\"https:\/\/people.unil.ch\/cedriccramatte\/files\/2025\/03\/img20230804123840-1-1024x1024.jpg\" alt=\"\" class=\"wp-image-599\" srcset=\"https:\/\/people.unil.ch\/cedriccramatte\/files\/2025\/03\/img20230804123840-1-1024x1024.jpg 1024w, https:\/\/people.unil.ch\/cedriccramatte\/files\/2025\/03\/img20230804123840-1-300x300.jpg 300w, https:\/\/people.unil.ch\/cedriccramatte\/files\/2025\/03\/img20230804123840-1-150x150.jpg 150w, https:\/\/people.unil.ch\/cedriccramatte\/files\/2025\/03\/img20230804123840-1-768x768.jpg 768w, https:\/\/people.unil.ch\/cedriccramatte\/files\/2025\/03\/img20230804123840-1-100x100.jpg 100w, https:\/\/people.unil.ch\/cedriccramatte\/files\/2025\/03\/img20230804123840-1.jpg 1200w\" sizes=\"auto, (max-width: 767px) 89vw, (max-width: 1000px) 54vw, (max-width: 1071px) 543px, 580px\" \/><\/a><figcaption class=\"wp-element-caption\">@ Projet ALTER.<\/figcaption><\/figure>\n\n\n\n<p>Pendant plusieurs ann\u00e9es, j\u2019ai dirig\u00e9e des fouilles arch\u00e9ologiques sur le <em>castrum<\/em> tardo-antique d\u2019<em>Epomanduodurum<\/em>, aujourd\u2019hui Mandeure (Doubs, France). Ces investigations majeures ont r\u00e9v\u00e9l\u00e9 une vaste basilique pal\u00e9ochr\u00e9tienne datant de la fin du IVe si\u00e8cle, comptant parmi les plus anciennes connues en France.<br><br>Mon int\u00e9r\u00eat pour la fin de l\u2019Empire romain m\u2019a conduit \u00e0 orienter mes travaux sur les fibules cruciformes (<em>Zwiebelknopffibeln<\/em>), artefacts embl\u00e9matiques de cette \u00e9poque. Port\u00e9es initialement par les militaires et fonctionnaires imp\u00e9riaux, elles deviennent ensuite l\u2019apanage des dignitaires. Mon \u00e9tude, englobant l\u2019ensemble de l\u2019<em>Imperium romanum<\/em>, vise \u00e0 \u00e9tablir une analyse socio-culturelle exhaustive et \u00e0 proposer une typologie in\u00e9dite applicable \u00e0 toutes les provinces romaines. \u00c0 ce jour, mon inventaire, encore en cours, d\u00e9nombre plus de 3 500 exemplaires.<\/p>\n\n\n\n<p>Par ailleurs, je pilote la banque d\u2019images Tir\u00e9sias, qui, avec plus de 100&rsquo;000 entr\u00e9es, se classe parmi les bases de donn\u00e9es arch\u00e9ologiques les plus riches d\u2019Europe.<br>Je codirige \u00e9galement d\u2019autres initiatives d\u2019envergure, comme \u00ab Paysages Vevey \u00bb, un projet explorant l\u2019\u00e9volution urbaine de Vevey et de ses environs \u00e0 travers la photographie. Enfin, une bourse \u00ab seed-funding \u00bb r\u00e9cemment obtenue m\u2019a permis de lancer une \u00e9tude arch\u00e9ologique et historique sur l\u2019usage de la pierre ollaire dans le Val d\u2019Anniviers, en collaboration avec le professeur honoraire Hans-Rudolf Pfeifer.<\/p>\n","protected":false},"excerpt":{"rendered":"<p>Pendant plusieurs ann\u00e9es, j\u2019ai dirig\u00e9e des fouilles arch\u00e9ologiques sur le castrum tardo-antique d\u2019Epomanduodurum, aujourd\u2019hui Mandeure (Doubs, France). Ces investigations majeures ont r\u00e9v\u00e9l\u00e9 une vaste basilique pal\u00e9ochr\u00e9tienne datant de la fin du IVe si\u00e8cle, comptant parmi les plus anciennes connues en France. Mon int\u00e9r\u00eat pour la fin de l\u2019Empire romain m\u2019a conduit \u00e0 orienter mes travaux &hellip; <\/p>\n<p class=\"link-more\"><a href=\"https:\/\/people.unil.ch\/cedriccramatte\/\" class=\"more-link\">Continuer la lecture<span class=\"screen-reader-text\"> de &laquo;&nbsp;Accueil&nbsp;&raquo;<\/span><\/a><\/p>\n","protected":false},"author":42,"featured_media":0,"parent":0,"menu_order":0,"comment_status":"closed","ping_status":"closed","template":"","meta":{"_seopress_robots_primary_cat":"","_seopress_titles_title":"","_seopress_titles_desc":"","_seopress_robots_index":"","footnotes":""},"class_list":["post-226","page","type-page","status-publish"],"_links":{"self":[{"href":"https:\/\/people.unil.ch\/cedriccramatte\/wp-json\/wp\/v2\/pages\/226","targetHints":{"allow":["GET"]}}],"collection":[{"href":"https:\/\/people.unil.ch\/cedriccramatte\/wp-json\/wp\/v2\/pages"}],"about":[{"href":"https:\/\/people.unil.ch\/cedriccramatte\/wp-json\/wp\/v2\/types\/page"}],"author":[{"embeddable":true,"href":"https:\/\/people.unil.ch\/cedriccramatte\/wp-json\/wp\/v2\/users\/42"}],"replies":[{"embeddable":true,"href":"https:\/\/people.unil.ch\/cedriccramatte\/wp-json\/wp\/v2\/comments?post=226"}],"version-history":[{"count":5,"href":"https:\/\/people.unil.ch\/cedriccramatte\/wp-json\/wp\/v2\/pages\/226\/revisions"}],"predecessor-version":[{"id":657,"href":"https:\/\/people.unil.ch\/cedriccramatte\/wp-json\/wp\/v2\/pages\/226\/revisions\/657"}],"wp:attachment":[{"href":"https:\/\/people.unil.ch\/cedriccramatte\/wp-json\/wp\/v2\/media?parent=226"}],"curies":[{"name":"wp","href":"https:\/\/api.w.org\/{rel}","templated":true}]}}