{"id":243,"date":"2013-11-11T12:34:00","date_gmt":"2013-11-11T11:34:00","guid":{"rendered":"http:\/\/people.unil.ch\/cedriccramatte\/?page_id=243"},"modified":"2025-03-18T14:54:38","modified_gmt":"2025-03-18T13:54:38","slug":"prospections-au-sol","status":"publish","type":"page","link":"https:\/\/people.unil.ch\/cedriccramatte\/parcours-professionnel\/prospections-au-sol\/","title":{"rendered":"Prospections au sol"},"content":{"rendered":"<p>J&rsquo;ai men\u00e9 diverses prospections p\u00e9destres dans les cantons de Vaud et du Jura, d\u00e9couvrant des sites s&rsquo;\u00e9chelonnant entre le Pal\u00e9olithique moyen (Moust\u00e9rien) et le Moyen \u00c2ge. L&rsquo;un d&rsquo;eux est pr\u00e9sent\u00e9 ici :<\/p>\n<p><strong>Village m\u00e9di\u00e9val de Buratte (Bure, Suisse) d\u00e9couvert en 1993.<br \/><\/strong><span style=\"font-size: revert\">Ce village d\u00e9truit dans le courant du mois d&rsquo;ao\u00fbt 1474 par Etienne de Hagenbach n&rsquo;avait jusqu&rsquo;\u00e0 sa red\u00e9couverte en 1993 fait l&rsquo;objet d&rsquo;aucune reconnaissance arch\u00e9ologique. En 1995, une photographie a\u00e9rienne r\u00e9v\u00e8le ce qui pourrait \u00eatre l&rsquo;une des rues de ce village. Les zones sombres, riches en mobilier arch\u00e9ologique, doivent \u00e0 des constructions qui ont br\u00fbl\u00e9es en 1474.<\/span><\/p>\n\n\n<figure class=\"wp-block-image size-large\"><a href=\"https:\/\/people.unil.ch\/cedriccramatte\/files\/2025\/03\/55169163.jpg\"><img loading=\"lazy\" decoding=\"async\" width=\"1024\" height=\"665\" src=\"https:\/\/people.unil.ch\/cedriccramatte\/files\/2025\/03\/55169163-1024x665.jpg\" alt=\"55169163\" class=\"wp-image-603\" srcset=\"https:\/\/people.unil.ch\/cedriccramatte\/files\/2025\/03\/55169163-1024x665.jpg 1024w, https:\/\/people.unil.ch\/cedriccramatte\/files\/2025\/03\/55169163-300x195.jpg 300w, https:\/\/people.unil.ch\/cedriccramatte\/files\/2025\/03\/55169163-768x499.jpg 768w, https:\/\/people.unil.ch\/cedriccramatte\/files\/2025\/03\/55169163-1536x997.jpg 1536w, https:\/\/people.unil.ch\/cedriccramatte\/files\/2025\/03\/55169163.jpg 1848w\" sizes=\"auto, (max-width: 767px) 89vw, (max-width: 1000px) 54vw, (max-width: 1071px) 543px, 580px\" \/><\/a><figcaption class=\"wp-element-caption\">Bure (Jura). Parcelles occup\u00e9es par le village m\u00e9di\u00e9val. Photo: Fran\u00e7ois Schifferdecker, 1995.<\/figcaption><\/figure>\n\n\n\n<p><\/p>\n","protected":false},"excerpt":{"rendered":"<p>J&rsquo;ai men\u00e9 diverses prospections p\u00e9destres dans les cantons de Vaud et du Jura, d\u00e9couvrant des sites s&rsquo;\u00e9chelonnant entre le Pal\u00e9olithique moyen (Moust\u00e9rien) et le Moyen \u00c2ge. L&rsquo;un d&rsquo;eux est pr\u00e9sent\u00e9 ici : Village m\u00e9di\u00e9val de Buratte (Bure, Suisse) d\u00e9couvert en 1993.Ce village d\u00e9truit dans le courant du mois d&rsquo;ao\u00fbt 1474 par Etienne de Hagenbach n&rsquo;avait &hellip; <\/p>\n<p class=\"link-more\"><a href=\"https:\/\/people.unil.ch\/cedriccramatte\/parcours-professionnel\/prospections-au-sol\/\" class=\"more-link\">Continuer la lecture<span class=\"screen-reader-text\"> de &laquo;&nbsp;Prospections au sol&nbsp;&raquo;<\/span><\/a><\/p>\n","protected":false},"author":42,"featured_media":0,"parent":23,"menu_order":5,"comment_status":"closed","ping_status":"closed","template":"","meta":{"_seopress_robots_primary_cat":"","_seopress_titles_title":"","_seopress_titles_desc":"","_seopress_robots_index":"","footnotes":""},"class_list":["post-243","page","type-page","status-publish"],"_links":{"self":[{"href":"https:\/\/people.unil.ch\/cedriccramatte\/wp-json\/wp\/v2\/pages\/243","targetHints":{"allow":["GET"]}}],"collection":[{"href":"https:\/\/people.unil.ch\/cedriccramatte\/wp-json\/wp\/v2\/pages"}],"about":[{"href":"https:\/\/people.unil.ch\/cedriccramatte\/wp-json\/wp\/v2\/types\/page"}],"author":[{"embeddable":true,"href":"https:\/\/people.unil.ch\/cedriccramatte\/wp-json\/wp\/v2\/users\/42"}],"replies":[{"embeddable":true,"href":"https:\/\/people.unil.ch\/cedriccramatte\/wp-json\/wp\/v2\/comments?post=243"}],"version-history":[{"count":3,"href":"https:\/\/people.unil.ch\/cedriccramatte\/wp-json\/wp\/v2\/pages\/243\/revisions"}],"predecessor-version":[{"id":605,"href":"https:\/\/people.unil.ch\/cedriccramatte\/wp-json\/wp\/v2\/pages\/243\/revisions\/605"}],"up":[{"embeddable":true,"href":"https:\/\/people.unil.ch\/cedriccramatte\/wp-json\/wp\/v2\/pages\/23"}],"wp:attachment":[{"href":"https:\/\/people.unil.ch\/cedriccramatte\/wp-json\/wp\/v2\/media?parent=243"}],"curies":[{"name":"wp","href":"https:\/\/api.w.org\/{rel}","templated":true}]}}

<p>J&rsquo;ai mené diverses prospections pédestres dans les cantons de Vaud et du Jura, découvrant des sites s&rsquo;échelonnant entre le Paléolithique moyen (Moustérien) et le Moyen Âge. L&rsquo;un d&rsquo;eux est présenté ici :</p>
<p><strong>Village médiéval de Buratte (Bure, Suisse) découvert en 1993.<br /></strong><span style="font-size: revert">Ce village détruit dans le courant du mois d&rsquo;août 1474 par Etienne de Hagenbach n&rsquo;avait jusqu&rsquo;à sa redécouverte en 1993 fait l&rsquo;objet d&rsquo;aucune reconnaissance archéologique. En 1995, une photographie aérienne révèle ce qui pourrait être l&rsquo;une des rues de ce village. Les zones sombres, riches en mobilier archéologique, doivent à des constructions qui ont brûlées en 1474.</span></p>


<figure class="wp-block-image size-large"><a href="https://people.unil.ch/cedriccramatte/files/2025/03/55169163.jpg"><img loading="lazy" decoding="async" width="1024" height="665" src="https://people.unil.ch/cedriccramatte/files/2025/03/55169163-1024x665.jpg" alt="55169163" class="wp-image-603" srcset="https://people.unil.ch/cedriccramatte/files/2025/03/55169163-1024x665.jpg 1024w, https://people.unil.ch/cedriccramatte/files/2025/03/55169163-300x195.jpg 300w, https://people.unil.ch/cedriccramatte/files/2025/03/55169163-768x499.jpg 768w, https://people.unil.ch/cedriccramatte/files/2025/03/55169163-1536x997.jpg 1536w, https://people.unil.ch/cedriccramatte/files/2025/03/55169163.jpg 1848w" sizes="auto, (max-width: 767px) 89vw, (max-width: 1000px) 54vw, (max-width: 1071px) 543px, 580px" /></a><figcaption class="wp-element-caption">Bure (Jura). Parcelles occupées par le village médiéval. Photo: François Schifferdecker, 1995.</figcaption></figure>



<p></p>

<p>J&rsquo;ai mené diverses prospections pédestres dans les cantons de Vaud et du Jura, découvrant des sites s&rsquo;échelonnant entre le Paléolithique moyen (Moustérien) et le Moyen Âge. L&rsquo;un d&rsquo;eux est présenté ici : Village médiéval de Buratte (Bure, Suisse) découvert en 1993.Ce village détruit dans le courant du mois d&rsquo;août 1474 par Etienne de Hagenbach n&rsquo;avait &hellip; </p>
<p class="link-more"><a href="https://people.unil.ch/cedriccramatte/parcours-professionnel/prospections-au-sol/" class="more-link">Continuer la lecture<span class="screen-reader-text"> de &laquo;&nbsp;Prospections au sol&nbsp;&raquo;</span></a></p>
