{"id":560,"date":"2025-03-18T14:15:29","date_gmt":"2025-03-18T13:15:29","guid":{"rendered":"https:\/\/people.unil.ch\/cedriccramatte\/?page_id=560"},"modified":"2025-03-18T14:20:21","modified_gmt":"2025-03-18T13:20:21","slug":"vevey-la-romaine","status":"publish","type":"page","link":"https:\/\/people.unil.ch\/cedriccramatte\/vevey-la-romaine\/","title":{"rendered":"Vevey la romaine"},"content":{"rendered":"\n<p>Avant les ann\u00e9es 1990, la ville de <em>Viviscus<\/em> n&rsquo;\u00e9tait connue que par des d\u00e9couvertes anciennes \u00e9parses, telles que des c\u00e9ramiques, des monnaies et des tuiles antiques. Certaines trouvailles \u00e9taient plus significatives, comme une statuette en bronze de Neptune et un autel en calcaire d\u00e9di\u00e9 au dieu Silvain. Le nom de la ville nous \u00e9tait parvenu gr\u00e2ce \u00e0 plusieurs itin\u00e9raires antiques, dont la Table de Peutinger. Ce n&rsquo;est qu&rsquo;avec les fouilles men\u00e9es entre 1996 et 2001, \u00e0 l&rsquo;occasion de la construction du coll\u00e8ge Kratzer, que les premi\u00e8res constructions de la ville romaine ont pu \u00eatre document\u00e9es.<\/p>\n\n\n\n<figure class=\"wp-block-image size-large\"><a href=\"https:\/\/people.unil.ch\/cedriccramatte\/files\/2025\/03\/sans-titre-1.jpg\"><img loading=\"lazy\" decoding=\"async\" width=\"1024\" height=\"670\" src=\"https:\/\/people.unil.ch\/cedriccramatte\/files\/2025\/03\/sans-titre-1-1024x670.jpg\" alt=\"sans titre 1\" class=\"wp-image-584\" srcset=\"https:\/\/people.unil.ch\/cedriccramatte\/files\/2025\/03\/sans-titre-1-1024x670.jpg 1024w, https:\/\/people.unil.ch\/cedriccramatte\/files\/2025\/03\/sans-titre-1-300x196.jpg 300w, https:\/\/people.unil.ch\/cedriccramatte\/files\/2025\/03\/sans-titre-1-768x502.jpg 768w, https:\/\/people.unil.ch\/cedriccramatte\/files\/2025\/03\/sans-titre-1-1536x1004.jpg 1536w, https:\/\/people.unil.ch\/cedriccramatte\/files\/2025\/03\/sans-titre-1.jpg 1835w\" sizes=\"auto, (max-width: 767px) 89vw, (max-width: 1000px) 54vw, (max-width: 1071px) 543px, 580px\" \/><\/a><figcaption class=\"wp-element-caption\">D\u00e9tail de l&rsquo;un d&rsquo;un des parchemins de la Table de Peutinger avec l&rsquo;indication de Vevey\/Viviscus (rectangle bleu). Ce document est une copie du 12e si\u00e8cle d&rsquo;une carte trac\u00e9e \u00e0 la fin de l&rsquo;\u00c9poque romaine.<\/figcaption><\/figure>\n\n\n\n<p>Cette d\u00e9couverte est exceptionnelle \u00e0 bien des \u00e9gards, car elle a permis de retrouver le centre de la cit\u00e9, avec une grande place interpr\u00e9t\u00e9e comme un <em>forum<\/em>, occup\u00e9e en son centre par un temple de tradition gallo-romaine. Sa situation au carrefour de deux routes importantes en faisait un lieu strat\u00e9gique dans le dispositif militaire et \u00e9conomique romain. Cette importance est confirm\u00e9e par la pr\u00e9sence d&rsquo;un poste de b\u00e9n\u00e9ficiaire, c&rsquo;est-\u00e0-dire un d\u00e9tachement militaire charg\u00e9 de la s\u00e9curit\u00e9 des routes et de la navigation sur le L\u00e9man.<\/p>\n\n\n\n<p>Veveysan d&rsquo;adoption, je suis passionn\u00e9 par la compr\u00e9hension et l&rsquo;\u00e9volution de cette ville antique. J&rsquo;ai repris l&rsquo;\u00e9tude du mobilier d\u00e9couvert anciennement et je m&rsquo;int\u00e9resse \u00e9galement \u00e0 son environnement, c&rsquo;est-\u00e0-dire aux sites romains situ\u00e9s dans un p\u00e9rim\u00e8tre de 10 km autour de la ville. J&rsquo;ai d\u00e9j\u00e0 r\u00e9dig\u00e9 un <a href=\"https:\/\/renouvaud1.primo.exlibrisgroup.com\/discovery\/fulldisplay?docid=alma991024413310502852&amp;context=L&amp;vid=41BCULAUSA_LIB:VU2&amp;lang=fr&amp;search_scope=SP_libraries_and_CDI&amp;adaptor=Local%20Search%20Engine&amp;tab=Everything&amp;query=any,contains,cramatte%20navigation&amp;offset=0\" data-type=\"link\" data-id=\"https:\/\/renouvaud1.primo.exlibrisgroup.com\/discovery\/fulldisplay?docid=alma991024413310502852&amp;context=L&amp;vid=41BCULAUSA_LIB:VU2&amp;lang=fr&amp;search_scope=SP_libraries_and_CDI&amp;adaptor=Local%20Search%20Engine&amp;tab=Everything&amp;query=any,contains,cramatte%20navigation&amp;offset=0\">premier article scientifique<\/a> et donn\u00e9 plusieurs conf\u00e9rences sur le sujet \u00e0 divers publics.<\/p>\n\n\n\n<figure class=\"wp-block-image size-large\"><a href=\"https:\/\/people.unil.ch\/cedriccramatte\/files\/2025\/03\/55253894.jpg\"><img loading=\"lazy\" decoding=\"async\" width=\"818\" height=\"1024\" src=\"https:\/\/people.unil.ch\/cedriccramatte\/files\/2025\/03\/55253894-818x1024.jpg\" alt=\"55253894\" class=\"wp-image-582\" srcset=\"https:\/\/people.unil.ch\/cedriccramatte\/files\/2025\/03\/55253894-818x1024.jpg 818w, https:\/\/people.unil.ch\/cedriccramatte\/files\/2025\/03\/55253894-240x300.jpg 240w, https:\/\/people.unil.ch\/cedriccramatte\/files\/2025\/03\/55253894-768x961.jpg 768w, https:\/\/people.unil.ch\/cedriccramatte\/files\/2025\/03\/55253894.jpg 959w\" sizes=\"auto, (max-width: 767px) 89vw, (max-width: 1000px) 54vw, (max-width: 1071px) 543px, 580px\" \/><\/a><figcaption class=\"wp-element-caption\">Statuette en bronze de Neptune retrouv\u00e9e en 1890 \u00e0 la rue des Deux-Temples (auj. Rue Sainte-Claire). Elle est conserv\u00e9e au Mus\u00e9e historique de Vevey.<\/figcaption><\/figure>\n\n\n\n<p><\/p>\n","protected":false},"excerpt":{"rendered":"<p>Avant les ann\u00e9es 1990, la ville de Viviscus n&rsquo;\u00e9tait connue que par des d\u00e9couvertes anciennes \u00e9parses, telles que des c\u00e9ramiques, des monnaies et des tuiles antiques. Certaines trouvailles \u00e9taient plus significatives, comme une statuette en bronze de Neptune et un autel en calcaire d\u00e9di\u00e9 au dieu Silvain. Le nom de la ville nous \u00e9tait parvenu &hellip; <\/p>\n<p class=\"link-more\"><a href=\"https:\/\/people.unil.ch\/cedriccramatte\/vevey-la-romaine\/\" class=\"more-link\">Continuer la lecture<span class=\"screen-reader-text\"> de &laquo;&nbsp;Vevey la romaine&nbsp;&raquo;<\/span><\/a><\/p>\n","protected":false},"author":42,"featured_media":0,"parent":0,"menu_order":0,"comment_status":"closed","ping_status":"closed","template":"","meta":{"_seopress_robots_primary_cat":"","_seopress_titles_title":"","_seopress_titles_desc":"","_seopress_robots_index":"","footnotes":""},"class_list":["post-560","page","type-page","status-publish"],"_links":{"self":[{"href":"https:\/\/people.unil.ch\/cedriccramatte\/wp-json\/wp\/v2\/pages\/560","targetHints":{"allow":["GET"]}}],"collection":[{"href":"https:\/\/people.unil.ch\/cedriccramatte\/wp-json\/wp\/v2\/pages"}],"about":[{"href":"https:\/\/people.unil.ch\/cedriccramatte\/wp-json\/wp\/v2\/types\/page"}],"author":[{"embeddable":true,"href":"https:\/\/people.unil.ch\/cedriccramatte\/wp-json\/wp\/v2\/users\/42"}],"replies":[{"embeddable":true,"href":"https:\/\/people.unil.ch\/cedriccramatte\/wp-json\/wp\/v2\/comments?post=560"}],"version-history":[{"count":3,"href":"https:\/\/people.unil.ch\/cedriccramatte\/wp-json\/wp\/v2\/pages\/560\/revisions"}],"predecessor-version":[{"id":590,"href":"https:\/\/people.unil.ch\/cedriccramatte\/wp-json\/wp\/v2\/pages\/560\/revisions\/590"}],"wp:attachment":[{"href":"https:\/\/people.unil.ch\/cedriccramatte\/wp-json\/wp\/v2\/media?parent=560"}],"curies":[{"name":"wp","href":"https:\/\/api.w.org\/{rel}","templated":true}]}}