{"id":11,"date":"2013-12-13T11:42:18","date_gmt":"2013-12-13T10:42:18","guid":{"rendered":"http:\/\/people.unil.ch\/christineputzo\/?page_id=11"},"modified":"2025-11-07T20:47:03","modified_gmt":"2025-11-07T19:47:03","slug":"lehre","status":"publish","type":"page","link":"https:\/\/people.unil.ch\/christineputzo\/home\/lehre\/","title":{"rendered":"Lehre"},"content":{"rendered":"<table>\n<tbody>\n<tr>\n<th width=\"50%\">Semestre d&#8217;automne 2025<\/th>\n<th width=\"50%\">Semestre de printemps 2026<\/th>\n<\/tr>\n<tr valign=\"top\"><!-- Linke Tabellenspalte --><\/p>\n<td>Vorlesung und \u00dcbung:<br \/>\n<a href=\"https:\/\/t1p.de\/v062o\" target=\"_blank\">Einf\u00fchrung in die Literatur und Kultur des Mittelalters<\/a><br \/>\n[ <a href=\"https:\/\/moodle.unil.ch\/course\/view.php?id=35225\" target=\"_blank\">Moodle<\/a> ]<\/p>\n<p>Proseminar:<br \/>\n<a href=\"https:\/\/t1p.de\/4jzml\" target=\"_blank\">Orientdiskurse in der deutschsprachigen Literatur des Mittelalters<\/a><br \/>\n[ <a href=\"https:\/\/moodle.unil.ch\/course\/view.php?id=35268\" target=\"_blank\">Moodle<\/a> ]<\/p>\n<p>Vertiefungsseminar:<br \/>\n<a href=\"https:\/\/t1p.de\/3jswa\" target=\"_blank\">Althochdeutsche Literatur<\/a><br \/>\n[ <a href=\"https:\/\/moodle.unil.ch\/course\/view.php?id=34496\" target=\"_blank\">Moodle<\/a> ]<\/p>\n<p>Master-Seminar (mit Tanguy Donnet):<br \/>\n<a href=\"https:\/\/t1p.de\/o0zdq\" target=\"_blank\">Bestseller und vergessene Hits: H\u00f6fische Literatur des 12.\/13. Jahrhunderts in Alternativfassungen<\/a><br \/>\n[ <a href=\"https:\/\/moodle.unine.ch\/course\/view.php?id=12997\" target=\"_blank\">Moodle<\/a> ]<\/p>\n<p>Master-Blockseminar:<br \/>\n\u00c9dition critique de textes de langue allemande<br \/>\n(MA Sp\u00e9c \u00ab Histoire du livre et \u00e9dition critique des textes \u00bb)<br \/>\n[ <a href=\"https:\/\/moodle.unil.ch\/course\/view.php?id=35519\" target=\"_blank\">Moodle<\/a> ]<\/p>\n<p>Bachelor-Seminar (Universit\u00e9 de Neuch\u00e2tel):<br \/>\nEinf\u00fchrung ins Mittelhochdeutsche<br \/>\n[ <a href=\"https:\/\/moodle.unine.ch\/course\/view.php?id=12997\" target=\"_blank\">Moodle<\/a> ]\n<\/td>\n<p><!-- Rechte Tabellenspalte --><\/p>\n<td><\/td>\n<\/tr>\n<\/tbody>\n<\/table>\n<p><a title=\"Archiv\" href=\"https:\/\/people.unil.ch\/christineputzo\/lehre-archiv\/\">&gt; Fr\u00fchere Lehrveranstaltungen (ab Herbstsemester 2013)<\/a><\/p>\n<p>&gt; <a href=\"https:\/\/people.unil.ch\/christineputzo\/lehre\/merkblaetter\/\">Merkbl\u00e4tter f\u00fcr Studierende<\/a><br \/>\n(Bitte geben Sie als Passwort den Nachnamen meines merkw\u00fcrdigen B\u00fcronachbarn ein. Er ist <em>suppl\u00e9ant<\/em> an der Section d&#8217;allemand, doch habe ich ihn noch nie pers\u00f6nlich zu Gesicht bekommen. Sie finden seinen Namen am Schild der T\u00fcr links von meinem B\u00fcro: Ant 4062.)<\/p>\n","protected":false},"excerpt":{"rendered":"<p>Semestre d&#8217;automne 2025 Semestre de printemps 2026 Vorlesung und \u00dcbung: Einf\u00fchrung in die Literatur und Kultur des Mittelalters [ Moodle ] Proseminar: Orientdiskurse in der deutschsprachigen Literatur des Mittelalters [ Moodle ] Vertiefungsseminar: Althochdeutsche Literatur [ Moodle ] Master-Seminar (mit Tanguy Donnet): Bestseller und vergessene Hits: H\u00f6fische Literatur des 12.\/13. Jahrhunderts in Alternativfassungen [ Moodle &hellip; <\/p>\n<p class=\"link-more\"><a href=\"https:\/\/people.unil.ch\/christineputzo\/home\/lehre\/\" class=\"more-link\">Continue reading<span class=\"screen-reader-text\"> &#8220;Lehre&#8221;<\/span><\/a><\/p>\n","protected":false},"author":80,"featured_media":0,"parent":40,"menu_order":4,"comment_status":"closed","ping_status":"closed","template":"","meta":{"_seopress_robots_primary_cat":"","_seopress_titles_title":"","_seopress_titles_desc":"","_seopress_robots_index":"","footnotes":""},"class_list":["post-11","page","type-page","status-publish"],"_links":{"self":[{"href":"https:\/\/people.unil.ch\/christineputzo\/wp-json\/wp\/v2\/pages\/11","targetHints":{"allow":["GET"]}}],"collection":[{"href":"https:\/\/people.unil.ch\/christineputzo\/wp-json\/wp\/v2\/pages"}],"about":[{"href":"https:\/\/people.unil.ch\/christineputzo\/wp-json\/wp\/v2\/types\/page"}],"author":[{"embeddable":true,"href":"https:\/\/people.unil.ch\/christineputzo\/wp-json\/wp\/v2\/users\/80"}],"replies":[{"embeddable":true,"href":"https:\/\/people.unil.ch\/christineputzo\/wp-json\/wp\/v2\/comments?post=11"}],"version-history":[{"count":4,"href":"https:\/\/people.unil.ch\/christineputzo\/wp-json\/wp\/v2\/pages\/11\/revisions"}],"predecessor-version":[{"id":1538,"href":"https:\/\/people.unil.ch\/christineputzo\/wp-json\/wp\/v2\/pages\/11\/revisions\/1538"}],"up":[{"embeddable":true,"href":"https:\/\/people.unil.ch\/christineputzo\/wp-json\/wp\/v2\/pages\/40"}],"wp:attachment":[{"href":"https:\/\/people.unil.ch\/christineputzo\/wp-json\/wp\/v2\/media?parent=11"}],"curies":[{"name":"wp","href":"https:\/\/api.w.org\/{rel}","templated":true}]}}