{"id":40,"date":"2013-12-13T12:59:20","date_gmt":"2013-12-13T11:59:20","guid":{"rendered":"http:\/\/people.unil.ch\/christineputzo\/?page_id=40"},"modified":"2024-03-20T09:31:35","modified_gmt":"2024-03-20T08:31:35","slug":"home","status":"publish","type":"page","link":"https:\/\/people.unil.ch\/christineputzo\/","title":{"rendered":"Home"},"content":{"rendered":"<p style=\"text-align: left\"><a href=\"https:\/\/people.unil.ch\/christineputzo\/files\/2013\/12\/CPutzo_2017_low.jpg\"><img decoding=\"async\" class=\" wp-image-194 alignleft\" src=\"https:\/\/people.unil.ch\/christineputzo\/files\/2013\/12\/CPutzo_2017_low.jpg\" alt=\"CPutzo_2013\" width=\"203\" \/><\/a>Dr. Christine Putzo, MER<br \/>Germanistische Medi\u00e4vistik<br \/>Section d&#8217;allemand<br \/>Facult\u00e9 des lettres<br \/>Universit\u00e9 de Lausanne<br \/>CH-1015 Lausanne<br \/>christine.putzo@unil.ch<\/p>\n<p>Anthropole 4062<br \/><span style=\"line-height: 1.714285714;font-size: 1rem\">Quartier UNIL-Chamberonne<br \/><\/span><\/p>\n<font size=\"2\"> \n<p><a href=\"https:\/\/orcid.org\/0000-0001-5456-5910\" target=\"_blank\" rel=\"noopener\">https:\/\/orcid.org\/0000-0001-5456-5910<\/a><\/font><\/p>\n\n\n<p><\/p>\n","protected":false},"excerpt":{"rendered":"<p>Dr. Christine Putzo, MERGermanistische Medi\u00e4vistikSection d&#8217;allemandFacult\u00e9 des lettresUniversit\u00e9 de LausanneCH-1015 Lausannechristine.putzo@unil.ch Anthropole 4062Quartier UNIL-Chamberonne https:\/\/orcid.org\/0000-0001-5456-5910<\/p>\n","protected":false},"author":80,"featured_media":0,"parent":0,"menu_order":0,"comment_status":"closed","ping_status":"closed","template":"","meta":{"_seopress_robots_primary_cat":"","_seopress_titles_title":"","_seopress_titles_desc":"","_seopress_robots_index":"","footnotes":""},"class_list":["post-40","page","type-page","status-publish"],"_links":{"self":[{"href":"https:\/\/people.unil.ch\/christineputzo\/wp-json\/wp\/v2\/pages\/40","targetHints":{"allow":["GET"]}}],"collection":[{"href":"https:\/\/people.unil.ch\/christineputzo\/wp-json\/wp\/v2\/pages"}],"about":[{"href":"https:\/\/people.unil.ch\/christineputzo\/wp-json\/wp\/v2\/types\/page"}],"author":[{"embeddable":true,"href":"https:\/\/people.unil.ch\/christineputzo\/wp-json\/wp\/v2\/users\/80"}],"replies":[{"embeddable":true,"href":"https:\/\/people.unil.ch\/christineputzo\/wp-json\/wp\/v2\/comments?post=40"}],"version-history":[{"count":0,"href":"https:\/\/people.unil.ch\/christineputzo\/wp-json\/wp\/v2\/pages\/40\/revisions"}],"wp:attachment":[{"href":"https:\/\/people.unil.ch\/christineputzo\/wp-json\/wp\/v2\/media?parent=40"}],"curies":[{"name":"wp","href":"https:\/\/api.w.org\/{rel}","templated":true}]}}