{"id":8,"date":"2013-12-13T11:41:15","date_gmt":"2013-12-13T10:41:15","guid":{"rendered":"http:\/\/people.unil.ch\/christineputzo\/?page_id=8"},"modified":"2026-01-15T21:08:51","modified_gmt":"2026-01-15T20:08:51","slug":"cv","status":"publish","type":"page","link":"https:\/\/people.unil.ch\/christineputzo\/home\/cv\/","title":{"rendered":"CV"},"content":{"rendered":"<\/p>\n<p>2026\u2013<br \/>\nProfessorin f\u00fcr Germanistische Medi\u00e4vistik, Institut f\u00fcr Germanistik, Universit\u00e4t Bern<\/p>\n<p>2013\u20132026<br \/>\nMa\u00eetre d\u2019enseignement et de recherche (Senior Lecturer \/ Lehr- und Forschungsr\u00e4tin) f\u00fcr<br \/>\nGermanistische Medi\u00e4vistik, Section d&#8217;allemand, Universit\u00e9 de Lausanne<br \/>\n<br \/>\nSt\u00e4ndige Lehrbeauftragte f\u00fcr Germanistische Medi\u00e4vistik am Institut f\u00fcr deutsche Sprache<br \/>\nund Literatur, Universit\u00e9 de Neuch\u00e2tel<\/p>\n<p>2015<br \/>\nDAS Hochschuldidaktik und Technologie in der Lehre, Zentrum f\u00fcr Hochschuldidaktik, Universit\u00e4t Freiburg\/Fribourg<\/p>\n<p>2014\u20132018<br \/>\nVizepr\u00e4sidentin der Schweizerischen Akademischen Gesellschaft f\u00fcr Germanistik (SAGG)<\/p>\n<p>2013<br \/>\nCAS Hochschuldidaktik und Technologie in der Lehre, Zentrum f\u00fcr Hochschuldidaktik, Universit\u00e4t Freiburg\/Fribourg<\/p>\n<p>2012\u20132013<br \/>\nDoktorassistentin, Germanistische Medi\u00e4vistik, Universit\u00e9 de Fribourg,<\/p>\n<p>2010\u20132012<br \/>\nWissenschaftliche Mitarbeiterin am NCCR &#8216;Mediality&#8217;, Z\u00fcrich (Teilprojekt: &#8216;Diagrammatische Strukturen&#8217;, Fribourg)<\/p>\n<p>2010<br \/>\nPromotion, Universit\u00e4t Hamburg<em><br \/>\n<\/em><\/p>\n<p>2003\u20132010<br \/>\nWissenschaftliche Mitarbeiterin, \u00c4ltere deutsche Literatur, Institut f\u00fcr Germanistik I, Universit\u00e4t Hamburg<\/p>\n<p>1996\u20132003<br \/>\nStudium der Germanistik und Anglistik in Hamburg und London<\/p>\n","protected":false},"excerpt":{"rendered":"<p>2026\u2013 Professorin f\u00fcr Germanistische Medi\u00e4vistik, Institut f\u00fcr Germanistik, Universit\u00e4t Bern 2013\u20132026 Ma\u00eetre d\u2019enseignement et de recherche (Senior Lecturer \/ Lehr- und Forschungsr\u00e4tin) f\u00fcr Germanistische Medi\u00e4vistik, Section d&#8217;allemand, Universit\u00e9 de Lausanne St\u00e4ndige Lehrbeauftragte f\u00fcr Germanistische Medi\u00e4vistik am Institut f\u00fcr deutsche Sprache und Literatur, Universit\u00e9 de Neuch\u00e2tel 2015 DAS Hochschuldidaktik und Technologie in der Lehre, Zentrum f\u00fcr &hellip; <\/p>\n<p class=\"link-more\"><a href=\"https:\/\/people.unil.ch\/christineputzo\/home\/cv\/\" class=\"more-link\">Continue reading<span class=\"screen-reader-text\"> &#8220;CV&#8221;<\/span><\/a><\/p>\n","protected":false},"author":80,"featured_media":0,"parent":40,"menu_order":2,"comment_status":"closed","ping_status":"closed","template":"","meta":{"_seopress_robots_primary_cat":"","_seopress_titles_title":"","_seopress_titles_desc":"","_seopress_robots_index":"","footnotes":""},"class_list":["post-8","page","type-page","status-publish"],"_links":{"self":[{"href":"https:\/\/people.unil.ch\/christineputzo\/wp-json\/wp\/v2\/pages\/8","targetHints":{"allow":["GET"]}}],"collection":[{"href":"https:\/\/people.unil.ch\/christineputzo\/wp-json\/wp\/v2\/pages"}],"about":[{"href":"https:\/\/people.unil.ch\/christineputzo\/wp-json\/wp\/v2\/types\/page"}],"author":[{"embeddable":true,"href":"https:\/\/people.unil.ch\/christineputzo\/wp-json\/wp\/v2\/users\/80"}],"replies":[{"embeddable":true,"href":"https:\/\/people.unil.ch\/christineputzo\/wp-json\/wp\/v2\/comments?post=8"}],"version-history":[{"count":4,"href":"https:\/\/people.unil.ch\/christineputzo\/wp-json\/wp\/v2\/pages\/8\/revisions"}],"predecessor-version":[{"id":1570,"href":"https:\/\/people.unil.ch\/christineputzo\/wp-json\/wp\/v2\/pages\/8\/revisions\/1570"}],"up":[{"embeddable":true,"href":"https:\/\/people.unil.ch\/christineputzo\/wp-json\/wp\/v2\/pages\/40"}],"wp:attachment":[{"href":"https:\/\/people.unil.ch\/christineputzo\/wp-json\/wp\/v2\/media?parent=8"}],"curies":[{"name":"wp","href":"https:\/\/api.w.org\/{rel}","templated":true}]}}

</p>
<p>2026–<br />
Professorin für Germanistische Mediävistik, Institut für Germanistik, Universität Bern</p>
<p>2013–2026<br />
Maître d’enseignement et de recherche (Senior Lecturer / Lehr- und Forschungsrätin) für<br />
Germanistische Mediävistik, Section d&#8217;allemand, Université de Lausanne<br />
<br />
Ständige Lehrbeauftragte für Germanistische Mediävistik am Institut für deutsche Sprache<br />
und Literatur, Université de Neuchâtel</p>
<p>2015<br />
DAS Hochschuldidaktik und Technologie in der Lehre, Zentrum für Hochschuldidaktik, Universität Freiburg/Fribourg</p>
<p>2014–2018<br />
Vizepräsidentin der Schweizerischen Akademischen Gesellschaft für Germanistik (SAGG)</p>
<p>2013<br />
CAS Hochschuldidaktik und Technologie in der Lehre, Zentrum für Hochschuldidaktik, Universität Freiburg/Fribourg</p>
<p>2012–2013<br />
Doktorassistentin, Germanistische Mediävistik, Université de Fribourg,</p>
<p>2010–2012<br />
Wissenschaftliche Mitarbeiterin am NCCR &#8216;Mediality&#8217;, Zürich (Teilprojekt: &#8216;Diagrammatische Strukturen&#8217;, Fribourg)</p>
<p>2010<br />
Promotion, Universität Hamburg<em><br />
</em></p>
<p>2003–2010<br />
Wissenschaftliche Mitarbeiterin, Ältere deutsche Literatur, Institut für Germanistik I, Universität Hamburg</p>
<p>1996–2003<br />
Studium der Germanistik und Anglistik in Hamburg und London</p>

<p>2026– Professorin für Germanistische Mediävistik, Institut für Germanistik, Universität Bern 2013–2026 Maître d’enseignement et de recherche (Senior Lecturer / Lehr- und Forschungsrätin) für Germanistische Mediävistik, Section d&#8217;allemand, Université de Lausanne Ständige Lehrbeauftragte für Germanistische Mediävistik am Institut für deutsche Sprache und Literatur, Université de Neuchâtel 2015 DAS Hochschuldidaktik und Technologie in der Lehre, Zentrum für &hellip; </p>
<p class="link-more"><a href="https://people.unil.ch/christineputzo/home/cv/" class="more-link">Continue reading<span class="screen-reader-text"> &#8220;CV&#8221;</span></a></p>
