{"id":588,"date":"2014-04-07T14:25:30","date_gmt":"2014-04-07T12:25:30","guid":{"rendered":"http:\/\/people.unil.ch\/danielmarguerat\/?page_id=588"},"modified":"2016-03-16T11:11:50","modified_gmt":"2016-03-16T10:11:50","slug":"read-and-see","status":"publish","type":"page","link":"https:\/\/people.unil.ch\/danielmarguerat\/en\/read-and-see\/","title":{"rendered":"Read, see"},"content":{"rendered":"<p><a href=\"https:\/\/youtu.be\/j7ZWKlBSVHA\" target=\"_blank\">J\u00e9sus gu\u00e9risseur<\/a>\u00a0(conf\u00e9rence du 3 mars 2016 avec le Dr Jacques Besson, psychiatre, Yverdon-les-Bains)<\/p>\n<p><a title=\"Dieu et l'argent\" href=\"https:\/\/people.unil.ch\/danielmarguerat\/files\/2013\/04\/DIEU-et-argent.Matin-dimanche.2013.pdf\" target=\"_blank\">Dieu et l&#8217;argent<\/a>\u00a0(interview dans Matin Dimanche, avril 2013)<\/p>\n<p><a title=\"P\u00e2ques, une chance pour la vie\" href=\"https:\/\/people.unil.ch\/danielmarguerat\/files\/2011\/04\/1Interview-Echo-Magazine.2013.pdf\" target=\"_blank\">P\u00e2ques, une chance pour la vie<\/a>\u00a0(interview dans Echo-Magazine, avril 2013)<\/p>\n<p><a title=\"P\u00e2ques et ses rites\" href=\"https:\/\/www.tsr.ch\/decouverte\/dossiers\/2011\/paques-et-ses-rites\/\" target=\"_blank\">P\u00e2ques et ses rites<\/a>\u00a0(interview de la TSR, P\u00e2ques 2011)<\/p>\n<p><a title=\"J\u00e9sus le juif\" href=\"https:\/\/www.akadem.org\/sommaire\/themes\/histoire\/4\/4\/module_2435.php\" target=\"_blank\">J\u00e9sus le juif<\/a>\u00a0(conf\u00e9rence donn\u00e9e au Coll\u00e8ge des \u00e9tudes juives, Paris, mars 2007)<\/p>\n","protected":false},"excerpt":{"rendered":"<p>J\u00e9sus gu\u00e9risseur\u00a0(conf\u00e9rence du 3 mars 2016 avec le Dr Jacques Besson, psychiatre, Yverdon-les-Bains) Dieu et l&#8217;argent\u00a0(interview dans Matin Dimanche, avril 2013) P\u00e2ques, une chance pour la vie\u00a0(interview dans Echo-Magazine, avril 2013) P\u00e2ques et ses rites\u00a0(interview de la TSR, P\u00e2ques 2011) J\u00e9sus le juif\u00a0(conf\u00e9rence donn\u00e9e au Coll\u00e8ge des \u00e9tudes juives, Paris, mars 2007)<\/p>\n","protected":false},"author":37,"featured_media":0,"parent":0,"menu_order":8,"comment_status":"closed","ping_status":"closed","template":"","meta":{"_seopress_robots_primary_cat":"","_seopress_titles_title":"","_seopress_titles_desc":"","_seopress_robots_index":"","footnotes":""},"class_list":["post-588","page","type-page","status-publish"],"_links":{"self":[{"href":"https:\/\/people.unil.ch\/danielmarguerat\/en\/wp-json\/wp\/v2\/pages\/588","targetHints":{"allow":["GET"]}}],"collection":[{"href":"https:\/\/people.unil.ch\/danielmarguerat\/en\/wp-json\/wp\/v2\/pages"}],"about":[{"href":"https:\/\/people.unil.ch\/danielmarguerat\/en\/wp-json\/wp\/v2\/types\/page"}],"author":[{"embeddable":true,"href":"https:\/\/people.unil.ch\/danielmarguerat\/en\/wp-json\/wp\/v2\/users\/37"}],"replies":[{"embeddable":true,"href":"https:\/\/people.unil.ch\/danielmarguerat\/en\/wp-json\/wp\/v2\/comments?post=588"}],"version-history":[{"count":0,"href":"https:\/\/people.unil.ch\/danielmarguerat\/en\/wp-json\/wp\/v2\/pages\/588\/revisions"}],"wp:attachment":[{"href":"https:\/\/people.unil.ch\/danielmarguerat\/en\/wp-json\/wp\/v2\/media?parent=588"}],"curies":[{"name":"wp","href":"https:\/\/api.w.org\/{rel}","templated":true}]}}

<p><a href="https://youtu.be/j7ZWKlBSVHA" target="_blank">Jésus guérisseur</a> (conférence du 3 mars 2016 avec le Dr Jacques Besson, psychiatre, Yverdon-les-Bains)</p>
<p><a title="Dieu et l'argent" href="https://people.unil.ch/danielmarguerat/files/2013/04/DIEU-et-argent.Matin-dimanche.2013.pdf" target="_blank">Dieu et l&#8217;argent</a> (interview dans Matin Dimanche, avril 2013)</p>
<p><a title="Pâques, une chance pour la vie" href="https://people.unil.ch/danielmarguerat/files/2011/04/1Interview-Echo-Magazine.2013.pdf" target="_blank">Pâques, une chance pour la vie</a> (interview dans Echo-Magazine, avril 2013)</p>
<p><a title="Pâques et ses rites" href="https://www.tsr.ch/decouverte/dossiers/2011/paques-et-ses-rites/" target="_blank">Pâques et ses rites</a> (interview de la TSR, Pâques 2011)</p>
<p><a title="Jésus le juif" href="https://www.akadem.org/sommaire/themes/histoire/4/4/module_2435.php" target="_blank">Jésus le juif</a> (conférence donnée au Collège des études juives, Paris, mars 2007)</p>

<p>Jésus guérisseur (conférence du 3 mars 2016 avec le Dr Jacques Besson, psychiatre, Yverdon-les-Bains) Dieu et l&#8217;argent (interview dans Matin Dimanche, avril 2013) Pâques, une chance pour la vie (interview dans Echo-Magazine, avril 2013) Pâques et ses rites (interview de la TSR, Pâques 2011) Jésus le juif (conférence donnée au Collège des études juives, Paris, mars 2007)</p>
