{"id":523,"date":"2020-12-23T08:34:51","date_gmt":"2020-12-23T07:34:51","guid":{"rendered":"https:\/\/people.unil.ch\/francismobio\/?page_id=523"},"modified":"2020-12-23T08:34:51","modified_gmt":"2020-12-23T07:34:51","slug":"livre-photo","status":"publish","type":"page","link":"https:\/\/people.unil.ch\/francismobio\/livre-photo\/","title":{"rendered":"Livre photo"},"content":{"rendered":"\n<div class=\"wp-block-columns is-layout-flex wp-container-core-columns-is-layout-9d6595d7 wp-block-columns-is-layout-flex\">\n<div class=\"wp-block-column is-layout-flow wp-block-column-is-layout-flow\" style=\"flex-basis:33.33%\">\n<figure class=\"wp-block-image size-large\"><img alt=\"\" loading=\"lazy\" decoding=\"async\" width=\"378\" height=\"561\" src=\"https:\/\/people.unil.ch\/francismobio\/files\/2020\/12\/santa_muerte_couv.jpg\" alt=\"\" class=\"wp-image-524\" srcset=\"https:\/\/people.unil.ch\/francismobio\/files\/2020\/12\/santa_muerte_couv.jpg 378w, https:\/\/people.unil.ch\/francismobio\/files\/2020\/12\/santa_muerte_couv-202x300.jpg 202w\" sizes=\"auto, (max-width: 378px) 100vw, 378px\" \/><\/figure>\n<\/div>\n\n\n\n<div class=\"wp-block-column is-layout-flow wp-block-column-is-layout-flow\" style=\"flex-basis:66.66%\">\n<p><strong>Mobio F.<\/strong>,&nbsp;<em>Santa Muerte. Mexico, la Mort et ses d\u00e9vots<\/em>, Paris : \u00c9ditions Imago, 2010<\/p>\n\n\n\n<p>Autrefois cit\u00e9 lacustre d\u00e9crite comme un v\u00e9ritable paradis terrestre, Mexico est devenue synonyme de pr\u00e9carit\u00e9, d\u2019ins\u00e9curit\u00e9, de violence et de mort. Du centre \u00e0 la p\u00e9riph\u00e9rie, vingt-quatre millions d\u2019habitants ass\u00e8chent les cours d\u2019eau et b\u00e2tissent des habitations qui d\u00e9vorent le paysage : au fil du temps, l\u2019eldorado de Cort\u00e9s s\u2019est peu \u00e0 peu transform\u00e9 en enfer.<br>Pour tenter de vivre dans cette ville g\u00e9ante et prot\u00e9ger corps et \u00e2mes, deux millions de personnes \u2014 pour la plupart issues du monde ouvrier ou artisan, ou li\u00e9es \u00e0 la criminalit\u00e9, \u00e0 la prostitution ou au narcotrafic \u2014 instaurent un dialogue direct avec la mort et ses repr\u00e9sentations en pratiquant le culte de la Santa Muerte. Expos\u00e9e dans des centaines d\u2019autels situ\u00e9s en plein air ou enferm\u00e9e dans des ch\u00e2sses en verre, l\u2019effigie appara\u00eet le plus souvent sous la forme d\u2019un squelette somptueusement habill\u00e9 et peut se trouver \u00e0 un coin de rue, dans un march\u00e9 populaire ou dans un garage am\u00e9nag\u00e9 avec soin pour lui rendre honneur.<br>En nous plongeant au c\u0153ur m\u00eame du quotidien des d\u00e9vots de la Santa Muerte, Francis Mobio nous entra\u00eene ainsi dans un itin\u00e9raire photographique \u00e9trange et fascinant.<\/p>\n<\/div>\n<\/div>\n","protected":false},"excerpt":{"rendered":"<p>Mobio F.,&nbsp;Santa Muerte. Mexico, la Mort et ses d\u00e9vots, Paris : \u00c9ditions Imago, 2010 Autrefois cit\u00e9 lacustre d\u00e9crite comme un v\u00e9ritable paradis terrestre, Mexico est devenue synonyme de pr\u00e9carit\u00e9, d\u2019ins\u00e9curit\u00e9, &hellip; <\/p>\n","protected":false},"author":25,"featured_media":0,"parent":0,"menu_order":0,"comment_status":"closed","ping_status":"closed","template":"","meta":{"_seopress_robots_primary_cat":"","_seopress_titles_title":"","_seopress_titles_desc":"","_seopress_robots_index":"","footnotes":""},"class_list":["post-523","page","type-page","status-publish"],"_links":{"self":[{"href":"https:\/\/people.unil.ch\/francismobio\/wp-json\/wp\/v2\/pages\/523","targetHints":{"allow":["GET"]}}],"collection":[{"href":"https:\/\/people.unil.ch\/francismobio\/wp-json\/wp\/v2\/pages"}],"about":[{"href":"https:\/\/people.unil.ch\/francismobio\/wp-json\/wp\/v2\/types\/page"}],"author":[{"embeddable":true,"href":"https:\/\/people.unil.ch\/francismobio\/wp-json\/wp\/v2\/users\/25"}],"replies":[{"embeddable":true,"href":"https:\/\/people.unil.ch\/francismobio\/wp-json\/wp\/v2\/comments?post=523"}],"version-history":[{"count":0,"href":"https:\/\/people.unil.ch\/francismobio\/wp-json\/wp\/v2\/pages\/523\/revisions"}],"wp:attachment":[{"href":"https:\/\/people.unil.ch\/francismobio\/wp-json\/wp\/v2\/media?parent=523"}],"curies":[{"name":"wp","href":"https:\/\/api.w.org\/{rel}","templated":true}]}}

<div class="wp-block-columns is-layout-flex wp-container-core-columns-is-layout-9d6595d7 wp-block-columns-is-layout-flex">
<div class="wp-block-column is-layout-flow wp-block-column-is-layout-flow" style="flex-basis:33.33%">
<figure class="wp-block-image size-large"><img alt="" loading="lazy" decoding="async" width="378" height="561" src="https://people.unil.ch/francismobio/files/2020/12/santa_muerte_couv.jpg" alt="" class="wp-image-524" srcset="https://people.unil.ch/francismobio/files/2020/12/santa_muerte_couv.jpg 378w, https://people.unil.ch/francismobio/files/2020/12/santa_muerte_couv-202x300.jpg 202w" sizes="auto, (max-width: 378px) 100vw, 378px" /></figure>
</div>



<div class="wp-block-column is-layout-flow wp-block-column-is-layout-flow" style="flex-basis:66.66%">
<p><strong>Mobio F.</strong>,&nbsp;<em>Santa Muerte. Mexico, la Mort et ses dévots</em>, Paris : Éditions Imago, 2010</p>



<p>Autrefois cité lacustre décrite comme un véritable paradis terrestre, Mexico est devenue synonyme de précarité, d’insécurité, de violence et de mort. Du centre à la périphérie, vingt-quatre millions d’habitants assèchent les cours d’eau et bâtissent des habitations qui dévorent le paysage : au fil du temps, l’eldorado de Cortés s’est peu à peu transformé en enfer.<br>Pour tenter de vivre dans cette ville géante et protéger corps et âmes, deux millions de personnes — pour la plupart issues du monde ouvrier ou artisan, ou liées à la criminalité, à la prostitution ou au narcotrafic — instaurent un dialogue direct avec la mort et ses représentations en pratiquant le culte de la Santa Muerte. Exposée dans des centaines d’autels situés en plein air ou enfermée dans des châsses en verre, l’effigie apparaît le plus souvent sous la forme d’un squelette somptueusement habillé et peut se trouver à un coin de rue, dans un marché populaire ou dans un garage aménagé avec soin pour lui rendre honneur.<br>En nous plongeant au cœur même du quotidien des dévots de la Santa Muerte, Francis Mobio nous entraîne ainsi dans un itinéraire photographique étrange et fascinant.</p>
</div>
</div>

<p>Mobio F.,&nbsp;Santa Muerte. Mexico, la Mort et ses dévots, Paris : Éditions Imago, 2010 Autrefois cité lacustre décrite comme un véritable paradis terrestre, Mexico est devenue synonyme de précarité, d’insécurité, &hellip; </p>
