{"id":89,"date":"2020-05-18T22:50:42","date_gmt":"2020-05-18T20:50:42","guid":{"rendered":"http:\/\/people.unil.ch\/francismobio\/?page_id=89"},"modified":"2021-01-05T18:37:52","modified_gmt":"2021-01-05T17:37:52","slug":"89-2","status":"publish","type":"page","link":"https:\/\/people.unil.ch\/francismobio\/","title":{"rendered":"Accueil"},"content":{"rendered":"<h3><strong>Un enseignement th\u00e9orique et pratique<\/strong><\/h3>\n<div id=\"content\" class=\"clearfix\" style=\"text-align: left\">\n<h5 align=\"justify\"><strong>En 2009, un projet FIP (Fonds d\u2019Innovation P\u00e9dagogique) de l\u2019Universt\u00e9 de Lausanne intitul\u00e9 (UNIL) \u00ab Filmer les rites \u00bb a permis de poser les bases d&rsquo;un enseignement en anthropologie visuelle \u00e0 l&rsquo;UNIL. Ce projet visait \u00e0 donner aux \u00e9tudiant\u00b7e\u00b7s la possibilit\u00e9 de fabriquer des images avec une cam\u00e9ra et de se familiariser avec des modalit\u00e9s alternatives d&rsquo;exp\u00e9rimentations-restitutions de la recherche de terrain en histoire des religions et en anthropologie. D\u00e8s le d\u00e9part, ce projet fut con\u00e7u comme \u2018prop\u00e9deutique\u2019 \u00e0 l\u2019int\u00e9gration de l\u2019audiovisuel dans les activit\u00e9s de notre Universit\u00e9 \u2013 tant au niveau de la p\u00e9dagogie que de la recherche fondamentale et la valorisation de celle-ci. En 2010, un enseignement \u00e0 la fois th\u00e9orique et pratique a \u00e9t\u00e9 cr\u00e9\u00e9. Celui-ci offre aujourd&rsquo;hui l\u2019opportunit\u00e9 \u00e0 de nombreux\u00b7ses \u00e9tudiant\u00b7e\u00b7s de s\u2019initier \u00e0 l\u2019anthropologie visuelle et d\u2019utiliser leurs propres productions pour leurs travaux de recherche respectifs (Bachelor, Master ou Doctorat).<\/strong><\/h5>\n<\/div>\n","protected":false},"excerpt":{"rendered":"<p>Un enseignement th\u00e9orique et pratique En 2009, un projet FIP (Fonds d\u2019Innovation P\u00e9dagogique) de l\u2019Universt\u00e9 de Lausanne intitul\u00e9 (UNIL) \u00ab Filmer les rites \u00bb a permis de poser les bases &hellip; <\/p>\n","protected":false},"author":1001105,"featured_media":0,"parent":0,"menu_order":0,"comment_status":"closed","ping_status":"closed","template":"","meta":{"_seopress_robots_primary_cat":"","_seopress_titles_title":"","_seopress_titles_desc":"","_seopress_robots_index":"","footnotes":""},"class_list":["post-89","page","type-page","status-publish"],"_links":{"self":[{"href":"https:\/\/people.unil.ch\/francismobio\/wp-json\/wp\/v2\/pages\/89","targetHints":{"allow":["GET"]}}],"collection":[{"href":"https:\/\/people.unil.ch\/francismobio\/wp-json\/wp\/v2\/pages"}],"about":[{"href":"https:\/\/people.unil.ch\/francismobio\/wp-json\/wp\/v2\/types\/page"}],"author":[{"embeddable":true,"href":"https:\/\/people.unil.ch\/francismobio\/wp-json\/wp\/v2\/users\/1001105"}],"replies":[{"embeddable":true,"href":"https:\/\/people.unil.ch\/francismobio\/wp-json\/wp\/v2\/comments?post=89"}],"version-history":[{"count":0,"href":"https:\/\/people.unil.ch\/francismobio\/wp-json\/wp\/v2\/pages\/89\/revisions"}],"wp:attachment":[{"href":"https:\/\/people.unil.ch\/francismobio\/wp-json\/wp\/v2\/media?parent=89"}],"curies":[{"name":"wp","href":"https:\/\/api.w.org\/{rel}","templated":true}]}}