{"id":193,"date":"2022-10-22T13:28:25","date_gmt":"2022-10-22T11:28:25","guid":{"rendered":"https:\/\/people.unil.ch\/ingeborgschuessler\/?page_id=193"},"modified":"2022-11-11T10:38:02","modified_gmt":"2022-11-11T09:38:02","slug":"enseignements","status":"publish","type":"page","link":"https:\/\/people.unil.ch\/ingeborgschuessler\/enseignements\/","title":{"rendered":"Enseignements"},"content":{"rendered":"\n<h5 class=\"wp-block-heading\"><a href=\".\/uni-koeln\">Philosophisches Seminar der Universit\u00e4t zu K\u00f6ln<\/a><\/h5>\n\n\n\n<h5 class=\"wp-block-heading\"><a href=\".\/sporthskoeln\">Philosophisches Seminar der Deutschen Sporthochschule K\u00f6ln<\/a><\/h5>\n\n\n\n<h5 class=\"wp-block-heading\"><a href=\".\/uni-lausanne\" data-type=\"URL\" data-id=\".\/uni-lausanne\">Section de philosophie. Universit\u00e9 de Lausanne<\/a><\/h5>\n\n\n\n<h5 class=\"wp-block-heading\"><a href=\".\/prof-invite\">Enseignements en qualit\u00e9 de professeur invit\u00e9 \/ Gastprofessuren<\/a><\/h5>\n","protected":false},"excerpt":{"rendered":"<p>Philosophisches Seminar der Universit\u00e4t zu K\u00f6ln Philosophisches Seminar der Deutschen Sporthochschule K\u00f6ln Section de philosophie. Universit\u00e9 de Lausanne Enseignements en qualit\u00e9 de professeur invit\u00e9 \/ Gastprofessuren<\/p>\n","protected":false},"author":1001081,"featured_media":0,"parent":0,"menu_order":0,"comment_status":"closed","ping_status":"closed","template":"","meta":{"_seopress_robots_primary_cat":"","_seopress_titles_title":"","_seopress_titles_desc":"","_seopress_robots_index":"","footnotes":""},"class_list":["post-193","page","type-page","status-publish"],"_links":{"self":[{"href":"https:\/\/people.unil.ch\/ingeborgschuessler\/wp-json\/wp\/v2\/pages\/193","targetHints":{"allow":["GET"]}}],"collection":[{"href":"https:\/\/people.unil.ch\/ingeborgschuessler\/wp-json\/wp\/v2\/pages"}],"about":[{"href":"https:\/\/people.unil.ch\/ingeborgschuessler\/wp-json\/wp\/v2\/types\/page"}],"author":[{"embeddable":true,"href":"https:\/\/people.unil.ch\/ingeborgschuessler\/wp-json\/wp\/v2\/users\/1001081"}],"replies":[{"embeddable":true,"href":"https:\/\/people.unil.ch\/ingeborgschuessler\/wp-json\/wp\/v2\/comments?post=193"}],"version-history":[{"count":0,"href":"https:\/\/people.unil.ch\/ingeborgschuessler\/wp-json\/wp\/v2\/pages\/193\/revisions"}],"wp:attachment":[{"href":"https:\/\/people.unil.ch\/ingeborgschuessler\/wp-json\/wp\/v2\/media?parent=193"}],"curies":[{"name":"wp","href":"https:\/\/api.w.org\/{rel}","templated":true}]}}