{"id":289,"date":"2022-10-23T12:08:12","date_gmt":"2022-10-23T10:08:12","guid":{"rendered":"https:\/\/people.unil.ch\/ingeborgschuessler\/?page_id=289"},"modified":"2022-10-31T15:52:24","modified_gmt":"2022-10-31T14:52:24","slug":"recensions","status":"publish","type":"page","link":"https:\/\/people.unil.ch\/ingeborgschuessler\/publications\/recensions\/","title":{"rendered":"Recensions"},"content":{"rendered":"\n<ol class=\"wp-block-list\"><li><strong>Jean-Pierre Schobinger, <em>Miszellen zu Nietzsche<\/em>, Basel, Schwabe &amp; Co., 1992, 151 pages.<\/strong><br>Dans&nbsp;:&nbsp;Revue de Th\u00e9ologie et de philosophie (Gen\u00e8ve-Lausanne-Neuch\u00e2tel), 126 (1994), p.&nbsp;369.<\/li><\/ol>\n\n\n\n<ol class=\"wp-block-list\" start=\"2\"><li> <strong>F.-W. von Herrmann : <em>Augustinus und die ph\u00e4nomenologische Frage nach der Zeit. <\/em>Klostermann, Frankfurt a. M. 1992.<\/strong><br>Dans : <em>Heidegger-Studies,<\/em> Duncker &amp; Humblot, Berlin, n\u00b0&nbsp;11, 1995,&nbsp; p. 205-225.<\/li><\/ol>\n","protected":false},"excerpt":{"rendered":"<p>Jean-Pierre Schobinger, Miszellen zu Nietzsche, Basel, Schwabe &amp; Co., 1992, 151 pages.Dans&nbsp;:&nbsp;Revue de Th\u00e9ologie et de philosophie (Gen\u00e8ve-Lausanne-Neuch\u00e2tel), 126 (1994), p.&nbsp;369. F.-W. von Herrmann : Augustinus und die ph\u00e4nomenologische Frage &hellip; <\/p>\n","protected":false},"author":1001081,"featured_media":0,"parent":308,"menu_order":0,"comment_status":"closed","ping_status":"closed","template":"","meta":{"_seopress_robots_primary_cat":"","_seopress_titles_title":"","_seopress_titles_desc":"","_seopress_robots_index":"","footnotes":""},"class_list":["post-289","page","type-page","status-publish"],"_links":{"self":[{"href":"https:\/\/people.unil.ch\/ingeborgschuessler\/wp-json\/wp\/v2\/pages\/289","targetHints":{"allow":["GET"]}}],"collection":[{"href":"https:\/\/people.unil.ch\/ingeborgschuessler\/wp-json\/wp\/v2\/pages"}],"about":[{"href":"https:\/\/people.unil.ch\/ingeborgschuessler\/wp-json\/wp\/v2\/types\/page"}],"author":[{"embeddable":true,"href":"https:\/\/people.unil.ch\/ingeborgschuessler\/wp-json\/wp\/v2\/users\/1001081"}],"replies":[{"embeddable":true,"href":"https:\/\/people.unil.ch\/ingeborgschuessler\/wp-json\/wp\/v2\/comments?post=289"}],"version-history":[{"count":0,"href":"https:\/\/people.unil.ch\/ingeborgschuessler\/wp-json\/wp\/v2\/pages\/289\/revisions"}],"up":[{"embeddable":true,"href":"https:\/\/people.unil.ch\/ingeborgschuessler\/wp-json\/wp\/v2\/pages\/308"}],"wp:attachment":[{"href":"https:\/\/people.unil.ch\/ingeborgschuessler\/wp-json\/wp\/v2\/media?parent=289"}],"curies":[{"name":"wp","href":"https:\/\/api.w.org\/{rel}","templated":true}]}}