{"id":220,"date":"2023-01-25T18:57:04","date_gmt":"2023-01-25T17:57:04","guid":{"rendered":"https:\/\/people.unil.ch\/isabellezinn\/?page_id=220"},"modified":"2025-05-23T13:38:28","modified_gmt":"2025-05-23T11:38:28","slug":"media-coverage","status":"publish","type":"page","link":"https:\/\/people.unil.ch\/isabellezinn\/media-coverage\/","title":{"rendered":"media coverage"},"content":{"rendered":"\n<p>March 2025, News paper article and interview &#8220;Die Menopause wird sexy&#8221;, <strong><em><a href=\"https:\/\/www.blick.ch\/life\/gesundheit\/von-tabu-zu-trend-prominente-machen-menopause-zum-trendthema-id20726971.html\">Blick<\/a><\/em><\/strong>.<\/p>\n\n\n\n<p>March 2025, News paper article and interview &#8220;M\u00eame chez les couples progressistes, des freins \u00e0 une r\u00e9partition du travail \u00e9galitaire&#8221;, featured in different media outlets, <strong><em><a href=\"https:\/\/M\u00eame chez les couples progressistes, des freins \u00e0 une r\u00e9partition du travail \u00e9galitaire\">Le Temps<\/a>, <a href=\"https:\/\/www.24heures.ch\/taches-domestiques-lhomme-hetero-est-la-cle-de-legalite-964904265294\">24heures<\/a><\/em><\/strong>, <em><strong><a href=\"https:\/\/ct.moreover.com\/?a=56249815325&amp;p=1pl&amp;v=1&amp;x=KYM8L5XlMAgeEoKq5oVFAA\">Tribune de Gen\u00e8ve<\/a>,<\/strong><\/em> <em><strong><a href=\"https:\/\/punkt4.info\/nachrichten\/detail\/news\/geschlechternormen-praegen-die-arbeitsaufteilung-in-der-schweiz\/\">Punkt4<\/a><\/strong><\/em>, together with Christina Bornatici. <\/p>\n\n\n\n<p>March 2025, News paper article and interview \u00ab\u00a0La Suisse est un des pires pays de l\u2019OCDE pour les femmes actives\u00a0\u00bb, featured in 4 differen Tamedia media outlets, <strong><em><a href=\"https:\/\/www.24heures.ch\/les-conditions-de-travail-des-suissesses-sont-tres-mauvaises-589544519825\">24heures<\/a>, Matin dimanche, <a href=\"https:\/\/www.tdg.ch\/les-conditions-de-travail-des-suissesses-sont-tres-mauvaises-589544519825\">Tribune de Gen\u00e8ve<\/a>, <a href=\"https:\/\/www.tio.ch\/svizzera\/attualita\/1820976\/quanto-e-difficile-essere-una-donna-lavoratrice-in-svizzera\">Tio Ticino<\/a>. <\/em><\/strong><\/p>\n\n\n\n<p>December 2024, News paper article on <a href=\"https:\/\/www.letemps.ch\/economie\/carrieres\/le-secret-parenting-dissimuler-sa-vie-de-famille-au-travail?srsltid=AfmBOoo4L7iMDgqdlwJi13bSF2usKOszgRnjysmPsI2g1RXLurAFQgz0\">secret parenting<\/a>, <strong><em>Le Temps<\/em><\/strong> (behind paywall).<\/p>\n\n\n\n<p>August 2024, News paper article on &#8220;<a href=\"https:\/\/www.letemps.ch\/economie\/carrieres\/la-semaine-de-six-jours-une-realite-en-suisse-aussi?srsltid=AfmBOoqaZcVvtUO70kFdSB6aCfik39ZFJF2R5hsCkRAVGLhISAB_xdrW\">La semaine de six jours, une r\u00e9alit\u00e9 en Suisse aussi<\/a><a href=\"https:\/\/www.letemps.ch\/economie\/carrieres\/le-casse-tete-de-la-repartition-des-vacances-en-entreprise\" target=\"_blank\" rel=\"noreferrer noopener\">&#8220;<\/a>, <em><strong>Le Temps<\/strong><\/em> (behind paywall).<\/p>\n\n\n\n<p>March 2024, News paper article on &#8220;<a href=\"https:\/\/www.letemps.ch\/economie\/carrieres\/le-casse-tete-de-la-repartition-des-vacances-en-entreprise\" target=\"_blank\" rel=\"noreferrer noopener\">Le casse-t\u00eate de la r\u00e9partition des vacances en entreprise&#8221;<\/a>, <em><strong>Le Temps<\/strong><\/em> (behind paywall). <\/p>\n\n\n\n<p>November 2023, short interview with <strong><em>Terre &amp; Nature<\/em><\/strong>, regarding the <a href=\"https:\/\/people.unil.ch\/isabellezinn\/files\/2023\/12\/Article-TerreetNature.pdf\" target=\"_blank\" rel=\"noreferrer noopener\">Farmer&#8217;s calendar (calendrier paysan)<\/a>.<\/p>\n\n\n\n<p>April 2023, Interview with <a href=\"https:\/\/www.femina.ch\/societe\/actu-societe\/mettre-la-menopause-a-lagenda-professionnel\" target=\"_blank\" rel=\"noreferrer noopener\"><strong><em>FEMINA<\/em><\/strong>, &#8220;Mettre la m\u00e9nopause \u00e0 l&#8217;agenda professionnnel&#8221;<\/a>, with N. Le Feuvre. <\/p>\n\n\n\n<p>February 2023, Interview on the <a rel=\"noreferrer noopener\" href=\"https:\/\/www.rts.ch\/audio-podcast\/2023\/audio\/le-travail-une-histoire-2-5-25900745.html\" target=\"_blank\"><strong><em>Swiss National Radio<\/em><\/strong> (RTS), <em>Histoire vivante<\/em>, &#8220;Le travail, une histoire!&#8221;<\/a> (on unpaid work and gender inequalities in the labor market). <\/p>\n\n\n\n<p>January 2023, <a rel=\"noreferrer noopener\" href=\"https:\/\/www.letemps.ch\/economie\/temps-partiel-un-tabou-hommes\" target=\"_blank\">interview with the Swiss newspaper <strong><em>Le Temps<\/em><\/strong><\/a> on part time work for men (behind paywall). <\/p>\n\n\n\n<p>July 2022, <a rel=\"noreferrer noopener\" href=\"https:\/\/www.24heures.ch\/des-metiers-dhommes-vraiment-493269778325?preview_key=6020c1ee97e69c12f560d82771e6417f\" target=\"_blank\">Interview with the Swiss newspaper <strong><em>24heures<\/em><\/strong><\/a>, on the topic of women working in male dominated occupations. <\/p>\n\n\n\n<p>April 2022, <a rel=\"noreferrer noopener\" href=\"https:\/\/lauditoire.ch\/2022\/04\/11\/le-travail-un-bonheur-garanti\/.\" target=\"_blank\">Interview for <strong><em>L\u2019Auditoire<\/em><\/strong><\/a> (UNIL students\u2019 newspaper), on the topic of \u201cbullshit jobs\u201d.<\/p>\n\n\n\n<p>January 2022, <a rel=\"noreferrer noopener\" href=\"https:\/\/www.rts.ch\/la-1ere\/programmes\/cqfd\/12868578-ca-na-pas-de-science-lallaitement-01-03-2022.html?mediaShare=1\" target=\"_blank\">Interview on the <strong><em>Swiss National Radio<\/em><\/strong><\/a> (RTS, \u201c\u00c7a n\u2019a pas de science\u201d), on the topic of breastfeeding. <\/p>\n\n\n\n<p>January 2022, <a rel=\"noreferrer noopener\" href=\"https:\/\/www.arteradio.com\/son\/61669956\/allaite_moi_si_tu_peux\" target=\"_blank\">Interview for the <strong><em>\u201cpodcast \u00e0 soi\u201d on ArteRadio<\/em><\/strong><\/a> on the topic of breastfeeding as feminist practice.&nbsp;<\/p>\n\n\n\n<p>August 2021, <a href=\"https:\/\/www.femina.ch\/societe\/actu-societe\/mouvement-no-bra-les-poitrines-se-deconfinent\" target=\"_blank\" rel=\"noreferrer noopener\">Interview with the Swiss magazine <strong><em>FEMINA<\/em><\/strong><\/a><strong><em> <\/em><\/strong>on the topic of the \u201cno-bra\u201d movement during covid-19.<\/p>\n\n\n\n<p>April 2018, <a rel=\"noreferrer noopener\" href=\"https:\/\/www.rts.ch\/audio-podcast\/2018\/audio\/femmes-et-caricaturistes-les-pionnieres-25534330.html\" target=\"_blank\">Interview on the <strong><em>Swiss National Radio<\/em><\/strong><\/a> (Espace 2) on the topic of gendered occupations.<\/p>\n\n\n\n<p>January 2018, Interview with the Swiss newspaper <strong><em>\u201c24heures\u201d<\/em><\/strong> on the topic of \u201cbreastfeeding and paid employment\u201d, with B. Spencer.<\/p>\n\n\n\n<p>November 2017, <a rel=\"noreferrer noopener\" href=\"https:\/\/www.rjb.ch\/Format-A3\/Allaitement-au-travail.html\" target=\"_blank\">Interview with the <strong><em>Swiss Radio \u201cJura bernois\u201d<\/em><\/strong> <\/a>on the topic of \u201cbreastfeeding and paid employment\u201d, (with B. Spencer).<\/p>\n\n\n\n<p>November 2015, Interview with the Swiss magazine <strong><em>Coop\u00e9ration<\/em><\/strong> on the topic of \u201cmasculinities\u201d. <\/p>\n\n\n\n<p>September 2015, <a rel=\"noreferrer noopener\" href=\"https:\/\/www.femina.ch\/societe\/news-societe\/hommes-revent-de-savoir-femmes-cliches-genre\" target=\"_blank\">Interview with the Swiss magazine <strong><em>FEMINA<\/em><\/strong><\/a> on the topic of gender stereotypes. <\/p>\n\n\n\n<p>November 2013, <a rel=\"noreferrer noopener\" href=\"https:\/\/avisdexperts.ch\/videos\/view\/1923\" target=\"_blank\">Interview on the <strong><em>Swiss National Television<\/em><\/strong> (<strong><em>RSR)<\/em><\/strong><\/a><strong><em> <\/em><\/strong>on the topic of masculinities. <\/p>\n\n\n\n<p>September 2012, Interview with the Swiss newspaper <strong><em>\u201c24heures\u201d<\/em><\/strong> on the topic of the social image of service occupations.<\/p>\n","protected":false},"excerpt":{"rendered":"<p>March 2025, News paper article and interview &#8220;Die Menopause wird sexy&#8221;, Blick. March 2025, News paper article and interview &#8220;M\u00eame chez les couples progressistes, des freins \u00e0 une r\u00e9partition du travail \u00e9galitaire&#8221;, featured in different media outlets, Le Temps, 24heures, Tribune de Gen\u00e8ve, Punkt4, together with Christina Bornatici. March 2025, News paper article and interview [&hellip;]<\/p>\n","protected":false},"author":1001119,"featured_media":0,"parent":0,"menu_order":0,"comment_status":"closed","ping_status":"closed","template":"templates\/template-cover.php","meta":{"_seopress_robots_primary_cat":"","_seopress_titles_title":"","_seopress_titles_desc":"","_seopress_robots_index":"","footnotes":""},"class_list":["post-220","page","type-page","status-publish"],"_links":{"self":[{"href":"https:\/\/people.unil.ch\/isabellezinn\/wp-json\/wp\/v2\/pages\/220","targetHints":{"allow":["GET"]}}],"collection":[{"href":"https:\/\/people.unil.ch\/isabellezinn\/wp-json\/wp\/v2\/pages"}],"about":[{"href":"https:\/\/people.unil.ch\/isabellezinn\/wp-json\/wp\/v2\/types\/page"}],"author":[{"embeddable":true,"href":"https:\/\/people.unil.ch\/isabellezinn\/wp-json\/wp\/v2\/users\/1001119"}],"replies":[{"embeddable":true,"href":"https:\/\/people.unil.ch\/isabellezinn\/wp-json\/wp\/v2\/comments?post=220"}],"version-history":[{"count":5,"href":"https:\/\/people.unil.ch\/isabellezinn\/wp-json\/wp\/v2\/pages\/220\/revisions"}],"predecessor-version":[{"id":1233,"href":"https:\/\/people.unil.ch\/isabellezinn\/wp-json\/wp\/v2\/pages\/220\/revisions\/1233"}],"wp:attachment":[{"href":"https:\/\/people.unil.ch\/isabellezinn\/wp-json\/wp\/v2\/media?parent=220"}],"curies":[{"name":"wp","href":"https:\/\/api.w.org\/{rel}","templated":true}]}}