{"id":231,"date":"2023-01-25T19:06:58","date_gmt":"2023-01-25T18:06:58","guid":{"rendered":"https:\/\/people.unil.ch\/isabellezinn\/?page_id=231"},"modified":"2023-02-09T10:52:49","modified_gmt":"2023-02-09T09:52:49","slug":"books","status":"publish","type":"page","link":"https:\/\/people.unil.ch\/isabellezinn\/books\/","title":{"rendered":"books"},"content":{"rendered":"\n<p><\/p>\n\n\n\n<div class=\"wp-block-columns is-layout-flex wp-container-core-columns-is-layout-9d6595d7 wp-block-columns-is-layout-flex\">\n<div class=\"wp-block-column is-layout-flow wp-block-column-is-layout-flow\" style=\"flex-basis:33.33%\">\n<p style=\"font-size:17px\">Monograph in preparation for Seismo press<\/p>\n<\/div>\n\n\n\n<div class=\"wp-block-column is-layout-flow wp-block-column-is-layout-flow\" style=\"flex-basis:66.66%\">\n<p style=\"font-size:17px\"><strong>Zinn, Isabelle<\/strong>, \u00ab&nbsp;Transformer la viande, composer des bouquets. Ethnographie du genre au travail&nbsp;\u00bb.<\/p>\n<\/div>\n<\/div>\n\n\n\n<div class=\"wp-block-columns is-layout-flex wp-container-core-columns-is-layout-9d6595d7 wp-block-columns-is-layout-flex\">\n<div class=\"wp-block-column is-layout-flow wp-block-column-is-layout-flow\" style=\"flex-basis:33.33%\">\n<figure class=\"wp-block-image size-large is-resized\"><a href=\"https:\/\/www.seismoverlag.ch\/en\/daten\/zeitdiagnose-mannlichkeiten-schweiz\/\" target=\"_blank\" rel=\"noreferrer noopener\"><img alt=\"\" loading=\"lazy\" decoding=\"async\" src=\"https:\/\/people.unil.ch\/isabellezinn\/files\/2023\/01\/Capture-decran-2023-01-26-a-22.33.39-1024x416.png\" alt=\"\" class=\"wp-image-372\" width=\"235\" height=\"95\" srcset=\"https:\/\/people.unil.ch\/isabellezinn\/files\/2023\/01\/Capture-decran-2023-01-26-a-22.33.39-1024x416.png 1024w, https:\/\/people.unil.ch\/isabellezinn\/files\/2023\/01\/Capture-decran-2023-01-26-a-22.33.39-300x122.png 300w, https:\/\/people.unil.ch\/isabellezinn\/files\/2023\/01\/Capture-decran-2023-01-26-a-22.33.39-768x312.png 768w, https:\/\/people.unil.ch\/isabellezinn\/files\/2023\/01\/Capture-decran-2023-01-26-a-22.33.39-1200x487.png 1200w, https:\/\/people.unil.ch\/isabellezinn\/files\/2023\/01\/Capture-decran-2023-01-26-a-22.33.39.png 1414w\" sizes=\"auto, (max-width: 235px) 100vw, 235px\" \/><\/a><\/figure>\n<\/div>\n\n\n\n<div class=\"wp-block-column is-layout-flow wp-block-column-is-layout-flow\" style=\"flex-basis:66.66%\">\n<p><\/p>\n\n\n\n<p style=\"font-size:17px\">2021, \u00ab\u00a0<a rel=\"noreferrer noopener\" href=\"https:\/\/www.seismoverlag.ch\/en\/daten\/zeitdiagnose-mannlichkeiten-schweiz\/\" target=\"_blank\">Zeitdiagnose M\u00e4nnlichkeiten Schweiz<\/a>\u00a0\u00bb, edited together with the research group \u201cTransforMen\u201d, Seismo Press. <\/p>\n<\/div>\n<\/div>\n\n\n\n<div class=\"wp-block-columns is-layout-flex wp-container-core-columns-is-layout-9d6595d7 wp-block-columns-is-layout-flex\">\n<div class=\"wp-block-column is-layout-flow wp-block-column-is-layout-flow\" style=\"flex-basis:33.33%\">\n<figure class=\"wp-block-image size-full is-resized\"><a href=\"https:\/\/vdf.ch\/manner-und-mannlichkeiten.html\" target=\"_blank\" rel=\"noreferrer noopener\"><img alt=\"\" loading=\"lazy\" decoding=\"async\" src=\"https:\/\/people.unil.ch\/isabellezinn\/files\/2023\/01\/Capture-decran-2023-01-26-a-22.37.30.png\" alt=\"\" class=\"wp-image-378\" width=\"220\" height=\"147\" srcset=\"https:\/\/people.unil.ch\/isabellezinn\/files\/2023\/01\/Capture-decran-2023-01-26-a-22.37.30.png 482w, https:\/\/people.unil.ch\/isabellezinn\/files\/2023\/01\/Capture-decran-2023-01-26-a-22.37.30-300x200.png 300w\" sizes=\"auto, (max-width: 220px) 100vw, 220px\" \/><\/a><\/figure>\n<\/div>\n\n\n\n<div class=\"wp-block-column is-layout-flow wp-block-column-is-layout-flow\" style=\"flex-basis:66.66%\">\n<p><\/p>\n\n\n\n<p><\/p>\n\n\n\n<p><\/p>\n\n\n\n<p style=\"font-size:17px\">2014, Jakoby, Nina; Liebig, Brigitte; Peitz, Martina; Schmid, Tina; <strong>Zinn, Isabelle&nbsp;<\/strong>(eds.), <em><a href=\"https:\/\/vdf.ch\/manner-und-mannlichkeiten.html\" target=\"_blank\" rel=\"noreferrer noopener\">M\u00e4nner und M\u00e4nnlichkeiten. Disziplin\u00e4re Perspektiven<\/a><\/em>, Reihe Z\u00fcrcher Hochschulforum, Vdf (Hochschulverlag ETH Z\u00fcrich). <\/p>\n<\/div>\n<\/div>\n","protected":false},"excerpt":{"rendered":"<p>Monograph in preparation for Seismo press Zinn, Isabelle, \u00ab&nbsp;Transformer la viande, composer des bouquets. Ethnographie du genre au travail&nbsp;\u00bb. 2021, \u00ab\u00a0Zeitdiagnose M\u00e4nnlichkeiten Schweiz\u00a0\u00bb, edited together with the research group \u201cTransforMen\u201d, Seismo Press. 2014, Jakoby, Nina; Liebig, Brigitte; Peitz, Martina; Schmid, Tina; Zinn, Isabelle&nbsp;(eds.), M\u00e4nner und M\u00e4nnlichkeiten. Disziplin\u00e4re Perspektiven, Reihe Z\u00fcrcher Hochschulforum, Vdf (Hochschulverlag ETH Z\u00fcrich).<\/p>\n","protected":false},"author":1001119,"featured_media":0,"parent":0,"menu_order":0,"comment_status":"closed","ping_status":"closed","template":"templates\/template-cover.php","meta":{"_seopress_robots_primary_cat":"","_seopress_titles_title":"","_seopress_titles_desc":"","_seopress_robots_index":"","footnotes":""},"class_list":["post-231","page","type-page","status-publish"],"_links":{"self":[{"href":"https:\/\/people.unil.ch\/isabellezinn\/wp-json\/wp\/v2\/pages\/231","targetHints":{"allow":["GET"]}}],"collection":[{"href":"https:\/\/people.unil.ch\/isabellezinn\/wp-json\/wp\/v2\/pages"}],"about":[{"href":"https:\/\/people.unil.ch\/isabellezinn\/wp-json\/wp\/v2\/types\/page"}],"author":[{"embeddable":true,"href":"https:\/\/people.unil.ch\/isabellezinn\/wp-json\/wp\/v2\/users\/1001119"}],"replies":[{"embeddable":true,"href":"https:\/\/people.unil.ch\/isabellezinn\/wp-json\/wp\/v2\/comments?post=231"}],"version-history":[{"count":0,"href":"https:\/\/people.unil.ch\/isabellezinn\/wp-json\/wp\/v2\/pages\/231\/revisions"}],"wp:attachment":[{"href":"https:\/\/people.unil.ch\/isabellezinn\/wp-json\/wp\/v2\/media?parent=231"}],"curies":[{"name":"wp","href":"https:\/\/api.w.org\/{rel}","templated":true}]}}

<p></p>



<div class="wp-block-columns is-layout-flex wp-container-core-columns-is-layout-9d6595d7 wp-block-columns-is-layout-flex">
<div class="wp-block-column is-layout-flow wp-block-column-is-layout-flow" style="flex-basis:33.33%">
<p style="font-size:17px">Monograph in preparation for Seismo press</p>
</div>



<div class="wp-block-column is-layout-flow wp-block-column-is-layout-flow" style="flex-basis:66.66%">
<p style="font-size:17px"><strong>Zinn, Isabelle</strong>, «&nbsp;Transformer la viande, composer des bouquets. Ethnographie du genre au travail&nbsp;».</p>
</div>
</div>



<div class="wp-block-columns is-layout-flex wp-container-core-columns-is-layout-9d6595d7 wp-block-columns-is-layout-flex">
<div class="wp-block-column is-layout-flow wp-block-column-is-layout-flow" style="flex-basis:33.33%">
<figure class="wp-block-image size-large is-resized"><a href="https://www.seismoverlag.ch/en/daten/zeitdiagnose-mannlichkeiten-schweiz/" target="_blank" rel="noreferrer noopener"><img alt="" loading="lazy" decoding="async" src="https://people.unil.ch/isabellezinn/files/2023/01/Capture-decran-2023-01-26-a-22.33.39-1024x416.png" alt="" class="wp-image-372" width="235" height="95" srcset="https://people.unil.ch/isabellezinn/files/2023/01/Capture-decran-2023-01-26-a-22.33.39-1024x416.png 1024w, https://people.unil.ch/isabellezinn/files/2023/01/Capture-decran-2023-01-26-a-22.33.39-300x122.png 300w, https://people.unil.ch/isabellezinn/files/2023/01/Capture-decran-2023-01-26-a-22.33.39-768x312.png 768w, https://people.unil.ch/isabellezinn/files/2023/01/Capture-decran-2023-01-26-a-22.33.39-1200x487.png 1200w, https://people.unil.ch/isabellezinn/files/2023/01/Capture-decran-2023-01-26-a-22.33.39.png 1414w" sizes="auto, (max-width: 235px) 100vw, 235px" /></a></figure>
</div>



<div class="wp-block-column is-layout-flow wp-block-column-is-layout-flow" style="flex-basis:66.66%">
<p></p>



<p style="font-size:17px">2021, « <a rel="noreferrer noopener" href="https://www.seismoverlag.ch/en/daten/zeitdiagnose-mannlichkeiten-schweiz/" target="_blank">Zeitdiagnose Männlichkeiten Schweiz</a> », edited together with the research group “TransforMen”, Seismo Press. </p>
</div>
</div>



<div class="wp-block-columns is-layout-flex wp-container-core-columns-is-layout-9d6595d7 wp-block-columns-is-layout-flex">
<div class="wp-block-column is-layout-flow wp-block-column-is-layout-flow" style="flex-basis:33.33%">
<figure class="wp-block-image size-full is-resized"><a href="https://vdf.ch/manner-und-mannlichkeiten.html" target="_blank" rel="noreferrer noopener"><img alt="" loading="lazy" decoding="async" src="https://people.unil.ch/isabellezinn/files/2023/01/Capture-decran-2023-01-26-a-22.37.30.png" alt="" class="wp-image-378" width="220" height="147" srcset="https://people.unil.ch/isabellezinn/files/2023/01/Capture-decran-2023-01-26-a-22.37.30.png 482w, https://people.unil.ch/isabellezinn/files/2023/01/Capture-decran-2023-01-26-a-22.37.30-300x200.png 300w" sizes="auto, (max-width: 220px) 100vw, 220px" /></a></figure>
</div>



<div class="wp-block-column is-layout-flow wp-block-column-is-layout-flow" style="flex-basis:66.66%">
<p></p>



<p></p>



<p></p>



<p style="font-size:17px">2014, Jakoby, Nina; Liebig, Brigitte; Peitz, Martina; Schmid, Tina; <strong>Zinn, Isabelle&nbsp;</strong>(eds.), <em><a href="https://vdf.ch/manner-und-mannlichkeiten.html" target="_blank" rel="noreferrer noopener">Männer und Männlichkeiten. Disziplinäre Perspektiven</a></em>, Reihe Zürcher Hochschulforum, Vdf (Hochschulverlag ETH Zürich). </p>
</div>
</div>

<p>Monograph in preparation for Seismo press Zinn, Isabelle, «&nbsp;Transformer la viande, composer des bouquets. Ethnographie du genre au travail&nbsp;». 2021, « Zeitdiagnose Männlichkeiten Schweiz », edited together with the research group “TransforMen”, Seismo Press. 2014, Jakoby, Nina; Liebig, Brigitte; Peitz, Martina; Schmid, Tina; Zinn, Isabelle&nbsp;(eds.), Männer und Männlichkeiten. Disziplinäre Perspektiven, Reihe Zürcher Hochschulforum, Vdf (Hochschulverlag ETH Zürich).</p>
