{"id":11,"date":"2014-04-08T12:42:45","date_gmt":"2014-04-08T10:42:45","guid":{"rendered":"http:\/\/people.unil.ch\/jacquelinefrey\/?page_id=11"},"modified":"2022-08-10T14:46:31","modified_gmt":"2022-08-10T12:46:31","slug":"a-propos-de-ce-blog","status":"publish","type":"page","link":"https:\/\/people.unil.ch\/jacquelinefrey\/a-propos-de-ce-blog\/","title":{"rendered":"A propos de ce blog"},"content":{"rendered":"\n<figure class=\"wp-block-image size-large is-resized is-style-rounded\"><a href=\"https:\/\/people.unil.ch\/jacquelinefrey\/files\/2021\/06\/moi-1.jpg\"><img loading=\"lazy\" decoding=\"async\" src=\"https:\/\/people.unil.ch\/jacquelinefrey\/files\/2021\/06\/moi-1-1024x1024.jpg\" alt=\"Jacqueline Frey\" class=\"wp-image-3207\" width=\"227\" height=\"227\" srcset=\"https:\/\/people.unil.ch\/jacquelinefrey\/files\/2021\/06\/moi-1-1024x1024.jpg 1024w, https:\/\/people.unil.ch\/jacquelinefrey\/files\/2021\/06\/moi-1-300x300.jpg 300w, https:\/\/people.unil.ch\/jacquelinefrey\/files\/2021\/06\/moi-1-150x150.jpg 150w, https:\/\/people.unil.ch\/jacquelinefrey\/files\/2021\/06\/moi-1-768x768.jpg 768w, https:\/\/people.unil.ch\/jacquelinefrey\/files\/2021\/06\/moi-1.jpg 1200w\" sizes=\"auto, (max-width: 227px) 100vw, 227px\" \/><\/a><\/figure>\n\n\n<h3>Bienvenue sur le blog de Jacqueline Frey-Schuler<\/h3>\n<p>Je travaille au Centre Informatique de l&rsquo;Universit\u00e9 de Lausanne en tant que sp\u00e9cialiste bureautique et responsable de formation. Je suis principalement charg\u00e9e de l&rsquo;assistance aux utilisateurs de l&rsquo;Unil et de la dispense de cours bureautique.\u00a0<\/p>\n<h5><strong>Mes principales activit\u00e9s au sein du Ci<br \/><\/strong><\/h5>\n<ul>\n<li>Assistance aux utilisateurs pour les applications Microsoft Office, EndNote et FileMaker<\/li>\n<li>Dispense de cours aux collaborateurs<br \/>(Word Mise en page, Word Gestion de longs documents, Cr\u00e9ation de pr\u00e9sentations avec PowerPoint, Cr\u00e9ation de librairie EndNote, Teams)<\/li>\n<li>Organisation et gestion des cours du Centre informatique<\/li>\n<li>Conseil et assistance lors de projet de d\u00e9veloppement de base de donn\u00e9es FileMaker<\/li>\n<\/ul>\n<p>Vous trouverez sur ce site des conseils pratiques et astuces sur les logiciels que j&rsquo;utilise quotidiennement ou que j&rsquo;enseigne au Ci. Sauf mention sp\u00e9ciale, il s&rsquo;agit d&rsquo;astuces et de conseils pour les versions Mac mais fonctionnant tr\u00e8s souvent sur PC \u00e9galement.<\/p>\n<p><a href=\"https:\/\/people.unil.ch\/jacquelinefrey\/files\/2014\/04\/qrcode.22546384.png\"><img loading=\"lazy\" decoding=\"async\" class=\"alignnone wp-image-415 size-thumbnail\" src=\"https:\/\/people.unil.ch\/jacquelinefrey\/files\/2014\/04\/qrcode.22546384-150x150.png\" alt=\"qrcode.22546384\" width=\"150\" height=\"150\" srcset=\"https:\/\/people.unil.ch\/jacquelinefrey\/files\/2014\/04\/qrcode.22546384-150x150.png 150w, https:\/\/people.unil.ch\/jacquelinefrey\/files\/2014\/04\/qrcode.22546384.png 200w\" sizes=\"auto, (max-width: 150px) 100vw, 150px\" \/><\/a><\/p>","protected":false},"excerpt":{"rendered":"<p>Bienvenue sur le blog de Jacqueline Frey-Schuler Je travaille au Centre Informatique de l&rsquo;Universit\u00e9 de Lausanne en tant que sp\u00e9cialiste bureautique et responsable de formation. Je suis principalement&hellip;<\/p>\n","protected":false},"author":83,"featured_media":3510,"parent":0,"menu_order":0,"comment_status":"closed","ping_status":"closed","template":"template-full-width-cover.php","meta":{"_seopress_robots_primary_cat":"","_seopress_titles_title":"","_seopress_titles_desc":"","_seopress_robots_index":"","footnotes":""},"class_list":["post-11","page","type-page","status-publish","has-post-thumbnail"],"_links":{"self":[{"href":"https:\/\/people.unil.ch\/jacquelinefrey\/wp-json\/wp\/v2\/pages\/11","targetHints":{"allow":["GET"]}}],"collection":[{"href":"https:\/\/people.unil.ch\/jacquelinefrey\/wp-json\/wp\/v2\/pages"}],"about":[{"href":"https:\/\/people.unil.ch\/jacquelinefrey\/wp-json\/wp\/v2\/types\/page"}],"author":[{"embeddable":true,"href":"https:\/\/people.unil.ch\/jacquelinefrey\/wp-json\/wp\/v2\/users\/83"}],"replies":[{"embeddable":true,"href":"https:\/\/people.unil.ch\/jacquelinefrey\/wp-json\/wp\/v2\/comments?post=11"}],"version-history":[{"count":0,"href":"https:\/\/people.unil.ch\/jacquelinefrey\/wp-json\/wp\/v2\/pages\/11\/revisions"}],"wp:featuredmedia":[{"embeddable":true,"href":"https:\/\/people.unil.ch\/jacquelinefrey\/wp-json\/wp\/v2\/media\/3510"}],"wp:attachment":[{"href":"https:\/\/people.unil.ch\/jacquelinefrey\/wp-json\/wp\/v2\/media?parent=11"}],"curies":[{"name":"wp","href":"https:\/\/api.w.org\/{rel}","templated":true}]}}