{"id":28,"date":"2022-09-29T12:42:40","date_gmt":"2022-09-29T10:42:40","guid":{"rendered":"https:\/\/people.unil.ch\/jeanclaudeusunier\/?page_id=28"},"modified":"2022-09-29T12:42:40","modified_gmt":"2022-09-29T10:42:40","slug":"collaborations","status":"publish","type":"page","link":"https:\/\/people.unil.ch\/jeanclaudeusunier\/collaborations\/","title":{"rendered":"Collaborations"},"content":{"rendered":"\n<h2 class=\"wp-block-heading\">Collaborations et r\u00e9seaux<\/h2>\n\n\n\n<h3 class=\"wp-block-heading\" style=\"font-style:normal;font-weight:900\">Interuniversitaires<\/h3>\n\n\n\n<h4 class=\"wp-block-heading\">Europe<\/h4>\n\n\n\n<p><strong>Member of the \u00ab\u00a0Business Goals Network\u00a0\u00bb managed by Professor Geert Hofstede, University of Tilburg (The Netherlands), International Comparison of business goals<\/strong><br>Pays-Bas<\/p>\n\n\n\n<p><strong>R\u00e9seau \u00ab\u00a0Business Goals\u00a0\u00bb avec le professeur Geert Hofstede, Universit\u00e9 de Tilburg (Pays-Bas), Comparaison internationale des buts de l&rsquo;entrepreneur<\/strong><br>Pays-Bas<\/p>\n\n\n\n<p><strong>Coop\u00e9ration avec le Professeur Eric Davoine (Universit\u00e9 de Fribourg)sur la Comparaison franco-allemande de la gestion du temps parmi les cadres d&rsquo;entreprise<\/strong><br>Suisse<\/p>\n\n\n\n<h3 class=\"wp-block-heading\" style=\"font-style:normal;font-weight:900\">Autres collaborations<\/h3>\n\n\n\n<h4 class=\"wp-block-heading\">Europe<\/h4>\n\n\n\n<p><strong>Etnicit\u00e9 des produits<\/strong><br>Coop\u00e9ration de recherche avec la Professeure Ghislaine Cestre (HEC, UNIL) portant sur l&rsquo;\u00e9tude de l&rsquo;influence de l&rsquo;origine des produits sur les \u00e9valuations des consommateurs, en particulier sur le concept d&rsquo;ethnicit\u00e9 des produits.<br>Suisse<\/p>\n\n\n\n<p><strong>R\u00e9seau informel<\/strong><br>Participation au r\u00e9seau informel sur les perspectives en m\u00e9thodologie de la recherche en sciences sociales(Polytechnique\/Mines de Paris \/ MIT \/Harvard \/Wharton. Coordinateur Herv\u00e9 Dumez, Centre de Recherche en Gestion de l&rsquo;Ecole Polytechnique, Paris, France.<br>France<\/p>\n\n\n\n<h4 class=\"wp-block-heading\">Inconnu<\/h4>\n\n\n\n<p><strong>International Journal of Cross-Cultural Management, Sage(Member of the editorial board)<\/strong><\/p>\n\n\n\n<p><strong>Management International Review, Gabler (Member of the editorial board)<\/strong><\/p>\n\n\n\n<p><strong>Journal of Business Research, Elsevier (Member of the editorial board)<\/strong><\/p>\n\n\n\n<p><strong>Journal of International Marketing, AMA (American Marketing Association, Member of the editorial board<\/strong><\/p>\n\n\n\n<p><strong>Journal of World Business, Pergamon\/Elsevier (Member of the editorial board)<\/strong><\/p>\n\n\n\n<p><strong>International Business Review Pergamon\/Elsevier (Member of the editorial board)<\/strong><\/p>\n\n\n\n<p><strong>Recherche et Applications en Marketing, AFM\/PUG\/CNRS (Membre du Comit\u00e9 de Lecture)<\/strong><\/p>\n\n\n\n<p><strong>D\u00e9cisions Marketing, AFM\/CECOEDUC, Membre du bureau de r\u00e9daction<\/strong><\/p>\n\n\n\n<p><strong>Revue Fran\u00e7aise de Gestion, FNEGE (Lecteur anonyme)<\/strong><\/p>\n","protected":false},"excerpt":{"rendered":"<p>Collaborations et r\u00e9seaux Interuniversitaires Europe Member of the \u00ab\u00a0Business Goals Network\u00a0\u00bb managed by Professor Geert Hofstede, University of Tilburg (The Netherlands), International Comparison of business goalsPays-Bas R\u00e9seau \u00ab\u00a0Business&hellip;<\/p>\n","protected":false},"author":1001133,"featured_media":0,"parent":0,"menu_order":0,"comment_status":"closed","ping_status":"closed","template":"","meta":{"_seopress_robots_primary_cat":"","_seopress_titles_title":"","_seopress_titles_desc":"","_seopress_robots_index":"","footnotes":""},"class_list":["post-28","page","type-page","status-publish","has-post-thumbnail"],"_links":{"self":[{"href":"https:\/\/people.unil.ch\/jeanclaudeusunier\/wp-json\/wp\/v2\/pages\/28","targetHints":{"allow":["GET"]}}],"collection":[{"href":"https:\/\/people.unil.ch\/jeanclaudeusunier\/wp-json\/wp\/v2\/pages"}],"about":[{"href":"https:\/\/people.unil.ch\/jeanclaudeusunier\/wp-json\/wp\/v2\/types\/page"}],"author":[{"embeddable":true,"href":"https:\/\/people.unil.ch\/jeanclaudeusunier\/wp-json\/wp\/v2\/users\/1001133"}],"replies":[{"embeddable":true,"href":"https:\/\/people.unil.ch\/jeanclaudeusunier\/wp-json\/wp\/v2\/comments?post=28"}],"version-history":[{"count":0,"href":"https:\/\/people.unil.ch\/jeanclaudeusunier\/wp-json\/wp\/v2\/pages\/28\/revisions"}],"wp:attachment":[{"href":"https:\/\/people.unil.ch\/jeanclaudeusunier\/wp-json\/wp\/v2\/media?parent=28"}],"curies":[{"name":"wp","href":"https:\/\/api.w.org\/{rel}","templated":true}]}}

<h2 class="wp-block-heading">Collaborations et réseaux</h2>



<h3 class="wp-block-heading" style="font-style:normal;font-weight:900">Interuniversitaires</h3>



<h4 class="wp-block-heading">Europe</h4>



<p><strong>Member of the « Business Goals Network » managed by Professor Geert Hofstede, University of Tilburg (The Netherlands), International Comparison of business goals</strong><br>Pays-Bas</p>



<p><strong>Réseau « Business Goals » avec le professeur Geert Hofstede, Université de Tilburg (Pays-Bas), Comparaison internationale des buts de l&rsquo;entrepreneur</strong><br>Pays-Bas</p>



<p><strong>Coopération avec le Professeur Eric Davoine (Université de Fribourg)sur la Comparaison franco-allemande de la gestion du temps parmi les cadres d&rsquo;entreprise</strong><br>Suisse</p>



<h3 class="wp-block-heading" style="font-style:normal;font-weight:900">Autres collaborations</h3>



<h4 class="wp-block-heading">Europe</h4>



<p><strong>Etnicité des produits</strong><br>Coopération de recherche avec la Professeure Ghislaine Cestre (HEC, UNIL) portant sur l&rsquo;étude de l&rsquo;influence de l&rsquo;origine des produits sur les évaluations des consommateurs, en particulier sur le concept d&rsquo;ethnicité des produits.<br>Suisse</p>



<p><strong>Réseau informel</strong><br>Participation au réseau informel sur les perspectives en méthodologie de la recherche en sciences sociales(Polytechnique/Mines de Paris / MIT /Harvard /Wharton. Coordinateur Hervé Dumez, Centre de Recherche en Gestion de l&rsquo;Ecole Polytechnique, Paris, France.<br>France</p>



<h4 class="wp-block-heading">Inconnu</h4>



<p><strong>International Journal of Cross-Cultural Management, Sage(Member of the editorial board)</strong></p>



<p><strong>Management International Review, Gabler (Member of the editorial board)</strong></p>



<p><strong>Journal of Business Research, Elsevier (Member of the editorial board)</strong></p>



<p><strong>Journal of International Marketing, AMA (American Marketing Association, Member of the editorial board</strong></p>



<p><strong>Journal of World Business, Pergamon/Elsevier (Member of the editorial board)</strong></p>



<p><strong>International Business Review Pergamon/Elsevier (Member of the editorial board)</strong></p>



<p><strong>Recherche et Applications en Marketing, AFM/PUG/CNRS (Membre du Comité de Lecture)</strong></p>



<p><strong>Décisions Marketing, AFM/CECOEDUC, Membre du bureau de rédaction</strong></p>



<p><strong>Revue Française de Gestion, FNEGE (Lecteur anonyme)</strong></p>

<p>Collaborations et réseaux Interuniversitaires Europe Member of the « Business Goals Network » managed by Professor Geert Hofstede, University of Tilburg (The Netherlands), International Comparison of business goalsPays-Bas Réseau « Business&hellip;</p>
