{"id":17,"date":"2015-05-18T15:10:28","date_gmt":"2015-05-18T13:10:28","guid":{"rendered":"http:\/\/people.unil.ch\/joelwagner\/?page_id=17"},"modified":"2026-03-30T17:50:43","modified_gmt":"2026-03-30T15:50:43","slug":"joel-wagner","status":"publish","type":"page","link":"https:\/\/people.unil.ch\/joelwagner\/joel-wagner\/","title":{"rendered":"Jo\u00ebl Wagner"},"content":{"rendered":"<div class=\"wp-block-image\">\n<figure class=\"alignright\"><a href=\"https:\/\/people.unil.ch\/joelwagner\/files\/2015\/05\/wagner.jpg\"><img loading=\"lazy\" decoding=\"async\" width=\"241\" height=\"300\" src=\"https:\/\/people.unil.ch\/joelwagner\/files\/2015\/05\/wagner-241x300.jpg\" alt=\"wagner\" class=\"wp-image-46\" srcset=\"https:\/\/people.unil.ch\/joelwagner\/files\/2015\/05\/wagner-241x300.jpg 241w, https:\/\/people.unil.ch\/joelwagner\/files\/2015\/05\/wagner.jpg 526w\" sizes=\"auto, (max-width: 241px) 100vw, 241px\" \/><\/a><\/figure>\n<\/div>\n\n\n<p>Since 2014, Jo\u00ebl Wagner is a Full Professor in the <a href=\"https:\/\/www.unil.ch\/dsa\/en\/home.html\" target=\"_blank\" rel=\"noopener noreferrer\">Department of Actuarial Science<\/a> at the <a href=\"https:\/\/www.unil.ch\/hec\/en\/home.html\" target=\"_blank\" rel=\"noopener noreferrer\">HEC<\/a> Faculty of the <a href=\"https:\/\/www.unil.ch\/index.html\" target=\"_blank\" rel=\"noopener noreferrer\">University of Lausanne<\/a>. He is also a member of the <a href=\"https:\/\/www.sfi.ch\/en\" target=\"_blank\" rel=\"noopener noreferrer\">Swiss Finance Institute<\/a> at University of Lausanne (since 2017) and invited lecturer at the <a href=\"https:\/\/www.epfl.ch\/en\/\" target=\"_blank\" rel=\"noopener noreferrer\">Swiss Federal Institute of Technology Lausanne<\/a> (EPFL). He currently serves on the Board of Directors of <a href=\"https:\/\/www.retraitespopulaires.ch\/a-propos\/organes\/ca\" target=\"_blank\" rel=\"noopener noreferrer\">Retraites Populaires<\/a> (since 2019, Chairman 2020-2021) and <a href=\"https:\/\/www.lalux.lu\" target=\"_blank\" rel=\"noreferrer noopener\">La Luxembourgeoise<\/a> (Lalux Group, Lalux Assurances, Lalux Assurances-Vie, since 2022). He is a former member\u00a0of the <a href=\"https:\/\/www.oak-bv.admin.ch\/fr\/commission-de-haute-surveillance-de-la-prevoyance-professionnelle-chs-pp\/\" target=\"_blank\" rel=\"noopener noreferrer\">Swiss Occupational Pension Supervisory Commission<\/a> (CHS PP, 2018-2019), the <a href=\"https:\/\/www.bag.admin.ch\/fr\/commission-federale-monitorage-des-couts-et-de-la-qualite-assurance-obligatoire-des-soins-cfcq\" data-type=\"link\" data-id=\"https:\/\/www.bag.admin.ch\/fr\/commission-federale-monitorage-des-couts-et-de-la-qualite-assurance-obligatoire-des-soins-cfcq\" target=\"_blank\" rel=\"noreferrer noopener\">Federal Commission for Cost and Quality Monitoring in Mandatory Health Insurance<\/a> (CFCQ, 2026), and the Board of Directors of the <a href=\"https:\/\/liser.lu\" data-type=\"link\" data-id=\"https:\/\/liser.lu\" target=\"_blank\" rel=\"noreferrer noopener\">Luxembourg Institute of Socio-Economic Research<\/a> (LISER, 2025-2026).<\/p>\n\n\n\n<p><strong>Academic curriculum.<\/strong> Jo\u00ebl finished his postdoctoral lecture qualification (habilitation) on topics in Insurance Management and Financial Stability in 2013 and has been awarded the degree of Privatdozent at the&nbsp;<a href=\"https:\/\/www.unisg.ch\/en\" target=\"_blank\" rel=\"noopener noreferrer\">University of St. Gallen<\/a>&nbsp;(HSG). He holds a&nbsp;<em>venia legendi<\/em>&nbsp;in Business Administration with special emphasis on Risk Management. He holds a Ph.D. in Mathematics (Dr. \u00e8s sc. , fields of analysis, numerical analysis and simulation, 2006) and an engineering degree in Physics (Master,&nbsp;ing. phys. dipl. EPF, 2002) from EPFL. During his doctoral studies, he was also a visiting research associate at the <a href=\"https:\/\/uh.edu\" target=\"_blank\" rel=\"noopener noreferrer\">University of Houston<\/a> (2002, 2003).<\/p>\n\n\n\n<p><strong>Past positions.<\/strong> From 2010 until 2014 he was Assistant Professor of Risk Management and Insurance at HSG and Member of the Executive Board of the <a href=\"https:\/\/www.ivw.unisg.ch\" target=\"_blank\" rel=\"noopener noreferrer\">Institute of Insurance Economics<\/a>. He was also a Member of the Steering Committee of that university\u2019s profile unit Responsible Corporate Competitiveness. He taught various courses in the university\u2019s Master in Banking and Finance curriculum and selected modules in the institute\u2019s executive education programme.&nbsp;From 2006 to 2009 he was a consultant in the Financial Services and Insurance practice of <a href=\"https:\/\/www.bcg.com\/en-ch\/\" target=\"_blank\" rel=\"noopener noreferrer\">The Boston Consulting Group<\/a>.<\/p>\n\n\n\n<p><strong>Research interests.<\/strong> His research focuses on current topics in risk management and insurance. Recent and ongoing work includes the analysis of current challenges in life and pension insurance (e.g., model risk, option pricing, pension reforms), health insurance (e.g., long-term care financing, multimorbidity and cost of care), insurance management (multichannel distribution, claims auditing, innovation and sustainability), and recent developments in regulatory and reporting frameworks (costs and benefits from regulation, solvency requirements &#8212; e. g., Swiss Solvency Test, Solvency II and pension coverage ratios &#8212; guaranty funds, IFRS and embedded value reporting). His activities include regular projects with insurance companies, studies on selected topics for the insurance industry, and collaborations with government bodies. Jo\u00ebl Wagner frequently presents his findings at academic conferences and in talks to practitioners. He regularly publishes his work in academic <a href=\"https:\/\/people.unil.ch\/joelwagner\/publications\/\" data-type=\"page\" data-id=\"169\" target=\"_blank\" rel=\"noreferrer noopener\">peer-reviewed journals<\/a>.<\/p>\n\n\n\n<hr class=\"wp-block-separator has-css-opacity\" \/>\n\n\n\n<p><strong>Current Positions<\/strong><\/p>\n\n\n\n<ul class=\"wp-block-list\">\n<li>Full Professor in Actuarial Science,&nbsp;Faculty of Business and Economics (HEC), University of Lausanne (UNIL), Switzerland [<a href=\"https:\/\/hecnet.unil.ch\/hec\/recherche\/fiche?pnom=jwagner&amp;dyn_lang=en\" target=\"_blank\" rel=\"noopener noreferrer\">link<\/a>]<\/li>\n\n\n\n<li>Swiss Finance Institute Professor at University of Lausanne, SFI@UNIL, Switzerland [<a href=\"https:\/\/www.sfi.ch\/en\/people\/joel-wagner\" target=\"_blank\" rel=\"noopener noreferrer\">link<\/a>]<\/li>\n\n\n\n<li>Member of the Board of Directors, Retraites Populaires, Lausanne, Switzerland [<a href=\"https:\/\/www.retraitespopulaires.ch\/a-propos\/organes\/ca\" target=\"_blank\" rel=\"noopener noreferrer\">link<\/a>]<\/li>\n\n\n\n<li>Member of the Board of Directors, La Luxembourgeoise, Luxembourg, Luxembourg<\/li>\n<\/ul>\n\n\n\n<p><strong>Institutional R<\/strong><b>esponsibilities<\/b><\/p>\n\n\n\n<ul class=\"wp-block-list\">\n<li>Director of the PhD program in Actuarial Science, HEC-UNIL, Switzerland<\/li>\n\n\n\n<li>Academic Director of various Executive Management Training Programs, HEC-UNIL, Switzerland<\/li>\n<\/ul>\n\n\n\n<p><strong>Other Engagement Activities<\/strong><\/p>\n\n\n\n<ul class=\"wp-block-list\">\n<li>Member of the Editorial Board of the journals <a href=\"https:\/\/www.palgrave.com\/gp\/journal\/41288\/about\/editorial-board\" target=\"_blank\" rel=\"noopener noreferrer\"><em>Geneva Papers on Risk and Insurance \u2013 Issues and Practice<\/em><\/a> and <a href=\"https:\/\/www.mdpi.com\/journal\/risks\/editors\" target=\"_blank\" rel=\"noopener noreferrer\"><em>Risks<\/em><\/a><\/li>\n\n\n\n<li>Co-organizer of Practitioner Conferences <a href=\"https:\/\/www.unil.ch\/dsa\/en\/home\/menuinst\/seminaires--evenements\/conferences-en-assurances.html\" target=\"_blank\" rel=\"noopener noreferrer\"><em>Cycle de Conf\u00e9rences en Assurances<\/em><\/a>&nbsp;with <a href=\"https:\/\/www.svv.ch\/en\" target=\"_blank\" rel=\"noopener noreferrer\">Swiss Insurance Association<\/a>, Switzerland<\/li>\n\n\n\n<li>Invited lecturer in the course <em><a href=\"https:\/\/isa.epfl.ch\/imoniteur_ISAP\/!itffichecours.htm?ww_i_matiere=2218465304&amp;ww_x_anneeacad=1866895046&amp;ww_i_section=84482813&amp;ww_i_niveau=2936295&amp;ww_c_langue=fr\" target=\"_blank\" rel=\"noopener noreferrer\">New tools &amp; research strategies in personalized health<\/a><\/em> at the Swiss Federal Institute of Technology Lausanne (EPFL)<\/li>\n\n\n\n<li>Member of the <a href=\"https:\/\/www.actuaries.ch\/fr\/fach-arbeitsgruppen\/Fachgruppe%20Sustainability\" target=\"_blank\" rel=\"noreferrer noopener\"><em>Sustainability Working Group<\/em><\/a>, <a href=\"https:\/\/www.actuaries.ch\/fr\/\" target=\"_blank\" rel=\"noreferrer noopener\">Swiss Association of Actuaries<\/a>, Switzerland<\/li>\n\n\n\n<li>Member of the <a href=\"https:\/\/www.cronosfinance.ch\/think-tanks\/\" target=\"_blank\" rel=\"noreferrer noopener\"><em>Think Tank de la Pr\u00e9voyance Professionelle Suisse<\/em><\/a>, Switzerland (until 2020, and from 2025)<\/li>\n\n\n\n<li>Collaboration in the <a href=\"https:\/\/e4s.center\" target=\"_blank\" rel=\"noopener noreferrer\">Enterprise for Society<\/a> (E4S) stream <a href=\"https:\/\/e4s.center\/platform\/shaping-the-future-of-work\/\" target=\"_blank\" rel=\"noopener noreferrer\"><em>Shaping the future of work<\/em><\/a>, Joint venture of the University of Lausanne through HEC Lausanne, IMD and EPFL<\/li>\n\n\n\n<li>Jury Member of the <a href=\"https:\/\/www.ethicsinfinance.org\" target=\"_blank\" rel=\"noopener noreferrer\"><em>Ethics &amp; Trust in Finance Prize<\/em><\/a>, Observatoire de la Finance, Geneva, Switzerland<\/li>\n<\/ul>\n\n\n\n<p><strong>Past Positions<\/strong><\/p>\n\n\n\n<ul class=\"wp-block-list\">\n<li>Member of the Board of Directors, Luxembourg Institute of Socio-Economic Research (2025-2026)<\/li>\n\n\n\n<li>Member of the Federal Commission for Cost and Quality Monitoring in Mandatory Health Insurance, Bern, Switzerland (2026)<\/li>\n<\/ul>\n\n\n\n<hr class=\"wp-block-separator has-css-opacity\" \/>\n\n\n<div class=\"lightweight-accordion\"><details><summary class=\"lightweight-accordion-title\"><span>Past Positions<\/span><\/summary><div class=\"lightweight-accordion-body\">\n\n<table>\n<tbody>\n<tr valign=\"top\">\n<td>2018 \u2013 2019<\/td>\n<td><strong>Member of the Occupational Pension Supervisory Commission<br><\/strong>Swiss Confederation, Berne, Switzerland<\/td>\n<\/tr>\n<tr valign=\"top\">\n<td>2016 \u2013 2017<\/td>\n<td><strong>Invited Professor, Executive MBA<\/strong><br>University of Geneva, Switzerland<\/td>\n<\/tr>\n<tr valign=\"top\">\n<td width=\"20%\">2010 \u2013 2014<\/td>\n<td width=\"80%\"><strong>Assistant Professor of Risk Management and Insurance<\/strong><br>University of St. Gallen, Switzerland<br><strong>Executive Director at the Responsible Corporate Competitiveness profile unit<br><\/strong> University of St. Gallen, Switzerland<\/td>\n<\/tr>\n<tr valign=\"top\">\n<td>2013 \u2013 2014<\/td>\n<td><strong>Member of the Executive Board of the Institute of Insurance Economics<\/strong><br>University of St. Gallen, Switzerland<\/td>\n<\/tr>\n<tr valign=\"top\">\n<td>2010 \u2013 2013<\/td>\n<td><strong>Postdoctoral Research Fellow and Project Leader<\/strong><br>Institute of Insurance Economics, University of St. Gallen, Switzerland<\/td>\n<\/tr>\n<tr valign=\"top\">\n<td>2006 \u2013 2009<\/td>\n<td><strong>Senior Consultant<\/strong><br>The Boston Consulting Group, Zurich, Switzerland<\/td>\n<\/tr>\n<tr valign=\"top\">\n<td>&nbsp;2002 and 2003<\/td>\n<td><strong>Visiting Research Scholar<\/strong><br>Department of Mathematics, University of Houston, USA<\/td>\n<\/tr>\n<tr valign=\"top\">\n<td>2002 \u2013 2006<\/td>\n<td><strong>Research and Teaching Assistant at the Chair of Numerical Analysis and Simulation<\/strong><br>Section of Mathematics, Swiss Federal Institute of Technology Lausanne, Switzerland<\/td>\n<\/tr>\n<\/tbody>\n<\/table>\n\n<\/div><\/details><\/div>\n\n\n<hr class=\"wp-block-separator has-css-opacity\" \/>\n\n\n<div class=\"lightweight-accordion\"><details><summary class=\"lightweight-accordion-title\"><span>Education and Degrees<\/span><\/summary><div class=\"lightweight-accordion-body\">\n\n<table>\n<tbody>\n<tr valign=\"top\">\n<td width=\"20%\">2014<\/td>\n<td width=\"80%\"><strong>Privatdozent<\/strong><br><em> Venia Legendi<\/em> in Business Administration with special emphasis on Risk Management School of Management, University of St. Gallen, Switzerland<\/td>\n<\/tr>\n<tr valign=\"top\">\n<td width=\"20%\">2010 \u2013 2013<\/td>\n<td width=\"80%\"><strong>Postdoctoral Thesis (\u201cHabilitation\u201d) in Risk Management and Insurance<\/strong><br>Title: \u201cEssays on Insurance Management and Financial Stability\u201d<\/td>\n<\/tr>\n<tr valign=\"top\">\n<td width=\"20%\">2006<\/td>\n<td width=\"80%\"><strong>Ph.D. in Mathematics (Dr. \u00e8s sc.)<\/strong><br>School of Basic Sciences, Swiss Federal Institute of Technology Lausanne, Switzerland<\/td>\n<\/tr>\n<tr valign=\"top\">\n<td width=\"20%\">2002 \u2013 2006<\/td>\n<td width=\"80%\"><strong>Doctoral Thesis in Applied Mathematics<\/strong><br>Title: \u201cFinite element methods with patches and applications\u201d<\/td>\n<\/tr>\n<tr valign=\"top\">\n<td width=\"20%\">2002<\/td>\n<td width=\"80%\"><strong>Master of Science in Physics (ing. phys. dipl. EPF)<\/strong><br>Swiss Federal Institute of Technology Lausanne, Switzerland<\/td>\n<\/tr>\n<tr valign=\"top\">\n<td width=\"20%\">1997 \u2013 2002<\/td>\n<td width=\"80%\"><strong>Studies in Physics, Master Thesis in Numerical Analysis and Theoretical Physics<br><\/strong> Title: \u201cEtude par analyse num\u00e9rique des \u00e9quations de continuit\u00e9 et d\u2019Euler associ\u00e9s \u00e0 diff\u00e9rents mod\u00e8les uni-dimensionnels de liquides conservatifs\u201d<\/td>\n<\/tr>\n<tr valign=\"top\">\n<td width=\"20%\">2001<\/td>\n<td width=\"80%\"><strong>EPFL \u2013 CREATE Entrepreneurship Certificate<\/strong><br>Branco Weiss Chair of Entrepreneurship &amp; Innovation<br>Swiss Federal Institute of Technology Lausanne, Switzerland<\/td>\n<\/tr>\n<\/tbody>\n<\/table>\n\n<\/div><\/details><\/div>","protected":false},"excerpt":{"rendered":"<p>Since 2014, Jo\u00ebl Wagner is a Full Professor in the Department of Actuarial Science at the HEC Faculty of the University of Lausanne. He is also a member of the Swiss Finance Institute at University of Lausanne (since 2017) and invited lecturer at the Swiss Federal Institute of Technology Lausanne (EPFL). He currently serves on [&hellip;]<\/p>\n","protected":false},"author":1001018,"featured_media":0,"parent":0,"menu_order":0,"comment_status":"closed","ping_status":"closed","template":"templates\/template-full-width.php","meta":{"_seopress_robots_primary_cat":"","_seopress_titles_title":"","_seopress_titles_desc":"","_seopress_robots_index":"","footnotes":""},"class_list":["post-17","page","type-page","status-publish"],"_links":{"self":[{"href":"https:\/\/people.unil.ch\/joelwagner\/wp-json\/wp\/v2\/pages\/17","targetHints":{"allow":["GET"]}}],"collection":[{"href":"https:\/\/people.unil.ch\/joelwagner\/wp-json\/wp\/v2\/pages"}],"about":[{"href":"https:\/\/people.unil.ch\/joelwagner\/wp-json\/wp\/v2\/types\/page"}],"author":[{"embeddable":true,"href":"https:\/\/people.unil.ch\/joelwagner\/wp-json\/wp\/v2\/users\/1001018"}],"replies":[{"embeddable":true,"href":"https:\/\/people.unil.ch\/joelwagner\/wp-json\/wp\/v2\/comments?post=17"}],"version-history":[{"count":5,"href":"https:\/\/people.unil.ch\/joelwagner\/wp-json\/wp\/v2\/pages\/17\/revisions"}],"predecessor-version":[{"id":1933,"href":"https:\/\/people.unil.ch\/joelwagner\/wp-json\/wp\/v2\/pages\/17\/revisions\/1933"}],"wp:attachment":[{"href":"https:\/\/people.unil.ch\/joelwagner\/wp-json\/wp\/v2\/media?parent=17"}],"curies":[{"name":"wp","href":"https:\/\/api.w.org\/{rel}","templated":true}]}}