{"id":36,"date":"2023-09-23T17:12:02","date_gmt":"2023-09-23T15:12:02","guid":{"rendered":"https:\/\/people.unil.ch\/josefphilipptrein\/?page_id=36"},"modified":"2024-01-02T20:15:03","modified_gmt":"2024-01-02T19:15:03","slug":"teaching","status":"publish","type":"page","link":"https:\/\/people.unil.ch\/josefphilipptrein\/teaching\/","title":{"rendered":"Teaching"},"content":{"rendered":"\n<p><strong>Fall semester (since 2021):<\/strong><\/p>\n\n\n\n<ul class=\"wp-block-list\">\n<li>Course: Use and Misuse of Expertise in Public Policy and Administration, Lausanne, IDHEAP (Swiss Graduate School of Public Administration).<\/li>\n\n\n\n<li>Course: \u201cInstitutions and Governance Strategies for Dealing with Complex Problems\u201d, Lausanne, IDHEAP.<\/li>\n<\/ul>\n\n\n\n<p><strong>Spring semester (since 2022):<\/strong><\/p>\n\n\n\n<ul class=\"wp-block-list\">\n<li>Spring 2022: \u201cAdministration publique compar\u00e9e\u201d, Lausanne, IDHEAP.<\/li>\n\n\n\n<li>Seminar: Politique de la sant\u00e9: Enjeux et pouvoir, Lausanne, IEP.<\/li>\n<\/ul>\n\n\n\n<h3 class=\"wp-block-heading\">Past courses<\/h3>\n\n\n\n<p>Fall 2021, Seminar: CUSO-Module: Research Design, Lausanne.<\/p>\n\n\n\n<p>Spring 2021, Seminar: Politique suisse, Lausanne.<\/p>\n\n\n\n<p>Fall 2020, Course: Comparative Public Administration, Lausanne.<\/p>\n\n\n\n<p>Fall 2019, Seminar: CUSO-Module: Research Design, Lausanne.<\/p>\n\n\n\n<p>Fall 2019, Course: Comparative Public Administration, Lausanne.<\/p>\n\n\n\n<p>Spring 2019, Seminar: Politique suisse, Lausanne.<\/p>\n\n\n\n<p>Fall 2018, Seminar: CUSO-Module: Research Design, Lausanne.<\/p>\n\n\n\n<p>Spring 2017, Seminar: Politique suisse, Lausanne.<\/p>\n\n\n\n<p>11\/2015, Seminar: M\u00e9thode compar\u00e9e: Politique de la sant\u00e9 dans une perspective comparative, part of the Master of Public Administration, IDHEAP.<\/p>\n\n\n\n<p>Fall 2015, Seminar: Analyse et \u00e9valuation des politiques publiques, Lausanne.<\/p>\n\n\n\n<p>03\/2015, Seminar: Political Economy of Health Care; part of the Executive M.Sc. in the Political Economy of Europe, LSE (London School of Economics and Political Science).<\/p>\n\n\n\n<p>Spring 2015, Seminar: Le f\u00e9d\u00e9ralisme dans une perspective comparative, Lausanne.<\/p>\n\n\n\n<p>Spring 2015, Seminar: Politique suisse, Lausanne.<\/p>\n\n\n\n<p>Fall 2014, Seminar: Concepts et th\u00e9ories A, Lausanne.<\/p>\n\n\n\n<p>Fall 2014, Lecture: Politique suisse (Assistant to Prof. Yannis Papadopulos), Lausanne.<\/p>\n","protected":false},"excerpt":{"rendered":"<p>Fall semester (since 2021): Spring semester (since 2022): Past courses Fall 2021, Seminar: CUSO-Module: Research Design, Lausanne. Spring 2021, Seminar: Politique suisse, Lausanne. Fall 2020, Course: Comparative Public&hellip;<\/p>\n","protected":false},"author":1001157,"featured_media":0,"parent":0,"menu_order":0,"comment_status":"closed","ping_status":"closed","template":"","meta":{"_seopress_robots_primary_cat":"","_seopress_titles_title":"","_seopress_titles_desc":"","_seopress_robots_index":"","footnotes":""},"class_list":["post-36","page","type-page","status-publish","has-post-thumbnail"],"_links":{"self":[{"href":"https:\/\/people.unil.ch\/josefphilipptrein\/wp-json\/wp\/v2\/pages\/36","targetHints":{"allow":["GET"]}}],"collection":[{"href":"https:\/\/people.unil.ch\/josefphilipptrein\/wp-json\/wp\/v2\/pages"}],"about":[{"href":"https:\/\/people.unil.ch\/josefphilipptrein\/wp-json\/wp\/v2\/types\/page"}],"author":[{"embeddable":true,"href":"https:\/\/people.unil.ch\/josefphilipptrein\/wp-json\/wp\/v2\/users\/1001157"}],"replies":[{"embeddable":true,"href":"https:\/\/people.unil.ch\/josefphilipptrein\/wp-json\/wp\/v2\/comments?post=36"}],"version-history":[{"count":0,"href":"https:\/\/people.unil.ch\/josefphilipptrein\/wp-json\/wp\/v2\/pages\/36\/revisions"}],"wp:attachment":[{"href":"https:\/\/people.unil.ch\/josefphilipptrein\/wp-json\/wp\/v2\/media?parent=36"}],"curies":[{"name":"wp","href":"https:\/\/api.w.org\/{rel}","templated":true}]}}