{"id":19,"date":"2020-08-04T14:38:12","date_gmt":"2020-08-04T12:38:12","guid":{"rendered":"http:\/\/people.unil.ch\/mariusbrulhart\/?page_id=19"},"modified":"2025-02-23T11:44:30","modified_gmt":"2025-02-23T10:44:30","slug":"media-policy-en-francais","status":"publish","type":"page","link":"https:\/\/people.unil.ch\/mariusbrulhart\/media-policy\/media-policy-en-francais\/","title":{"rendered":"Media &amp; Policy &#8211; En fran\u00e7ais"},"content":{"rendered":"\n<p class=\"has-text-align-left\">Radio et t\u00e9l\u00e9vision: quelques clips sur <a href=\"https:\/\/avisdexperts.ch\/fr\/user\/15966\" target=\"_blank\" rel=\"noreferrer noopener\"><img alt=\"\" loading=\"lazy\" decoding=\"async\" width=\"155\" height=\"113\" class=\"wp-image-49\" style=\"width: 120px\" src=\"https:\/\/people.unil.ch\/mariusbrulhart\/files\/2020\/08\/image009.jpg\" alt=\"\"><\/a><\/p>\n\n\n<ul class=\"wp-block-latest-posts__list wp-block-latest-posts\"><li><a class=\"wp-block-latest-posts__post-title\" href=\"https:\/\/people.unil.ch\/mariusbrulhart\/2026\/02\/fortune-privee-et-heritages-en-suisse-au-xxie-siecle\/\">Fortune priv\u00e9e et h\u00e9ritages en Suisse au XXIe si\u00e8cle<\/a><div class=\"wp-block-latest-posts__post-full-content\"><!-- wp:paragraph -->\n<p><em>E4S White Paper <\/em>(r\u00e9sum\u00e9), avec Andreas Fuster, Isabel Z. Mart\u00ednez et Falone Moseka (f\u00e9vrier 2026). <a href=\"https:\/\/e4s.center\/wp-content\/uploads\/2026\/02\/E4S-White-Paper-Wealth-and-Inheritance-FRA-final2.pdf\">Lien<\/a><\/p>\n<!-- \/wp:paragraph -->\n\n<!-- wp:paragraph -->\n<p><\/p>\n<!-- \/wp:paragraph --><\/div><\/li>\n<li><a class=\"wp-block-latest-posts__post-title\" href=\"https:\/\/people.unil.ch\/mariusbrulhart\/2025\/03\/hausse-des-taxes-detudes-noublions-pas-dadapter-les-bourses\/\">Hausse des taxes d&#8217;\u00e9tudes : n&#8217;oublions pas d&#8217;adapter les bourses&nbsp;!<\/a><div class=\"wp-block-latest-posts__post-full-content\"><!-- wp:paragraph -->\n<p><em>Le Temps<\/em>, mars 2025. <a href=\"https:\/\/people.unil.ch\/mariusbrulhart\/files\/2025\/03\/letemps-taxes-uni-2503.pdf\">Lien<\/a><\/p>\n<!-- \/wp:paragraph -->\n\n<!-- wp:paragraph -->\n<p><\/p>\n<!-- \/wp:paragraph --><\/div><\/li>\n<li><a class=\"wp-block-latest-posts__post-title\" href=\"https:\/\/people.unil.ch\/mariusbrulhart\/2024\/12\/impot-federal-sur-les-successions-selon-linitiative-pour-lavenir-substrat-fiscal-et-effets-sur-le-comportement-des-contribuables\/\">Imp\u00f4t f\u00e9d\u00e9ral sur les successions selon \u00ab&nbsp;l\u2019initiative pour l\u2019avenir&nbsp;\u00bb&nbsp;: substrat fiscal et effets sur le comportement des contribuables<\/a><div class=\"wp-block-latest-posts__post-full-content\"><!-- wp:paragraph -->\n<p>\u00c9tude mandat\u00e9e par l&#8217;Administration f\u00e9d\u00e9rale des contributions (version traduite de l&#8217;original allemand), d\u00e9cembre 2024. <a href=\"https:\/\/people.unil.ch\/mariusbrulhart\/files\/2025\/05\/estv-bericht-nachlasssteuer-vf.pdf\">Lien<\/a><\/p>\n<!-- \/wp:paragraph -->\n\n<!-- wp:paragraph -->\n<p><\/p>\n<!-- \/wp:paragraph --><\/div><\/li>\n<li><a class=\"wp-block-latest-posts__post-title\" href=\"https:\/\/people.unil.ch\/mariusbrulhart\/2024\/11\/les-heritages-et-les-impots-que-nous-apprennent-les-donnees\/\">Les h\u00e9ritages et les imp\u00f4ts: Que nous apprennent les donn\u00e9es ?<\/a><div class=\"wp-block-latest-posts__post-full-content\"><!-- wp:paragraph -->\n<p>Conf\u00e9rence <a href=\"https:\/\/www.unil.ch\/sciencesaucarre\/fr\/home.html\">(Sciences)<sup>2<\/sup><\/a>, UNIL, novembre 2024. <a href=\"https:\/\/people.unil.ch\/mariusbrulhart\/files\/2024\/11\/Sciences^2-successions-2411.pdf\">Lien<\/a><\/p>\n<!-- \/wp:paragraph -->\n\n<!-- wp:paragraph -->\n<p><\/p>\n<!-- \/wp:paragraph --><\/div><\/li>\n<li><a class=\"wp-block-latest-posts__post-title\" href=\"https:\/\/people.unil.ch\/mariusbrulhart\/2024\/09\/le-sjes-fete-ses-160-ans-une-retrospective-des-sciences-economiques-suisses\/\">Le SJES f\u00eate ses 160 ans: une r\u00e9trospective des sciences \u00e9conomiques suisses<\/a><div class=\"wp-block-latest-posts__post-full-content\"><!-- wp:paragraph -->\n<p><em>La Vie \u00e9conomique<\/em>, septembre 2024. <a href=\"https:\/\/dievolkswirtschaft.ch\/fr\/2024\/09\/le-sjes-fete-ses-160-ans-une-retrospective-des-sciences-economiques-suisses\/\">Lien<\/a><\/p>\n<!-- \/wp:paragraph -->\n\n<!-- wp:paragraph -->\n<p><\/p>\n<!-- \/wp:paragraph --><\/div><\/li>\n<li><a class=\"wp-block-latest-posts__post-title\" href=\"https:\/\/people.unil.ch\/mariusbrulhart\/2024\/04\/une-concurrence-fiscale-accrue-malgre-la-redistribution\/\">Une concurrence fiscale accrue malgr\u00e9 la redistribution<\/a><div class=\"wp-block-latest-posts__post-full-content\"><!-- wp:paragraph -->\n<p><em>La Vie \u00e9conomique<\/em>, avril 2024. <a href=\"https:\/\/dievolkswirtschaft.ch\/fr\/2024\/04\/une-concurrence-fiscale-accrue-malgre-la-redistribution\/\">Lien<\/a><\/p>\n<!-- \/wp:paragraph --><\/div><\/li>\n<li><a class=\"wp-block-latest-posts__post-title\" href=\"https:\/\/people.unil.ch\/mariusbrulhart\/2023\/11\/la-politique-dendettement-de-la-suisse-est-elle-trop-stricte\/\">La politique d\u2019endettement de la Suisse est-elle trop stricte\u00a0?<\/a><div class=\"wp-block-latest-posts__post-full-content\"><!-- wp:paragraph -->\n<p><em>La Vie \u00e9conomique<\/em>, novembre 2023. <a href=\"https:\/\/dievolkswirtschaft.ch\/fr\/2023\/11\/la-politique-dendettement-de-la-suisse-est-elle-trop-stricte\/\" data-type=\"link\" data-id=\"https:\/\/dievolkswirtschaft.ch\/fr\/2023\/11\/la-politique-dendettement-de-la-suisse-est-elle-trop-stricte\/\" target=\"_blank\" rel=\"noreferrer noopener\">Lien<\/a><\/p>\n<!-- \/wp:paragraph --><\/div><\/li>\n<li><a class=\"wp-block-latest-posts__post-title\" href=\"https:\/\/people.unil.ch\/mariusbrulhart\/2021\/04\/des-competences-federales-fortes-un-avantage-en-temps-de-pandemie\/\">Des comp\u00e9tences f\u00e9d\u00e9rales fortes, un avantage en temps de pand\u00e9mie<\/a><div class=\"wp-block-latest-posts__post-full-content\"><!-- wp:paragraph -->\n<p><em>La Vie \u00e9conomique<\/em>, avril 2021. <a href=\"https:\/\/dievolkswirtschaft.ch\/content\/uploads\/2021\/04\/05_Bruelhart_Schmidheiny_FR.pdf\" target=\"_blank\" rel=\"noreferrer noopener\">Lien<\/a><\/p>\n<!-- \/wp:paragraph --><\/div><\/li>\n<li><a class=\"wp-block-latest-posts__post-title\" href=\"https:\/\/people.unil.ch\/mariusbrulhart\/2020\/04\/deconfinons-deconfinons-esquisse-dune-strategie-combinant-facteurs-sanitaires-et-economiques\/\">D\u00e9confinons ! D\u00e9confinons ? Esquisse d\u2019une strat\u00e9gie combinant facteurs sanitaires et \u00e9conomiques<\/a><div class=\"wp-block-latest-posts__post-full-content\"><!-- wp:paragraph -->\n<p>E4S Policy Brief, avril 2020. <a href=\"https:\/\/people.unil.ch\/mariusbrulhart\/files\/2024\/07\/Lockdown-release_0418_clean.pdf\" data-type=\"URL\" data-id=\"https:\/\/e4s.center\/document\/sortie-du-confinement\/?lang=fr\" target=\"_blank\" rel=\"noreferrer noopener\">Lien<\/a><\/p>\n<!-- \/wp:paragraph --><\/div><\/li>\n<li><a class=\"wp-block-latest-posts__post-title\" href=\"https:\/\/people.unil.ch\/mariusbrulhart\/2020\/04\/prise-en-charge-des-salaires-et-prets-corona-pourquoi-et-comment-letat-devrait-assumer-les-couts-economiques-du-confinement\/\">Prise en charge des salaires et \u00ab pr\u00eats Corona \u00bb : Pourquoi et comment l\u2019\u00c9tat devrait assumer les co\u00fbts \u00e9conomiques du confinement<\/a><div class=\"wp-block-latest-posts__post-full-content\"><!-- wp:paragraph -->\n<p>E4S Policy Brief, mars 2020. <a href=\"https:\/\/people.unil.ch\/mariusbrulhart\/files\/2024\/07\/202003_corona-Version-Website-FR.pdf\" target=\"_blank\" rel=\"noreferrer noopener\">Lien<\/a><\/p>\n<!-- \/wp:paragraph --><\/div><\/li>\n<li><a class=\"wp-block-latest-posts__post-title\" href=\"https:\/\/people.unil.ch\/mariusbrulhart\/2019\/12\/heritages-95-millards-de-francs-presque-exoneres-dimpots\/\">H\u00e9ritages : 95 milliards de francs presque exon\u00e9r\u00e9s d\u2019imp\u00f4ts<\/a><div class=\"wp-block-latest-posts__post-full-content\"><!-- wp:paragraph -->\n<p><em>Le Temps<\/em>, d\u00e9cembre 2019. <a rel=\"noreferrer noopener\" href=\"https:\/\/www.letemps.ch\/opinions\/heritages-95-milliards-francs-presque-exoneres-dimpots\" target=\"_blank\">Lien<\/a><\/p>\n<!-- \/wp:paragraph --><\/div><\/li>\n<li><a class=\"wp-block-latest-posts__post-title\" href=\"https:\/\/people.unil.ch\/mariusbrulhart\/2019\/12\/les-heritages-en-suisse\/\">Les h\u00e9ritages en Suisse<\/a><div class=\"wp-block-latest-posts__post-full-content\"><!-- wp:paragraph -->\n<p><em>Social Change in Switzerland<\/em>, d\u00e9cembre 2019. <a rel=\"noreferrer noopener\" href=\"https:\/\/www.socialchangeswitzerland.ch\/?p=1902\" target=\"_blank\">Lien<\/a><\/p>\n<!-- \/wp:paragraph --><\/div><\/li>\n<li><a class=\"wp-block-latest-posts__post-title\" href=\"https:\/\/people.unil.ch\/mariusbrulhart\/2019\/12\/la-progressivite-indirecte-des-impots-communaux\/\">La progressivit\u00e9 indirecte des imp\u00f4ts communaux<\/a><div class=\"wp-block-latest-posts__post-full-content\"><!-- wp:paragraph -->\n<p><em>La Vie \u00e9conomique<\/em>, d\u00e9cembre 2019. <a href=\"https:\/\/dievolkswirtschaft.ch\/fr\/2019\/12\/bruelhart-danton-parchet-schlaepferfr\/\" target=\"_blank\" rel=\"noreferrer noopener\">Lien<\/a><\/p>\n<!-- \/wp:paragraph --><\/div><\/li>\n<li><a class=\"wp-block-latest-posts__post-title\" href=\"https:\/\/people.unil.ch\/mariusbrulhart\/2019\/03\/la-perequation-financiere-en-pleine-transformation\/\">La p\u00e9r\u00e9quation financi\u00e8re en pleine transformation<\/a><div class=\"wp-block-latest-posts__post-full-content\"><!-- wp:paragraph -->\n<p><em>La Vie \u00e9conomique<\/em>, mars 2019. <a href=\"https:\/\/people.unil.ch\/mariusbrulhart\/files\/2024\/07\/13_Bruelhart_Schmidheiny_FR.pdf\" target=\"_blank\" rel=\"noreferrer noopener\">Lien<\/a><\/p>\n<!-- \/wp:paragraph --><\/div><\/li>\n<li><a class=\"wp-block-latest-posts__post-title\" href=\"https:\/\/people.unil.ch\/mariusbrulhart\/2018\/06\/projet-fiscal-17-quelle-est-la-reforme-optimale\/\">Projet fiscal 17 : Quelle est la r\u00e9forme optimale ?<\/a><div class=\"wp-block-latest-posts__post-full-content\"><!-- wp:paragraph -->\n<p>pr\u00e9sentation Table ronde, Martigny, juin 2018. <a href=\"https:\/\/people.unil.ch\/mariusbrulhart\/files\/2024\/07\/Martigny1806.pdf\" target=\"_blank\" rel=\"noreferrer noopener\">Lien<\/a><\/p>\n<!-- \/wp:paragraph --><\/div><\/li>\n<li><a class=\"wp-block-latest-posts__post-title\" href=\"https:\/\/people.unil.ch\/mariusbrulhart\/2018\/02\/frein-a-lendettement-comment-gerer-les-soldes-de-credits\/\">Frein \u00e0 l\u2019endettement : Comment g\u00e9rer les soldes de cr\u00e9dits ?<\/a><div class=\"wp-block-latest-posts__post-full-content\"><!-- wp:paragraph -->\n<p>pr\u00e9sentation Commissions des finances, Conseil national et Conseil des \u00c9tats, f\u00e9vrier 2018. <a href=\"https:\/\/people.unil.ch\/mariusbrulhart\/files\/2024\/07\/FK-Brulhart-Franzosisch-1802.pdf\" target=\"_blank\" rel=\"noreferrer noopener\">Lien<\/a><\/p>\n<!-- \/wp:paragraph --><\/div><\/li>\n<li><a class=\"wp-block-latest-posts__post-title\" href=\"https:\/\/people.unil.ch\/mariusbrulhart\/2017\/06\/le-commerce-international-beneficie-t-il-aux-zones-frontalieres\/\">Le commerce international b\u00e9n\u00e9ficie-t-il aux zones frontali\u00e8res ?<\/a><div class=\"wp-block-latest-posts__post-full-content\"><!-- wp:paragraph -->\n<p>Sciences Po LIEPP Policy Brief, juin 2017. <a href=\"https:\/\/people.unil.ch\/mariusbrulhart\/files\/2024\/07\/PB-LIEPP-Commerce-international-benefice-t-il-aux-zones-frontalieres.pdf\" target=\"_blank\" rel=\"noreferrer noopener\">Lien<\/a><\/p>\n<!-- \/wp:paragraph --><\/div><\/li>\n<li><a class=\"wp-block-latest-posts__post-title\" href=\"https:\/\/people.unil.ch\/mariusbrulhart\/2017\/05\/les-strategies-devitement-face-a-limpot-sur-la-fortune\/\">Les strat\u00e9gies d\u2019\u00e9vitement face \u00e0 l\u2019imp\u00f4t sur la fortune<\/a><div class=\"wp-block-latest-posts__post-full-content\"><!-- wp:paragraph -->\n<p><em>La Vie \u00e9conomique<\/em>, mai 2017. <a href=\"https:\/\/people.unil.ch\/mariusbrulhart\/files\/2024\/07\/11_Bruelhart_Schmidheiny_FR-1.pdf\" target=\"_blank\" rel=\"noreferrer noopener\">Lien<\/a><\/p>\n<!-- \/wp:paragraph --><\/div><\/li>\n<li><a class=\"wp-block-latest-posts__post-title\" href=\"https:\/\/people.unil.ch\/mariusbrulhart\/2015\/05\/concurrence-fiscale-mobilite-des-contribuables-et-la-rpt\/\">Concurrence fiscale, mobilit\u00e9 des contribuables et la RPT<\/a><div class=\"wp-block-latest-posts__post-full-content\"><!-- wp:paragraph -->\n<p>pr\u00e9sentation D\u00e9partement des finances GE, mai 2015. <a href=\"https:\/\/people.unil.ch\/mariusbrulhart\/files\/2024\/07\/Villars-cadres-GE-1505.pdf\" target=\"_blank\" rel=\"noreferrer noopener\">Lien<\/a><\/p>\n<!-- \/wp:paragraph --><\/div><\/li>\n<li><a class=\"wp-block-latest-posts__post-title\" href=\"https:\/\/people.unil.ch\/mariusbrulhart\/2014\/03\/limpot-sur-les-successions-le-point-de-vue-de-la-recherche-scientifique\/\">L\u2019imp\u00f4t sur les successions : le point de vue de la recherche scientifique<\/a><div class=\"wp-block-latest-posts__post-full-content\"><!-- wp:paragraph -->\n<p><em>La Vie \u00e9conomique<\/em>, mars 2014. <a href=\"https:\/\/people.unil.ch\/mariusbrulhart\/files\/2024\/07\/Parchet_Brulhart_f_1303.pdf\" target=\"_blank\" rel=\"noreferrer noopener\">Lien<\/a><\/p>\n<!-- \/wp:paragraph --><\/div><\/li>\n<li><a class=\"wp-block-latest-posts__post-title\" href=\"https:\/\/people.unil.ch\/mariusbrulhart\/2013\/09\/la-dette-le-vice-ou-la-vertu\/\">La dette, le vice ou la vertu<\/a><div class=\"wp-block-latest-posts__post-full-content\"><!-- wp:paragraph -->\n<p><em>24 Heures<\/em>, septembre 2013. <a href=\"https:\/\/people.unil.ch\/mariusbrulhart\/files\/2024\/07\/24heures1309.pdf\" target=\"_blank\" rel=\"noreferrer noopener\">Lien<\/a><\/p>\n<!-- \/wp:paragraph --><\/div><\/li>\n<li><a class=\"wp-block-latest-posts__post-title\" href=\"https:\/\/people.unil.ch\/mariusbrulhart\/2012\/03\/concentration-de-la-richesse-en-suisse-du-deja-vu\/\">Concentration de la richesse en Suisse : du d\u00e9j\u00e0-vu<\/a><div class=\"wp-block-latest-posts__post-full-content\"><!-- wp:paragraph -->\n<p><em>Le Temps<\/em>, mars 2012. <a href=\"https:\/\/people.unil.ch\/mariusbrulhart\/files\/2024\/07\/letemps1203.pdf\" target=\"_blank\" rel=\"noreferrer noopener\">Lien<\/a><\/p>\n<!-- \/wp:paragraph --><\/div><\/li>\n<li><a class=\"wp-block-latest-posts__post-title\" href=\"https:\/\/people.unil.ch\/mariusbrulhart\/2010\/07\/concurrence-fiscale-entre-les-cantons-une-illusion\/\">Concurrence fiscale entre les cantons : une illusion ?<\/a><div class=\"wp-block-latest-posts__post-full-content\"><!-- wp:paragraph -->\n<p><em>Le Temps<\/em>, juillet 2010. <a href=\"https:\/\/people.unil.ch\/mariusbrulhart\/files\/2024\/07\/domino_letemps106.pdf\" target=\"_blank\" rel=\"noreferrer noopener\">Lien<\/a><\/p>\n<!-- \/wp:paragraph --><\/div><\/li>\n<li><a class=\"wp-block-latest-posts__post-title\" href=\"https:\/\/people.unil.ch\/mariusbrulhart\/2009\/01\/le-bouclier-fiscal-un-pari-risque\/\">Le \u00ab bouclier fiscal \u00bb : un pari risqu\u00e9<\/a><div class=\"wp-block-latest-posts__post-full-content\"><!-- wp:paragraph -->\n<p><em>24 Heures<\/em>, janvier 2009. <a href=\"https:\/\/people.unil.ch\/mariusbrulhart\/files\/2024\/07\/boucllierfiscal_24h_91.pdf\" target=\"_blank\" rel=\"noreferrer noopener\">Lien<\/a><\/p>\n<!-- \/wp:paragraph --><\/div><\/li>\n<li><a class=\"wp-block-latest-posts__post-title\" href=\"https:\/\/people.unil.ch\/mariusbrulhart\/2007\/08\/sur-le-fond-bruxelles-a-raison-evitons-la-concurrence-par-les-niches-fiscales\/\">Sur le fond, Bruxelles a raison : \u00e9vitons la concurrence par les niches fiscales !<\/a><div class=\"wp-block-latest-posts__post-full-content\"><!-- wp:paragraph -->\n<p><em>Le Temps<\/em>, ao\u00fbt 2007. <a href=\"https:\/\/people.unil.ch\/mariusbrulhart\/files\/2024\/07\/steuerstreit_letemps_78.pdf\" target=\"_blank\" rel=\"noreferrer noopener\">Lien<\/a><\/p>\n<!-- \/wp:paragraph --><\/div><\/li>\n<li><a class=\"wp-block-latest-posts__post-title\" href=\"https:\/\/people.unil.ch\/mariusbrulhart\/2006\/10\/la-suisse-et-lunion-europeenne-considerations-economiques\/\">La Suisse et l\u2019Union europ\u00e9enne : consid\u00e9rations \u00e9conomiques<\/a><div class=\"wp-block-latest-posts__post-full-content\"><!-- wp:paragraph -->\n<p>expos\u00e9 \u00ab\u00a0Rencontres Suisses\u00a0\u00bb, octobre 2006. <a href=\"https:\/\/people.unil.ch\/mariusbrulhart\/files\/2024\/07\/rencontressuissespres610.pdf\" target=\"_blank\" rel=\"noreferrer noopener\">Lien<\/a><\/p>\n<!-- \/wp:paragraph --><\/div><\/li>\n<li><a class=\"wp-block-latest-posts__post-title\" href=\"https:\/\/people.unil.ch\/mariusbrulhart\/2006\/03\/fiscalite-du-canton-dobwald-quon-mette-des-bornes-aux-rivalites-nuisibles\/\">Fiscalit\u00e9 du canton d\u2019Obwald : qu\u2019on mette des bornes aux rivalit\u00e9s nuisibles<\/a><div class=\"wp-block-latest-posts__post-full-content\"><!-- wp:paragraph -->\n<p><em>Le Temps<\/em>, mars 2006. <a href=\"https:\/\/people.unil.ch\/mariusbrulhart\/files\/2024\/07\/obwald_letemps_63c.pdf\" target=\"_blank\" rel=\"noreferrer noopener\">Lien<\/a><\/p>\n<!-- \/wp:paragraph --><\/div><\/li>\n<li><a class=\"wp-block-latest-posts__post-title\" href=\"https:\/\/people.unil.ch\/mariusbrulhart\/2005\/05\/la-progression-du-train-de-vie-de-letat-nest-pas-excessive\/\">La progression du train de vie de l&#8217;Etat n&#8217;est pas excessive<\/a><div class=\"wp-block-latest-posts__post-full-content\"><!-- wp:paragraph -->\n<p><em>24 Heures<\/em>, mai 2005. <a href=\"https:\/\/people.unil.ch\/mariusbrulhart\/files\/2024\/07\/24heures54.pdf\" target=\"_blank\" rel=\"noreferrer noopener\">Lien<\/a><\/p>\n<!-- \/wp:paragraph --><\/div><\/li>\n<li><a class=\"wp-block-latest-posts__post-title\" href=\"https:\/\/people.unil.ch\/mariusbrulhart\/2005\/05\/concurrence-fiscale-rhetorique-et-realite\/\">Concurrence fiscale: rh\u00e9torique et r\u00e9alit\u00e9<\/a><div class=\"wp-block-latest-posts__post-full-content\"><!-- wp:paragraph -->\n<p><em>Le Temps<\/em>, mai 2005. <a href=\"https:\/\/people.unil.ch\/mariusbrulhart\/files\/2024\/07\/concfisc_letemps_54.pdf\" target=\"_blank\" rel=\"noreferrer noopener\">Lien<\/a><\/p>\n<!-- \/wp:paragraph --><\/div><\/li>\n<li><a class=\"wp-block-latest-posts__post-title\" href=\"https:\/\/people.unil.ch\/mariusbrulhart\/2004\/08\/financer-lassurance-invalidite-les-lecons-du-16-mai\/\">Financer l&#8217;assurance invalidit\u00e9: les le\u00e7ons du 16 mai<\/a><div class=\"wp-block-latest-posts__post-full-content\"><!-- wp:paragraph -->\n<p><em>Le Temps<\/em>, ao\u00fbt 2004. <a href=\"https:\/\/people.unil.ch\/mariusbrulhart\/files\/2024\/07\/letemps47.pdf\" target=\"_blank\" rel=\"noreferrer noopener\">Lien<\/a><\/p>\n<!-- \/wp:paragraph --><\/div><\/li>\n<li><a class=\"wp-block-latest-posts__post-title\" href=\"https:\/\/people.unil.ch\/mariusbrulhart\/2004\/03\/impot-sur-les-successions-lanalyse-economique-favorise-le-contre-projet-de-letat\/\">Imp\u00f4t sur les successions: l&#8217;analyse \u00e9conomique favorise le contre-projet de l&#8217;\u00c9tat<\/a><div class=\"wp-block-latest-posts__post-full-content\"><!-- wp:paragraph -->\n<p>prise de position \u00e9conomistes HEC, mars 2004. <a href=\"https:\/\/people.unil.ch\/mariusbrulhart\/files\/2024\/07\/successions_deep_43.pdf\" target=\"_blank\" rel=\"noreferrer noopener\">Lien<\/a><\/p>\n<!-- \/wp:paragraph --><\/div><\/li>\n<li><a class=\"wp-block-latest-posts__post-title\" href=\"https:\/\/people.unil.ch\/mariusbrulhart\/2004\/03\/impot-sur-les-successions-labsurde-argument-de-la-concurrence-fiscale\/\">Imp\u00f4t sur les successions: l&#8217;absurde argument de la concurrence fiscale<\/a><div class=\"wp-block-latest-posts__post-full-content\"><!-- wp:paragraph -->\n<p><em>24 Heures<\/em>, mars 2004. <a href=\"https:\/\/people.unil.ch\/mariusbrulhart\/files\/2025\/02\/24heures-successionsvd-43.pdf\" data-type=\"link\" data-id=\"https:\/\/people.unil.ch\/mariusbrulhart\/files\/2025\/02\/24heures-successionsvd-43.pdf\" target=\"_blank\" rel=\"noreferrer noopener\">Lien<\/a><\/p>\n<!-- \/wp:paragraph --><\/div><\/li>\n<li><a class=\"wp-block-latest-posts__post-title\" href=\"https:\/\/people.unil.ch\/mariusbrulhart\/2003\/07\/limpot-sur-les-successions-doit-etre-preserve\/\">L&#8217;imp\u00f4t sur les successions doit \u00eatre pr\u00e9serv\u00e9<\/a><div class=\"wp-block-latest-posts__post-full-content\"><!-- wp:paragraph -->\n<p><em>Le Temps<\/em>, juillet 2003. <a href=\"https:\/\/people.unil.ch\/mariusbrulhart\/files\/2024\/07\/letemps37.pdf\" target=\"_blank\" rel=\"noreferrer noopener\">Lien<\/a><\/p>\n<!-- \/wp:paragraph --><\/div><\/li>\n<li><a class=\"wp-block-latest-posts__post-title\" href=\"https:\/\/people.unil.ch\/mariusbrulhart\/2001\/06\/lidee-dun-taux-fiscal-unique-a-92-points-est-une-illusion\/\">L&#8217;id\u00e9e d&#8217;un taux fiscal unique \u00e0 92 points est une illusion<\/a><div class=\"wp-block-latest-posts__post-full-content\"><!-- wp:paragraph -->\n<p><em>Le Temps<\/em>, juin 2001. <a href=\"https:\/\/people.unil.ch\/mariusbrulhart\/files\/2024\/07\/letemps16.pdf\" target=\"_blank\" rel=\"noreferrer noopener\">Lien<\/a><\/p>\n<!-- \/wp:paragraph --><\/div><\/li>\n<\/ul>","protected":false},"excerpt":{"rendered":"<p>Radio et t\u00e9l\u00e9vision: quelques clips sur<\/p>\n","protected":false},"author":1001107,"featured_media":0,"parent":13,"menu_order":0,"comment_status":"closed","ping_status":"closed","template":"template-full-width.php","meta":{"_seopress_robots_primary_cat":"","_seopress_titles_title":"","_seopress_titles_desc":"","_seopress_robots_index":"","footnotes":""},"class_list":["post-19","page","type-page","status-publish","has-post-thumbnail"],"_links":{"self":[{"href":"https:\/\/people.unil.ch\/mariusbrulhart\/wp-json\/wp\/v2\/pages\/19","targetHints":{"allow":["GET"]}}],"collection":[{"href":"https:\/\/people.unil.ch\/mariusbrulhart\/wp-json\/wp\/v2\/pages"}],"about":[{"href":"https:\/\/people.unil.ch\/mariusbrulhart\/wp-json\/wp\/v2\/types\/page"}],"author":[{"embeddable":true,"href":"https:\/\/people.unil.ch\/mariusbrulhart\/wp-json\/wp\/v2\/users\/1001107"}],"replies":[{"embeddable":true,"href":"https:\/\/people.unil.ch\/mariusbrulhart\/wp-json\/wp\/v2\/comments?post=19"}],"version-history":[{"count":2,"href":"https:\/\/people.unil.ch\/mariusbrulhart\/wp-json\/wp\/v2\/pages\/19\/revisions"}],"predecessor-version":[{"id":1531,"href":"https:\/\/people.unil.ch\/mariusbrulhart\/wp-json\/wp\/v2\/pages\/19\/revisions\/1531"}],"up":[{"embeddable":true,"href":"https:\/\/people.unil.ch\/mariusbrulhart\/wp-json\/wp\/v2\/pages\/13"}],"wp:attachment":[{"href":"https:\/\/people.unil.ch\/mariusbrulhart\/wp-json\/wp\/v2\/media?parent=19"}],"curies":[{"name":"wp","href":"https:\/\/api.w.org\/{rel}","templated":true}]}}