{"id":152,"date":"2015-09-03T18:02:40","date_gmt":"2015-09-03T16:02:40","guid":{"rendered":"http:\/\/people.unil.ch\/monicacastillolluch\/?page_id=152"},"modified":"2015-09-13T18:25:02","modified_gmt":"2015-09-13T16:25:02","slug":"fuero-de-bejar","status":"publish","type":"page","link":"https:\/\/people.unil.ch\/monicacastillolluch\/indice-de-fueros\/fuero-de-bejar\/","title":{"rendered":"Fuero de B\u00e9jar"},"content":{"rendered":"<h3>Ediciones<\/h3>\n<ul>\n<li>Mart\u00edn L\u00e1zaro, Antonio (1926), <em>Fuero castellano de B\u00e9jar (siglo XIII)<\/em>, Madrid, Tipograf\u00eda de la Revista de Archivos.<\/li>\n<\/ul>\n<p><a href=\"https:\/\/people.unil.ch\/monicacastillolluch\/files\/2015\/09\/DSC_0455.jpg\" target=\"_blank\"><img loading=\"lazy\" decoding=\"async\" class=\"alignleft wp-image-334 size-medium\" src=\"https:\/\/people.unil.ch\/monicacastillolluch\/files\/2015\/09\/DSC_0455-300x191.jpg\" alt=\"Fuero de B\u00e9jar, Mart\u00edn B\u00e9jar\" width=\"300\" height=\"191\" srcset=\"https:\/\/people.unil.ch\/monicacastillolluch\/files\/2015\/09\/DSC_0455-300x191.jpg 300w, https:\/\/people.unil.ch\/monicacastillolluch\/files\/2015\/09\/DSC_0455-1024x650.jpg 1024w, https:\/\/people.unil.ch\/monicacastillolluch\/files\/2015\/09\/DSC_0455-624x396.jpg 624w, https:\/\/people.unil.ch\/monicacastillolluch\/files\/2015\/09\/DSC_0455.jpg 1200w\" sizes=\"auto, (max-width: 300px) 100vw, 300px\" \/><\/a><\/p>\n<p>&nbsp;<\/p>\n<p>&nbsp;<\/p>\n<p>&nbsp;<\/p>\n<p>&nbsp;<\/p>\n<p><a href=\"https:\/\/people.unil.ch\/monicacastillolluch\/files\/2015\/09\/DSC_0004-2.jpg\" target=\"_blank\"><img loading=\"lazy\" decoding=\"async\" class=\"alignright wp-image-338 size-medium\" src=\"https:\/\/people.unil.ch\/monicacastillolluch\/files\/2015\/09\/DSC_0004-2-200x300.jpg\" alt=\"Fuero de B\u00e9jar, ed. Guti\u00e9rrez Cuadrado\" width=\"200\" height=\"300\" srcset=\"https:\/\/people.unil.ch\/monicacastillolluch\/files\/2015\/09\/DSC_0004-2-200x300.jpg 200w, https:\/\/people.unil.ch\/monicacastillolluch\/files\/2015\/09\/DSC_0004-2.jpg 532w\" sizes=\"auto, (max-width: 200px) 100vw, 200px\" \/><\/a><\/p>\n<p>&nbsp;<\/p>\n<ul>\n<li>Guti\u00e9rrez Cuadrado, Juan (1974), <em>Fuero de B\u00e9jar<\/em>, Salamanca, Universidad de Salamanca.<\/li>\n<\/ul>\n<h3>Manuscritos<\/h3>\n<p>Archivo municipal de B\u00e9jar.<\/p>\n<h3>Dataci\u00f3n<\/h3>\n<p>Fecha de escritura: c. 1290-1293 \u00e0 corresponde a la fecha del ms. seg\u00fan dataci\u00f3n de Guti\u00e9rrez Cuadrado.<\/p>\n<h3>En CORDE<\/h3>\n<p>Guti\u00e9rrez Cuadrado, Juan (1974), <em>Fuero de B\u00e9jar<\/em>, Salamanca, Universidad de Salamanca.<\/p>\n<h3>Estudios ling\u00fc\u00edsticos<\/h3>\n<p>Guti\u00e9rrez Cuadrado (1974) incluye un vocabulario y un estudio ling\u00fc\u00edstico (vocalismo, consonantismo y morfolog\u00eda verbal).<\/p>\n<p>&nbsp;<\/p>\n","protected":false},"excerpt":{"rendered":"<p>Ediciones Mart\u00edn L\u00e1zaro, Antonio (1926), Fuero castellano de B\u00e9jar (siglo XIII), Madrid, Tipograf\u00eda de la Revista de Archivos. &nbsp; &nbsp; &nbsp; &nbsp; &nbsp; Guti\u00e9rrez Cuadrado, Juan (1974), Fuero de B\u00e9jar, Salamanca, Universidad de Salamanca. Manuscritos Archivo municipal de B\u00e9jar. Dataci\u00f3n Fecha de escritura: c. 1290-1293 \u00e0 corresponde a la fecha del ms. seg\u00fan dataci\u00f3n de &hellip; <\/p>\n<p class=\"link-more\"><a href=\"https:\/\/people.unil.ch\/monicacastillolluch\/indice-de-fueros\/fuero-de-bejar\/\" class=\"more-link\">Continuer la lecture<span class=\"screen-reader-text\"> de &laquo;&nbsp;Fuero de B\u00e9jar&nbsp;&raquo;<\/span><\/a><\/p>\n","protected":false},"author":1001019,"featured_media":0,"parent":10,"menu_order":0,"comment_status":"closed","ping_status":"closed","template":"","meta":{"_seopress_robots_primary_cat":"","_seopress_titles_title":"","_seopress_titles_desc":"","_seopress_robots_index":"","footnotes":""},"class_list":["post-152","page","type-page","status-publish"],"_links":{"self":[{"href":"https:\/\/people.unil.ch\/monicacastillolluch\/wp-json\/wp\/v2\/pages\/152","targetHints":{"allow":["GET"]}}],"collection":[{"href":"https:\/\/people.unil.ch\/monicacastillolluch\/wp-json\/wp\/v2\/pages"}],"about":[{"href":"https:\/\/people.unil.ch\/monicacastillolluch\/wp-json\/wp\/v2\/types\/page"}],"author":[{"embeddable":true,"href":"https:\/\/people.unil.ch\/monicacastillolluch\/wp-json\/wp\/v2\/users\/1001019"}],"replies":[{"embeddable":true,"href":"https:\/\/people.unil.ch\/monicacastillolluch\/wp-json\/wp\/v2\/comments?post=152"}],"version-history":[{"count":0,"href":"https:\/\/people.unil.ch\/monicacastillolluch\/wp-json\/wp\/v2\/pages\/152\/revisions"}],"up":[{"embeddable":true,"href":"https:\/\/people.unil.ch\/monicacastillolluch\/wp-json\/wp\/v2\/pages\/10"}],"wp:attachment":[{"href":"https:\/\/people.unil.ch\/monicacastillolluch\/wp-json\/wp\/v2\/media?parent=152"}],"curies":[{"name":"wp","href":"https:\/\/api.w.org\/{rel}","templated":true}]}}

Fuero de Béjar

<h3>Ediciones</h3>
<ul>
<li>Martín Lázaro, Antonio (1926), <em>Fuero castellano de Béjar (siglo XIII)</em>, Madrid, Tipografía de la Revista de Archivos.</li>
</ul>
<p><a href="https://people.unil.ch/monicacastillolluch/files/2015/09/DSC_0455.jpg" target="_blank"><img loading="lazy" decoding="async" class="alignleft wp-image-334 size-medium" src="https://people.unil.ch/monicacastillolluch/files/2015/09/DSC_0455-300x191.jpg" alt="Fuero de Béjar, Martín Béjar" width="300" height="191" srcset="https://people.unil.ch/monicacastillolluch/files/2015/09/DSC_0455-300x191.jpg 300w, https://people.unil.ch/monicacastillolluch/files/2015/09/DSC_0455-1024x650.jpg 1024w, https://people.unil.ch/monicacastillolluch/files/2015/09/DSC_0455-624x396.jpg 624w, https://people.unil.ch/monicacastillolluch/files/2015/09/DSC_0455.jpg 1200w" sizes="auto, (max-width: 300px) 100vw, 300px" /></a></p>
<p>&nbsp;</p>
<p>&nbsp;</p>
<p>&nbsp;</p>
<p>&nbsp;</p>
<p><a href="https://people.unil.ch/monicacastillolluch/files/2015/09/DSC_0004-2.jpg" target="_blank"><img loading="lazy" decoding="async" class="alignright wp-image-338 size-medium" src="https://people.unil.ch/monicacastillolluch/files/2015/09/DSC_0004-2-200x300.jpg" alt="Fuero de Béjar, ed. Gutiérrez Cuadrado" width="200" height="300" srcset="https://people.unil.ch/monicacastillolluch/files/2015/09/DSC_0004-2-200x300.jpg 200w, https://people.unil.ch/monicacastillolluch/files/2015/09/DSC_0004-2.jpg 532w" sizes="auto, (max-width: 200px) 100vw, 200px" /></a></p>
<p>&nbsp;</p>
<ul>
<li>Gutiérrez Cuadrado, Juan (1974), <em>Fuero de Béjar</em>, Salamanca, Universidad de Salamanca.</li>
</ul>
<h3>Manuscritos</h3>
<p>Archivo municipal de Béjar.</p>
<h3>Datación</h3>
<p>Fecha de escritura: c. 1290-1293 à corresponde a la fecha del ms. según datación de Gutiérrez Cuadrado.</p>
<h3>En CORDE</h3>
<p>Gutiérrez Cuadrado, Juan (1974), <em>Fuero de Béjar</em>, Salamanca, Universidad de Salamanca.</p>
<h3>Estudios lingüísticos</h3>
<p>Gutiérrez Cuadrado (1974) incluye un vocabulario y un estudio lingüístico (vocalismo, consonantismo y morfología verbal).</p>
<p>&nbsp;</p>

<p>Ediciones Martín Lázaro, Antonio (1926), Fuero castellano de Béjar (siglo XIII), Madrid, Tipografía de la Revista de Archivos. &nbsp; &nbsp; &nbsp; &nbsp; &nbsp; Gutiérrez Cuadrado, Juan (1974), Fuero de Béjar, Salamanca, Universidad de Salamanca. Manuscritos Archivo municipal de Béjar. Datación Fecha de escritura: c. 1290-1293 à corresponde a la fecha del ms. según datación de &hellip; </p>
<p class="link-more"><a href="https://people.unil.ch/monicacastillolluch/indice-de-fueros/fuero-de-bejar/" class="more-link">Continuer la lecture<span class="screen-reader-text"> de &laquo;&nbsp;Fuero de Béjar&nbsp;&raquo;</span></a></p>
