{"id":190,"date":"2015-09-04T12:14:49","date_gmt":"2015-09-04T10:14:49","guid":{"rendered":"http:\/\/people.unil.ch\/monicacastillolluch\/?page_id=190"},"modified":"2016-04-18T00:32:09","modified_gmt":"2016-04-17T22:32:09","slug":"fuero-de-plasencia","status":"publish","type":"page","link":"https:\/\/people.unil.ch\/monicacastillolluch\/indice-de-fueros\/fuero-de-plasencia\/","title":{"rendered":"Fuero de Plasencia"},"content":{"rendered":"<h3>Ediciones<\/h3>\n<ul>\n<li>Benavides Checa, Jos\u00e9 (1896), <em>El Fuero de Plasencia<\/em>, Roma. [edici\u00f3n rar\u00edsima a principios del XX].<\/li>\n<\/ul>\n<ul>\n<li>Arroyal Espigares, Pedro J. (1979), <em>El Fuero de Plasencia<\/em>, M\u00e1laga, Universidad de M\u00e1laga, 1979.<\/li>\n<\/ul>\n<ul>\n<li>Postigo Aldeamil, Mar\u00eda Josefa (1981-1982), <em>Edici\u00f3n y estudio del fuero de Plasencia<\/em>, Madrid, Servicio de publicaciones de la Universidad Complutense, 3 vols.\u00a0[se reedit\u00f3 en la Revista de Filolog\u00eda Rom\u00e1nica, 1984-1985].\u00a0<a href=\"https:\/\/revistas.ucm.es\/index.php\/RFRM\/issue\/archive%5D\" target=\"_blank\">Enlace.<\/a><\/li>\n<\/ul>\n<p>Fecha de escritura: c1300<\/p>\n<ul>\n<li><a href=\"https:\/\/people.unil.ch\/monicacastillolluch\/files\/2015\/09\/DSC_0449.jpg\" target=\"_blank\"><img loading=\"lazy\" decoding=\"async\" class=\"alignright wp-image-332\" src=\"https:\/\/people.unil.ch\/monicacastillolluch\/files\/2015\/09\/DSC_0449-280x300.jpg\" alt=\"Fuero de Plasencia, ed. Majada Neila\" width=\"183\" height=\"196\" srcset=\"https:\/\/people.unil.ch\/monicacastillolluch\/files\/2015\/09\/DSC_0449-280x300.jpg 280w, https:\/\/people.unil.ch\/monicacastillolluch\/files\/2015\/09\/DSC_0449-624x668.jpg 624w, https:\/\/people.unil.ch\/monicacastillolluch\/files\/2015\/09\/DSC_0449.jpg 747w\" sizes=\"auto, (max-width: 183px) 100vw, 183px\" \/><\/a>Majada Neila, Jes\u00fas (1986), <em>Fuero de Plasencia<\/em>, Salamanca, Librer\u00eda Cervantes.<\/li>\n<\/ul>\n<p>Majada Neila es licenciado en Filolog\u00eda rom\u00e1nica e hisp\u00e1nica. Catedr\u00e1tico de lengua y literatura espa\u00f1olas en Jorge Guill\u00e9n de Torrox. No conoce la edici\u00f3n de Postigo Aldeamil.<\/p>\n<p>&nbsp;<\/p>\n<ul>\n<li>Ram\u00edrez Vaquero, Elo\u00edsa (1987), <em>El Fuero de Plasencia. Estudio hist\u00f3rico y edici\u00f3n cr\u00edtica del texto<\/em>. Vol. I, M\u00e9rida, Editora regional de Extremadura.<\/li>\n<\/ul>\n<p>Ram\u00edrez Vaquero no conoce la edici\u00f3n de Majada Neila, como se deduce en Ram\u00edrez Vaquero (1987: 27), cuando expone los mss. y las ediciones.<\/p>\n<ul>\n<li>Vaquero Rodr\u00edguez, Mar\u00eda del Tr\u00e1nsito (1990), <em>El Fuero de Plasencia. Estudio ling\u00fc\u00edstico y vocabulario<\/em>. Vol. II, M\u00e9rida, Editora regional de Extremadura.<\/li>\n<\/ul>\n<p>&nbsp;<\/p>\n<p>\u201cEsta sorprendente falta de comunicaci\u00f3n entre los investigadores espa\u00f1oles queda en alg\u00fan caso amortiguada por los diferentes objetivos que en lo referente a su estudio, los mencionados autores se proponen\u201d (Arroyal Espigares \/ Mart\u00edn Palma 1992: 31).<\/p>\n<h3>Manuscritos<\/h3>\n<p>Ms. conservado en el archivo del Ayuntamiento de Plasencia de finales del siglo XIII (ca. 1297) + dos copias en la BNE: una del siglo XVI (Ms. 714, folios 182-230) y otra de 1754 (Ms. 13082)<\/p>\n<p>En l\u00ednea:\u00a0<a href=\"https:\/\/archivo.plasencia.es\/uploads\/r\/archivo-municipal-de-plasencia\/5\/9\/5928\/TESD0001.pdf\" target=\"_blank\">enlace<\/a><\/p>\n<h3>Dataci\u00f3n<\/h3>\n<p>Fuero compuesto por diferentes partes de origen diverso (cf. Arroyal Espigares \/ Mart\u00edn Palma 1992: 33-34 y ss.) que despu\u00e9s se fundir\u00edan en una redacci\u00f3n ca. 1297. \u201cEn fecha no muy lejana a 1297, por iniciativa propia, o lo que es lo m\u00e1s posible, a petici\u00f3n del concejo, se elabora una redacci\u00f3n con todos los elementos rese\u00f1ados que a s\u00ed misma se autocalifica de \u201cconfirmamiento del libro del fuero que dio el Rey don Alfonso al conceio de Plasencia. Posiblemente la intenci\u00f3n del concejo ser\u00eda llevarlo a la canciller\u00eda real para su confirmaci\u00f3n, pero \u00e9sta no se produjo, pues, como dijimos, faltan las cl\u00e1usulas diplom\u00e1ticas que as\u00ed lo acrediten\u201d. (Arroyal Espigares \/ Mart\u00edn Palma 1992: 33-34).<\/p>\n<p>El ms. \u201cescrito en los a\u00f1os inmediatos al 1300\u201d (Arroyal Espigares \/ Mart\u00edn Palma 1992: 31).<\/p>\n<p>Fecha de escritura: c1300 (tanto de la redacci\u00f3n final (1297) como del ms.).<\/p>\n<h3>Acceso web<\/h3>\n<p><a href=\"https:\/\/archivo.plasencia.es\/uploads\/r\/archivo-municipal-de-plasencia\/5\/9\/5928\/TESD0001.pdf\" target=\"_blank\">Manuscrito conservado en el archivo del Ayuntamiento de Plasencia.<\/a><\/p>\n<h3>En CORDE<\/h3>\n<p>Postigo Aldeamil, Mar\u00eda Josefa (1981-1982), <em>Edici\u00f3n y estudio del fuero de Plasencia<\/em>, Madrid, Servicio de publicaciones de la Universidad Complutense, 3 vols.<\/p>\n<h3>Estudios hist\u00f3rico-jur\u00eddicos de inter\u00e9s para los historiadores de la lengua<\/h3>\n<p>Arroyal Espigares, Pedro J. y Mart\u00edn Palma, M\u00aa Teresa (1992), \u201cLa tradici\u00f3n manuscrita del derecho de Cuenca. Los fueros de Plasencia Villaescusa de Haro y Huete\u201d, <em>Historia. Instituciones. Documentos<\/em>, 19, p. 7-60 [cronolog\u00eda: 33-34].\u00a0<a href=\"https:\/\/dialnet.unirioja.es\/servlet\/articulo?codigo=58277\" target=\"_blank\">Enlace.<\/a><\/p>\n<p>&nbsp;<\/p>\n","protected":false},"excerpt":{"rendered":"<p>Ediciones Benavides Checa, Jos\u00e9 (1896), El Fuero de Plasencia, Roma. [edici\u00f3n rar\u00edsima a principios del XX]. Arroyal Espigares, Pedro J. (1979), El Fuero de Plasencia, M\u00e1laga, Universidad de M\u00e1laga, 1979. Postigo Aldeamil, Mar\u00eda Josefa (1981-1982), Edici\u00f3n y estudio del fuero de Plasencia, Madrid, Servicio de publicaciones de la Universidad Complutense, 3 vols.\u00a0[se reedit\u00f3 en la &hellip; <\/p>\n<p class=\"link-more\"><a href=\"https:\/\/people.unil.ch\/monicacastillolluch\/indice-de-fueros\/fuero-de-plasencia\/\" class=\"more-link\">Continuer la lecture<span class=\"screen-reader-text\"> de &laquo;&nbsp;Fuero de Plasencia&nbsp;&raquo;<\/span><\/a><\/p>\n","protected":false},"author":1001019,"featured_media":0,"parent":10,"menu_order":0,"comment_status":"closed","ping_status":"closed","template":"","meta":{"_seopress_robots_primary_cat":"","_seopress_titles_title":"","_seopress_titles_desc":"","_seopress_robots_index":"","footnotes":""},"class_list":["post-190","page","type-page","status-publish"],"_links":{"self":[{"href":"https:\/\/people.unil.ch\/monicacastillolluch\/wp-json\/wp\/v2\/pages\/190","targetHints":{"allow":["GET"]}}],"collection":[{"href":"https:\/\/people.unil.ch\/monicacastillolluch\/wp-json\/wp\/v2\/pages"}],"about":[{"href":"https:\/\/people.unil.ch\/monicacastillolluch\/wp-json\/wp\/v2\/types\/page"}],"author":[{"embeddable":true,"href":"https:\/\/people.unil.ch\/monicacastillolluch\/wp-json\/wp\/v2\/users\/1001019"}],"replies":[{"embeddable":true,"href":"https:\/\/people.unil.ch\/monicacastillolluch\/wp-json\/wp\/v2\/comments?post=190"}],"version-history":[{"count":0,"href":"https:\/\/people.unil.ch\/monicacastillolluch\/wp-json\/wp\/v2\/pages\/190\/revisions"}],"up":[{"embeddable":true,"href":"https:\/\/people.unil.ch\/monicacastillolluch\/wp-json\/wp\/v2\/pages\/10"}],"wp:attachment":[{"href":"https:\/\/people.unil.ch\/monicacastillolluch\/wp-json\/wp\/v2\/media?parent=190"}],"curies":[{"name":"wp","href":"https:\/\/api.w.org\/{rel}","templated":true}]}}