{"id":222,"date":"2015-09-04T16:04:44","date_gmt":"2015-09-04T14:04:44","guid":{"rendered":"http:\/\/people.unil.ch\/monicacastillolluch\/?page_id=222"},"modified":"2023-02-08T16:57:18","modified_gmt":"2023-02-08T15:57:18","slug":"fuero-de-soria","status":"publish","type":"page","link":"https:\/\/people.unil.ch\/monicacastillolluch\/indice-de-fueros\/fuero-de-soria\/","title":{"rendered":"Fuero de Soria"},"content":{"rendered":"<h3>Ediciones<\/h3>\n<p>Ediciones fragmentarias del s. XVIII (adem\u00e1s, a partir del ms. B, incompleto) descritas y criticadas por Galo S\u00e1nchez (1919: XI-XIII).<\/p>\n<ul>\n<li>S\u00e1nchez, Galo (1919), <em>Fueros castellanos de Soria y Alcal\u00e1 de Henares<\/em>, Madrid, Imprenta de los sucesores de Hernando.<\/li>\n<\/ul>\n<p>\u00ab\u00a0En la presente edici\u00f3n se ha dado preferencia a A, teniendo en cuenta su mayor proximidad al texto primitivo del Fuero. <u>A y B se publican \u00edntegramente: representan dos momentos del Fuero, interesantes por diferentes aspectos<\/u>. Los errores y omisiones de A que se subsanan a base de los materiales descritos, y dentro del reducido campo que la escasez de \u00e9stos hace posible, van indicados en cada caso. <u>De L y M se insertan las variantes<\/u>.\u00a0\u00bb (S\u00e1nchez 1919: XV).<\/p>\n<h3>Manuscritos y dataci\u00f3n<\/h3>\n<p>Mss. descritos por Galo S\u00e1nchez (1919: VII-XI): 2 del siglo XIV, uno completo (A, BNE 17662) y otro incompleto (B, Archivo del Ayto. de Soria). \u201cRespecto a los fragmentos M y L, ya se ha indicado que los primeros corresponden a folios hoy perdidos de B, mientras los \u00faltimos, excepto los que puedan ser de origen an\u00e1logo a M, est\u00e1n tan alterados, que no es posible puntualizar su verdadera procedencia\u201d (S\u00e1nchez 1919: XV) En PhiloBiblon se dan algunas noticias m\u00e1s y A se fecha ca 1301-1310 (sin m\u00e1s precisi\u00f3n).<\/p>\n<p>\u00ab\u00a0A es anterior a B, pero no es tampoco el manuscrito primitivo del Fuero y representan dos momentos diferentes de la evoluci\u00f3n que este ha sufrido.\u00a0\u00bb (S\u00e1nchez 1919: XIV).<\/p>\n<p><img loading=\"lazy\" decoding=\"async\" class=\"wp-image-226 aligncenter\" src=\"https:\/\/people.unil.ch\/monicacastillolluch\/files\/2015\/09\/manuscritos-FSoria-300x180.png\" alt=\"manuscritos FSoria\" width=\"222\" height=\"133\" srcset=\"https:\/\/people.unil.ch\/monicacastillolluch\/files\/2015\/09\/manuscritos-FSoria-300x180.png 300w, https:\/\/people.unil.ch\/monicacastillolluch\/files\/2015\/09\/manuscritos-FSoria.png 301w\" sizes=\"auto, (max-width: 222px) 100vw, 222px\" \/><\/p>\n<p><strong>Tesis de Galo S\u00e1nchez (1919: 258-259):<\/strong> \u201cel considerable influjo del Fuero de Soria en el Fuero Real es bien visible\u201d (258); \u201cexceptuando el Fuero de Soria, los redactores del Fuero Real apenas han tenido presentes nuestros cuadernos municipales.\u201d (259); \u201cen realidad el n\u00facleo del Fuero Real no es el Fuero Juzgo, sino el Fuero de Soria, habiendo sido utilizado aqu\u00e9l en el c\u00f3digo Alfonsino en proporci\u00f3n infinitamente menor que \u00e9ste. Hay tambi\u00e9n algunas leyes del Liber Iudicum que pasan al Fuero Real, no directamente, sino a trav\u00e9s del de Soria\u201d (259).<\/p>\n<p>Galo S\u00e1nchez proporciona una lista de las principales leyes del FR que proceder\u00edan del de Soria y a continuaci\u00f3n carea el Libro III, t\u00edtulo V de ambos fueros para mostrar las concordancias. Ofrece adem\u00e1s unas cuantas concordancias LI, FR y FSo para convencer al lector de que las leyes del FR proceden del FS.<\/p>\n<p><strong>Tesis de Gonzalo Mart\u00ednez Diez<\/strong>, expuesta en:<\/p>\n<p>\u2013<a href=\"https:\/\/www.boe.es\/biblioteca_juridica\/anuarios_derecho\/abrir_pdf.php?id=ANU-H-1969-10054500562\">(1969), \u201cEl Fuero Real y el Fuero de Soria\u201d, <em>AHDE<\/em>, XXXIX, 545-562<\/a>.<\/p>\n<p>\u2013<a href=\"https:\/\/www.boe.es\/biblioteca_juridica\/anuarios_derecho\/abrir_pdf.php?id=ANU-H-2006-10000900032\">(2006), \u201cEl Fuero de Soria: g\u00e9nesis y fuentes\u201d, <em>AHDE<\/em>, LXXVI, 9-32<\/a> (en este trabajo, propone la fecha de redacci\u00f3n del fuero\u00a0tras 1274).<\/p>\n<h3>En CORDE<\/h3>\n<p>S\u00e1nchez, Galo (1919), <em>Fueros castellanos de Soria y Alcal\u00e1 de Henares<\/em>, Madrid, Imprenta de los sucesores de Hernando.<\/p>\n<p>Fecha de escritura: c1196 ?\u00a0El Fuero<em> de Soria\u00a0<\/em>se data en\u00a0el CORDE hacia 1196, fecha de\u00a0su primitiva redacci\u00f3n en lat\u00edn (<em>Forum Sorie<\/em>), cuando el corpus recoge la versi\u00f3n romanceada del siglo XIII (Mart\u00ednez Diez 2006, precisa\u00a0que ser\u00eda posterior a 1274)\u00a0conservada en testimonios del XIV (cf. Galo S\u00e1nchez, <em>Fueros castellanos de Soria y Alcal\u00e1 de Henares<\/em>, Madrid, Centro de Estudios Hist\u00f3ricos, 1919).<\/p>\n<h3>Estudios hist\u00f3rico-jur\u00eddicos \u00fatiles para ling\u00fcistas<\/h3>\n<ul>\n<li><a href=\"https:\/\/www.boe.es\/biblioteca_juridica\/anuarios_derecho\/abrir_pdf.php?id=ANU-H-1969-10054500562\">Mart\u00ednez Diez, Gonzalo (1969), \u201cEl Fuero Real y el Fuero de Soria\u201d, <em>AHDE<\/em>, XXXIX, 545-562<\/a>.<\/li>\n<li><a href=\"https:\/\/www.boe.es\/biblioteca_juridica\/anuarios_derecho\/abrir_pdf.php?id=ANU-H-2006-10000900032\">Mart\u00ednez Diez, Gonzalo (2006), \u201cEl Fuero de Soria: g\u00e9nesis y fuentes\u201d, <em>AHDE<\/em>, LXXVI, 9-32<\/a>.<\/li>\n<\/ul>\n","protected":false},"excerpt":{"rendered":"<p>Ediciones Ediciones fragmentarias del s. XVIII (adem\u00e1s, a partir del ms. B, incompleto) descritas y criticadas por Galo S\u00e1nchez (1919: XI-XIII). S\u00e1nchez, Galo (1919), Fueros castellanos de Soria y Alcal\u00e1 de Henares, Madrid, Imprenta de los sucesores de Hernando. \u00ab\u00a0En la presente edici\u00f3n se ha dado preferencia a A, teniendo en cuenta su mayor proximidad &hellip; <\/p>\n<p class=\"link-more\"><a href=\"https:\/\/people.unil.ch\/monicacastillolluch\/indice-de-fueros\/fuero-de-soria\/\" class=\"more-link\">Continuer la lecture<span class=\"screen-reader-text\"> de &laquo;&nbsp;Fuero de Soria&nbsp;&raquo;<\/span><\/a><\/p>\n","protected":false},"author":1001019,"featured_media":0,"parent":10,"menu_order":0,"comment_status":"closed","ping_status":"closed","template":"","meta":{"_seopress_robots_primary_cat":"","_seopress_titles_title":"","_seopress_titles_desc":"","_seopress_robots_index":"","footnotes":""},"class_list":["post-222","page","type-page","status-publish"],"_links":{"self":[{"href":"https:\/\/people.unil.ch\/monicacastillolluch\/wp-json\/wp\/v2\/pages\/222","targetHints":{"allow":["GET"]}}],"collection":[{"href":"https:\/\/people.unil.ch\/monicacastillolluch\/wp-json\/wp\/v2\/pages"}],"about":[{"href":"https:\/\/people.unil.ch\/monicacastillolluch\/wp-json\/wp\/v2\/types\/page"}],"author":[{"embeddable":true,"href":"https:\/\/people.unil.ch\/monicacastillolluch\/wp-json\/wp\/v2\/users\/1001019"}],"replies":[{"embeddable":true,"href":"https:\/\/people.unil.ch\/monicacastillolluch\/wp-json\/wp\/v2\/comments?post=222"}],"version-history":[{"count":0,"href":"https:\/\/people.unil.ch\/monicacastillolluch\/wp-json\/wp\/v2\/pages\/222\/revisions"}],"up":[{"embeddable":true,"href":"https:\/\/people.unil.ch\/monicacastillolluch\/wp-json\/wp\/v2\/pages\/10"}],"wp:attachment":[{"href":"https:\/\/people.unil.ch\/monicacastillolluch\/wp-json\/wp\/v2\/media?parent=222"}],"curies":[{"name":"wp","href":"https:\/\/api.w.org\/{rel}","templated":true}]}}