{"id":23,"date":"2015-08-20T10:24:15","date_gmt":"2015-08-20T08:24:15","guid":{"rendered":"http:\/\/people.unil.ch\/monicacastillolluch\/?page_id=23"},"modified":"2019-04-28T19:04:00","modified_gmt":"2019-04-28T17:04:00","slug":"fuero-de-aviles","status":"publish","type":"page","link":"https:\/\/people.unil.ch\/monicacastillolluch\/indice-de-fueros\/fuero-de-aviles\/","title":{"rendered":"Fuero de Avil\u00e9s"},"content":{"rendered":"<h2>Edici\u00f3n<\/h2>\n<p>Aureliano Fern\u00e1ndez-Guerra y Orbe (1865), \u00ab\u00a0El fuero de Avil\u00e9s. Discurso le\u00eddo en Junta P\u00fablica de la Real Academia Espa\u00f1ola, para solemnizar el aniversario de su fundaci\u00f3n\u00a0\u00bb, Madrid, RAE, Imprenta nacional. [Seg\u00fan Lapesa ([1948] 1985: 53), por haber sido este fuero \u00ab\u00a0considerado por mucho tiempo como el m\u00e1s antiguo documento peninsular escrito en romance\u00a0\u00bb, la RAE \u00ab\u00a0decidi\u00f3 hacerlo objeto de una edici\u00f3n cuidadosa. La llev\u00f3 a cabo D. Aureliano Fern\u00e1ndez-Guerra y Orbe, con esmero notable para lo que entonces se acostumbraba, y apareci\u00f3 en 1865\u00a0\u00bb. La juzga Lapesa \u00ab\u00a0transcripci\u00f3n en general fidedigna\u00a0\u00bb.]<\/p>\n<p>Fern\u00e1ndez-Guerra (1865: 45) indica que \u00ab\u00a0Por vez primera se public\u00f3 el fuero de Avil\u00e9s el a\u00f1o de 1845, en la Revista de Madrid, segunda \u00e9poca, tomo VII, p\u00e1ginas 267 \u00e1 275, 314 \u00e1 322 y 328 \u00e1 331.\u00a0\u00bb<\/p>\n<h2>Estudios ling\u00fc\u00edsticos<\/h2>\n<p>Lapesa, Rafael (1948), \u00ab\u00a0Asturiano y provenzal en el Fuero de Avil\u00e9s\u00a0\u00bb,\u00a0<em>Acta Salmanticensia<\/em>, II, n\u00ba 4, Universidad de Salamanca [reeditado en 1985 en <em>Estudios de historia ling\u00fc\u00edstica espa\u00f1ola<\/em>, Madrid, Paraninfo, p. 53-121]<\/p>\n<p>Defiende que \u00ab\u00a0[n]o es ya posible mantener hoy sombra de duda respecto a la autenticidad\u00a0\u00bb de este documento (p. 54), frente a lo que afirmaba Aureliano Fern\u00e1ndez-Guerra y Orbe (1865) en \u00ab\u00a0El fuero de Avil\u00e9s. Discurso le\u00eddo en la Junta P\u00fablica de la Real Academia Espa\u00f1ola, para solemnizar el aniversario de su fundaci\u00f3n\u00a0\u00bb, Madrid, Imprenta nacional:\u00a0 \u00ab\u00a0Yo, se\u00f1ores, intento convenceros de que no es genuino el Fuero de Avil\u00e9s; de que \u00e1 su lenguaje se le di\u00f3 rudamete apariencias de antiguo; que la ficci\u00f3n es veros\u00edmil se hiciese imperando el Rey S\u00e1bio; y que por ello este diploma no se puede considerar monumento ling\u00fc\u00edstico, ni \u00e1un con relacion al tiempo en que fu\u00e9 contrahecho.\u00a0\u00bb (p. 11)<\/p>\n<p>Lapesa subraya que este fuero est\u00e1 plagado de asturianismos y provenzalismos, que demuestran el contacto y la integraci\u00f3n entre poblaciones aut\u00f3ctonas y for\u00e1neas.<\/p>\n<p>[P\u00e1gina en construcci\u00f3n]<\/p>\n","protected":false},"excerpt":{"rendered":"<p>Edici\u00f3n Aureliano Fern\u00e1ndez-Guerra y Orbe (1865), \u00ab\u00a0El fuero de Avil\u00e9s. Discurso le\u00eddo en Junta P\u00fablica de la Real Academia Espa\u00f1ola, para solemnizar el aniversario de su fundaci\u00f3n\u00a0\u00bb, Madrid, RAE, Imprenta nacional. [Seg\u00fan Lapesa ([1948] 1985: 53), por haber sido este fuero \u00ab\u00a0considerado por mucho tiempo como el m\u00e1s antiguo documento peninsular escrito en romance\u00a0\u00bb, la &hellip; <\/p>\n<p class=\"link-more\"><a href=\"https:\/\/people.unil.ch\/monicacastillolluch\/indice-de-fueros\/fuero-de-aviles\/\" class=\"more-link\">Continuer la lecture<span class=\"screen-reader-text\"> de &laquo;&nbsp;Fuero de Avil\u00e9s&nbsp;&raquo;<\/span><\/a><\/p>\n","protected":false},"author":1001019,"featured_media":0,"parent":10,"menu_order":0,"comment_status":"closed","ping_status":"closed","template":"","meta":{"_seopress_robots_primary_cat":"","_seopress_titles_title":"","_seopress_titles_desc":"","_seopress_robots_index":"","footnotes":""},"class_list":["post-23","page","type-page","status-publish"],"_links":{"self":[{"href":"https:\/\/people.unil.ch\/monicacastillolluch\/wp-json\/wp\/v2\/pages\/23","targetHints":{"allow":["GET"]}}],"collection":[{"href":"https:\/\/people.unil.ch\/monicacastillolluch\/wp-json\/wp\/v2\/pages"}],"about":[{"href":"https:\/\/people.unil.ch\/monicacastillolluch\/wp-json\/wp\/v2\/types\/page"}],"author":[{"embeddable":true,"href":"https:\/\/people.unil.ch\/monicacastillolluch\/wp-json\/wp\/v2\/users\/1001019"}],"replies":[{"embeddable":true,"href":"https:\/\/people.unil.ch\/monicacastillolluch\/wp-json\/wp\/v2\/comments?post=23"}],"version-history":[{"count":0,"href":"https:\/\/people.unil.ch\/monicacastillolluch\/wp-json\/wp\/v2\/pages\/23\/revisions"}],"up":[{"embeddable":true,"href":"https:\/\/people.unil.ch\/monicacastillolluch\/wp-json\/wp\/v2\/pages\/10"}],"wp:attachment":[{"href":"https:\/\/people.unil.ch\/monicacastillolluch\/wp-json\/wp\/v2\/media?parent=23"}],"curies":[{"name":"wp","href":"https:\/\/api.w.org\/{rel}","templated":true}]}}