{"id":88,"date":"2014-10-07T19:30:11","date_gmt":"2014-10-07T17:30:11","guid":{"rendered":"http:\/\/people.unil.ch\/monikasalzbrunn\/?page_id=88"},"modified":"2024-11-29T15:51:47","modified_gmt":"2024-11-29T14:51:47","slug":"monographies","status":"publish","type":"page","link":"https:\/\/people.unil.ch\/monikasalzbrunn\/publications\/monographies\/","title":{"rendered":"Monographies"},"content":{"rendered":"<p><a href=\"https:\/\/www.researchgate.net\/publication\/286443293_Vielfalt_-_Diversitat\" target=\"_blank\" rel=\"noopener\">2014: Vielfalt\/Diversit\u00e4t. Bielefeld: transcript\/Coll. Einsichten.<\/a><\/p>\n<p><a href=\"https:\/\/www.researchgate.net\/publication\/287199508_From_Community_to_Commonality_Multiple_Belonging_and_Street_Phenomena_in_the_Era_of_Reflexive_Modernization\" target=\"_blank\" rel=\"noopener\">2011 (with Yasumasa Sekine): From Community to Commonality. Multiple Belonging and Street Phenomena in the Era of Reflexive Modernization. Tokyo: Seijo University Press.<\/a><\/p>\n<p><a href=\"https:\/\/theses.fr\/2002EHES0051\" target=\"_blank\" rel=\"noopener\">2002: Espaces sociaux transnationaux\u00a0: pratiques politiques et religieuses li\u00e9es \u00e0 la migration des musulmans s\u00e9n\u00e9galais en France et en Allemagne, en particulier pendant les campagnes \u00e9lectorales du nouveau Pr\u00e9sident du S\u00e9n\u00e9gal, Abdoulaye Wade (1994-2001). Th\u00e8se de doctorat en Anthropologie Sociale et Ethnologie (en cotutelle) pour l\u2019obtention du grade Docteur de l\u2019EHESS\/Dissertation zur Erlangung des Grades Doktorin der Sozialwissenschaften (im grenz\u00fcberschreitenden Promotionsverfahren) an der Fakult\u00e4t f\u00fcr Soziologie der Universit\u00e4t Bielefeld. 618 p.<\/a><\/p>\n<p>1996: Islamische Bruderschaften im Senegal und die Entwicklung der Zivilgesellschaft. Eine Neulekt\u00fcre islamischer Sozialgeschichte im Lichte empirischer Beispiele. Bielefeld: Universit\u00e4t, Fakult\u00e4t f\u00fcr Soziologie. M\u00e9moire de dipl\u00f4me de fin d\u2019\u00e9tudes (\u00e9quivalent au DEA). 137 p.<\/p>\n<p>In preparation: Politiques transnationales. R\u00e9seaux migratoires s\u00e9n\u00e9galais en France, en Allemagne et aux Etats-Unis. 350 p. Paris: Editions Petra, Coll. Monde en migration, dir. by Catherine Delcroix and Catherine de Wenden.<\/p>\n","protected":false},"excerpt":{"rendered":"<p>2014: Vielfalt\/Diversit\u00e4t. Bielefeld: transcript\/Coll. Einsichten. 2011 (with Yasumasa Sekine): From Community to Commonality. Multiple Belonging and Street Phenomena in the Era of Reflexive Modernization. Tokyo: Seijo University Press. 2002: Espaces sociaux transnationaux\u00a0: pratiques politiques et religieuses li\u00e9es \u00e0 la migration des musulmans s\u00e9n\u00e9galais en France et en Allemagne, en particulier pendant les campagnes \u00e9lectorales du &hellip; <\/p>\n<p class=\"link-more\"><a href=\"https:\/\/people.unil.ch\/monikasalzbrunn\/publications\/monographies\/\" class=\"more-link\">Continue reading<span class=\"screen-reader-text\"> &#8220;Monographies&#8221;<\/span><\/a><\/p>\n","protected":false},"author":1001008,"featured_media":0,"parent":15,"menu_order":1,"comment_status":"closed","ping_status":"closed","template":"","meta":{"_seopress_robots_primary_cat":"","_seopress_titles_title":"","_seopress_titles_desc":"","_seopress_robots_index":"","footnotes":""},"class_list":["post-88","page","type-page","status-publish"],"_links":{"self":[{"href":"https:\/\/people.unil.ch\/monikasalzbrunn\/wp-json\/wp\/v2\/pages\/88","targetHints":{"allow":["GET"]}}],"collection":[{"href":"https:\/\/people.unil.ch\/monikasalzbrunn\/wp-json\/wp\/v2\/pages"}],"about":[{"href":"https:\/\/people.unil.ch\/monikasalzbrunn\/wp-json\/wp\/v2\/types\/page"}],"author":[{"embeddable":true,"href":"https:\/\/people.unil.ch\/monikasalzbrunn\/wp-json\/wp\/v2\/users\/1001008"}],"replies":[{"embeddable":true,"href":"https:\/\/people.unil.ch\/monikasalzbrunn\/wp-json\/wp\/v2\/comments?post=88"}],"version-history":[{"count":1,"href":"https:\/\/people.unil.ch\/monikasalzbrunn\/wp-json\/wp\/v2\/pages\/88\/revisions"}],"predecessor-version":[{"id":352,"href":"https:\/\/people.unil.ch\/monikasalzbrunn\/wp-json\/wp\/v2\/pages\/88\/revisions\/352"}],"up":[{"embeddable":true,"href":"https:\/\/people.unil.ch\/monikasalzbrunn\/wp-json\/wp\/v2\/pages\/15"}],"wp:attachment":[{"href":"https:\/\/people.unil.ch\/monikasalzbrunn\/wp-json\/wp\/v2\/media?parent=88"}],"curies":[{"name":"wp","href":"https:\/\/api.w.org\/{rel}","templated":true}]}}