{"id":7,"date":"2019-04-12T10:08:06","date_gmt":"2019-04-12T08:08:06","guid":{"rendered":"http:\/\/people.unil.ch\/olivierstucky\/?page_id=7"},"modified":"2019-06-02T16:35:25","modified_gmt":"2019-06-02T14:35:25","slug":"cv","status":"publish","type":"page","link":"https:\/\/people.unil.ch\/olivierstucky\/cv\/","title":{"rendered":"Qui suis-je ?"},"content":{"rendered":"<p><img alt=\"\" loading=\"lazy\" decoding=\"async\" class=\" wp-image-116 alignleft\" src=\"https:\/\/people.unil.ch\/olivierstucky\/files\/2019\/05\/portrait_ostucky_color-212x300.png\" alt=\"\" width=\"250\" height=\"354\" srcset=\"https:\/\/people.unil.ch\/olivierstucky\/files\/2019\/05\/portrait_ostucky_color-212x300.png 212w, https:\/\/people.unil.ch\/olivierstucky\/files\/2019\/05\/portrait_ostucky_color-768x1087.png 768w, https:\/\/people.unil.ch\/olivierstucky\/files\/2019\/05\/portrait_ostucky_color-724x1024.png 724w, https:\/\/people.unil.ch\/olivierstucky\/files\/2019\/05\/portrait_ostucky_color.png 848w\" sizes=\"auto, (max-width: 250px) 100vw, 250px\" \/><\/p>\n<h6>OLIVIER STUCKY<\/h6>\n<p><strong>Date de naissance:<\/strong> 08.03.1988<br \/>\n<strong>Lieu d&rsquo;origine:<\/strong> Gen\u00e8ve (CH)<br \/>\n<strong>Lieu de r\u00e9sidence:<\/strong> Lausanne (CH)<\/p>\n<h6>FORMATION<\/h6>\n<p style=\"padding-left: 120px\"><strong>2019-\u2026<\/strong><br \/>\nDoctorat \u00e8s Lettres, Universit\u00e9 de Lausanne<br \/>\n<strong>2015-2018<\/strong><br \/>\nMa\u00eetrise \u00e8s Lettres, Universit\u00e9 de Lausanne<br \/>\n<strong>2011-2015<\/strong><br \/>\nBachelor \u00e8s Lettres, Universit\u00e9 de Lausanne<br \/>\n<strong>2004-2007<\/strong><br \/>\nCFC de Design, \u00c9cole d&rsquo;Arts Appliqu\u00e9s de Gen\u00e8ve<\/p>\n<h6><a href=\"https:\/\/people.unil.ch\/olivierstucky\/files\/2019\/05\/cv_ostucky_2019.pdf\">&gt;T\u00e9l\u00e9charger mon CV (PDF)<\/a><\/h6>\n","protected":false},"excerpt":{"rendered":"<p>OLIVIER STUCKY Date de naissance: 08.03.1988 Lieu d&rsquo;origine: Gen\u00e8ve (CH) Lieu de r\u00e9sidence: Lausanne (CH) FORMATION 2019-\u2026 Doctorat \u00e8s Lettres, Universit\u00e9 de Lausanne 2015-2018 Ma\u00eetrise \u00e8s Lettres, Universit\u00e9 de Lausanne 2011-2015 Bachelor \u00e8s Lettres, Universit\u00e9 de Lausanne 2004-2007 CFC de<\/p>\n","protected":false},"author":1001094,"featured_media":0,"parent":0,"menu_order":0,"comment_status":"closed","ping_status":"closed","template":"","meta":{"_seopress_robots_primary_cat":"","_seopress_titles_title":"","_seopress_titles_desc":"","_seopress_robots_index":"","footnotes":""},"class_list":["post-7","page","type-page","status-publish"],"_links":{"self":[{"href":"https:\/\/people.unil.ch\/olivierstucky\/wp-json\/wp\/v2\/pages\/7","targetHints":{"allow":["GET"]}}],"collection":[{"href":"https:\/\/people.unil.ch\/olivierstucky\/wp-json\/wp\/v2\/pages"}],"about":[{"href":"https:\/\/people.unil.ch\/olivierstucky\/wp-json\/wp\/v2\/types\/page"}],"author":[{"embeddable":true,"href":"https:\/\/people.unil.ch\/olivierstucky\/wp-json\/wp\/v2\/users\/1001094"}],"replies":[{"embeddable":true,"href":"https:\/\/people.unil.ch\/olivierstucky\/wp-json\/wp\/v2\/comments?post=7"}],"version-history":[{"count":0,"href":"https:\/\/people.unil.ch\/olivierstucky\/wp-json\/wp\/v2\/pages\/7\/revisions"}],"wp:attachment":[{"href":"https:\/\/people.unil.ch\/olivierstucky\/wp-json\/wp\/v2\/media?parent=7"}],"curies":[{"name":"wp","href":"https:\/\/api.w.org\/{rel}","templated":true}]}}