{"id":108,"date":"2022-06-09T16:18:22","date_gmt":"2022-06-09T14:18:22","guid":{"rendered":"https:\/\/people.unil.ch\/patrickclastres\/?page_id=108"},"modified":"2024-06-03T19:38:37","modified_gmt":"2024-06-03T17:38:37","slug":"membre-de-jurys-de-these","status":"publish","type":"page","link":"https:\/\/people.unil.ch\/patrickclastres\/membre-de-jurys-de-these\/","title":{"rendered":"Membre de jurys de th\u00e8se et d&rsquo;habilitation \u00e0 diriger des recherches"},"content":{"rendered":"\n<p style=\"font-size:24px\"><strong>2024<\/strong><\/p>\n\n\n\n<p><strong>Serge Vaucelle<\/strong>, <em>Jouer, S\u2019Exercer, S\u2019Entra\u00eener. Une Histoire Culturelle de la Performance Sportive<\/em>, Habilitation \u00e0 Diriger des Recherches en Sciences du sport, Universit\u00e9 de Toulouse, soutenue le 12 avril 2024 sous la direction de Jean Saint-Martin. Autres membres du jury : Pierre-Yves Beaurepaire, Daphn\u00e9 Bolz, Olivier Chovaux, Philippe Terral et Georges Vigarello.<\/p>\n\n\n\n<p><\/p>\n\n\n\n<p style=\"font-size:24px\"><strong>2022<\/strong><\/p>\n\n\n\n<p><strong>Francois-Ren\u00e9 Julliard<\/strong>, <em>\u00ab\u00a0Cette m\u00e9daille est pour l\u2019Am\u00e9rique noire\u201d. Les athl\u00e8tes olympiques noirs am\u00e9ricains, entre excellence sportive et lutte pour l\u2019\u00e9galit\u00e9 (1896-1984)<\/em>, Th\u00e8se de doctorat en Histoire contemporaine, Universit\u00e9 Clermont Auvergne, soutenue le 16 d\u00e9cembre 2022 sous la direction de Fabien Conord et de Caroline Rolland-Diamond (Universit\u00e9 Paris 10). Autres membres du jury : Justine Faure, \u00c9ric Agbessi, Thomas J. Sugrue et Laurence Cossu-Beaumont<\/p>\n\n\n\n<p><strong>Rachel Ozerkevich<\/strong>, <em>Aestheticizing sport : representations of athletes in France, 1881-1914<\/em>, Th\u00e8se de doctorat en Histoire de l\u2019art, University of North Carolina at Chapel Hill, soutenue le 3 mai 2022 sous la direction de Daniel J. Sherman. Autres membres du jury : Jennifer Bauer, Eduardo Douglas, Gordon Hughes, Donald Reid.<\/p>\n\n\n\n<p><strong>Zineb Belmaati-Cherkaoui<\/strong>, <em>Les enjeux g\u00e9opolitiques des mondes du sport m\u00e9diterran\u00e9en : les Jeux M\u00e9diterran\u00e9ens<\/em>, Th\u00e8se de doctorat en Sciences du sport sous la direction d\u2019Olivier le No\u00e9 et de Pascal Charitas, Universit\u00e9 Paris 10 (codirection), soutenue pr\u00e9vue le 5 septembre 2022. Autres membres du jury : Daphn\u00e9 Bolz, Dominique Connan, Marion Fontaine, Claude Kemo-Keimbou<\/p>\n\n\n\n<p><strong>Cl\u00e9ment Astruc<\/strong>, <em>Le football Br\u00e9silien \u00e0 travers le monde. Enjeux d&rsquo;une projection internationale par le sport (1945-1979)<\/em>, Th\u00e8se en Histoire contemporaine sous la direction d\u2019Olivier Compagnon et de Fabien Archambault, Paris 3 et Paris 1 \u2013 Panth\u00e9on Sorbonne (codirection), soutenance pr\u00e9vue le 21 octobre 2022. Autres membres du jury&nbsp;: Justine Faure, Laurent Vidal, Bernardo Buarque, Pascale Goetschel&nbsp;<\/p>\n\n\n\n<p style=\"font-size:24px\"><strong>2021<\/strong><\/p>\n\n\n\n<p><strong>Lorenzo Jalabert d\u2019Amado<\/strong>, <em>Aux origines de la Coupe du monde de football : Montevideo 1930. Culture de masse, : usages politiques du sport et construction nationale<\/em>, Th\u00e8se de doctorat en Histoire contemporaine sous la direction de Olivier Compagnon et de Denis Merklen, Universit\u00e9 Paris 3 (codirection), soutenue le 18 octobre 2021. Fonction&nbsp;: Rapporteur du projet de th\u00e8se. Autres membres du jury&nbsp;: Fabien Archambault, Daphn\u00e9 Bolz, Gerardo Caetano, William Gasparini.<\/p>\n\n\n\n<p><strong>Lionel Pabion<\/strong>, <em>Le sport embrigad\u00e9 ? : Les soci\u00e9t\u00e9s de pr\u00e9paration militaire en France : des loisirs militaris\u00e9s (ann\u00e9es 1880 &#8211; ann\u00e9es 1930)<\/em>, Th\u00e8se de doctorat en Histoire contemporaine sous la direction d&rsquo;\u00c9douard Lynch, Universit\u00e9 Lyon 2, soutenue le 12 novembre 2021. Fonction&nbsp;: Rapporteur du projet de th\u00e8se. Autres membres du jury&nbsp;: Anne Rasmussen, Olivier Chovaux, Emmanuel Saint-Fuscien, Daphn\u00e9 Bolz<\/p>\n\n\n\n<p style=\"font-size:24px\"><strong>2020<\/strong><\/p>\n\n\n\n<p><strong>Florys Castan-Vicente<\/strong>, <em>Un corps \u00e0 soi ? : activit\u00e9s physiques et f\u00e9minismes durant la \u00ab\u00a0premi\u00e8re vague\u00a0\u00bb (France, fin du XIXe si\u00e8cle &#8211; fin des ann\u00e9es 1930)<\/em>, Th\u00e8se de doctorat en Histoire contemporaine sous la direction de Pascal Ory, Universit\u00e9 Paris 1 &#8211; Panth\u00e9on Sorbonne, soutenue le 23 novembre 2020. Fonction&nbsp;: Rapporteur du projet de th\u00e8se. Autres membres du jury&nbsp;: Christine Bard, Ana\u00efs Bohuon, Daphn\u00e9 Bolz, Pascale G\u0153tschel.<\/p>\n\n\n\n<p style=\"font-size:24px\"><strong>2019<\/strong><\/p>\n\n\n\n<p><strong>Daniel de Souza Malanski, <\/strong><em>Narratives of Brazil \u2013 Brazilian Identity representations in International Mega-Events \u2013 the cases of the 2014 FIFA World Cup and the 2016 Summer Olympics<\/em>, Th\u00e8se de doctorat en Histoire artistique et culturelle sous la direction de Catherine Bertho-Lavenir et d&rsquo;Emilio Fern\u00e1ndez, Universit\u00e9 Sorbonne Paris Cit\u00e9 et Universitat Autonoma de Barcelona (cotutelle), soutenue le 29 mai 2019. Fonction&nbsp;: Rapporteur du projet de th\u00e8se. Autres membres du jury&nbsp;: \u00c9velyne Cohen, Vinicius Mariano De Carvalho, Arnaud Richard.<\/p>\n\n\n\n<p><strong>Claire Nicolas<\/strong>, <em>Sport, citoyennet\u00e9 et genre en Afrique de l\u2019Ouest : histoire sociale et politique compar\u00e9e de la jeunesse au Ghana et en C\u00f4te d\u2019Ivoire au XXe si\u00e8cle<\/em>, Th\u00e8se de doctorat en sciences politiques et en sciences du sport sous la direction de Richard Ban\u00e9gas et de Nicolas Bancel, Institut d&rsquo;\u00e9tudes politiques de Paris et Universit\u00e9 de Lausanne (cotutelle), soutenue le 17 d\u00e9cembre 2019. Autres membres du jury&nbsp;: Ana\u00efs Bohuon, Anne Hugon, Alexander Keese, Anne Marcellin.<\/p>\n\n\n\n<p style=\"font-size:24px\"><strong>2018<\/strong><\/p>\n\n\n\n<p><strong>S\u00e9bastien Moreau<\/strong>, <em>Les rencontres sportives. Une histoire sociale et culturelle du sport \u00e0 Reims, p\u00f4le de l&rsquo;espace sportif national et europ\u00e9en (1918-1939), <\/em>Th\u00e8se de doctorat en histoire contemporaine sous la direction de Christophe Charle, Universit\u00e9 Paris 1, soutenue en septembre 2018. Autres membres du jury : St\u00e9phane Beaud, Marion Fontaine, Manuel Schott\u00e9, Denis Scuto<\/p>\n\n\n\n<p><strong>Lucie H\u00e9meury<\/strong>, <em>Le pacte introuvable. Sport, p\u00e9ronisme et soci\u00e9t\u00e9 en Argentine 1946-1955<\/em>, Th\u00e8se de doctorat en Histoire contemporaine sous la direction d&rsquo;Olivier Compagnon, Universit\u00e9 Sorbonne Paris Cit\u00e9, soutenue le 11 d\u00e9cembre 2018. Fonction&nbsp;: Rapporteur du projet de th\u00e8se. Autres membres du jury&nbsp;: Fabien Archambault, Marcela Ferrari, Denis Merklen, Danielle Tartakowsky.<\/p>\n\n\n\n<p style=\"font-size:24px\"><strong>2016<\/strong><\/p>\n\n\n\n<p><strong>Sylvain Dufraisse<\/strong>, <em>Les \u00ab\u00a0H\u00e9ros du sport\u00a0\u00bb : la fabrique de l&rsquo;\u00e9lite sportive sovi\u00e9tique (1934-1980)<\/em>, Th\u00e8se de doctorat en Histoire contemporaine sous la direction de Marie-Pierre Rey, Universit\u00e9 Paris 1 &#8211; Panth\u00e9on Sorbonne, soutenue le 12 mars 2016. Fonction&nbsp;: Rapporteur du projet de th\u00e8se. Autres membres du jury&nbsp;: Sophie C\u0153ur\u00e9, Martine Mespoulet, Pascal Ory.<\/p>\n\n\n\n<p><\/p>\n\n\n\n<p><\/p>\n\n\n\n<p><\/p>\n\n\n\n<p><\/p>\n\n\n\n<p><\/p>\n","protected":false},"excerpt":{"rendered":"<p>2024 Serge Vaucelle, Jouer, S\u2019Exercer, S\u2019Entra\u00eener. Une Histoire Culturelle de la Performance Sportive, Habilitation \u00e0 Diriger des Recherches en Sciences du sport, Universit\u00e9 de Toulouse, soutenue le 12 avril 2024 &hellip; <\/p>\n","protected":false},"author":1001129,"featured_media":0,"parent":0,"menu_order":0,"comment_status":"closed","ping_status":"closed","template":"","meta":{"_seopress_robots_primary_cat":"","_seopress_titles_title":"","_seopress_titles_desc":"","_seopress_robots_index":"","footnotes":""},"class_list":["post-108","page","type-page","status-publish"],"_links":{"self":[{"href":"https:\/\/people.unil.ch\/patrickclastres\/wp-json\/wp\/v2\/pages\/108","targetHints":{"allow":["GET"]}}],"collection":[{"href":"https:\/\/people.unil.ch\/patrickclastres\/wp-json\/wp\/v2\/pages"}],"about":[{"href":"https:\/\/people.unil.ch\/patrickclastres\/wp-json\/wp\/v2\/types\/page"}],"author":[{"embeddable":true,"href":"https:\/\/people.unil.ch\/patrickclastres\/wp-json\/wp\/v2\/users\/1001129"}],"replies":[{"embeddable":true,"href":"https:\/\/people.unil.ch\/patrickclastres\/wp-json\/wp\/v2\/comments?post=108"}],"version-history":[{"count":3,"href":"https:\/\/people.unil.ch\/patrickclastres\/wp-json\/wp\/v2\/pages\/108\/revisions"}],"predecessor-version":[{"id":471,"href":"https:\/\/people.unil.ch\/patrickclastres\/wp-json\/wp\/v2\/pages\/108\/revisions\/471"}],"wp:attachment":[{"href":"https:\/\/people.unil.ch\/patrickclastres\/wp-json\/wp\/v2\/media?parent=108"}],"curies":[{"name":"wp","href":"https:\/\/api.w.org\/{rel}","templated":true}]}}