{"id":139,"date":"2022-06-09T16:47:49","date_gmt":"2022-06-09T14:47:49","guid":{"rendered":"https:\/\/people.unil.ch\/patrickclastres\/?page_id=139"},"modified":"2025-11-05T17:13:47","modified_gmt":"2025-11-05T16:13:47","slug":"histoire-et-tendances-des-cultures-sportives","status":"publish","type":"page","link":"https:\/\/people.unil.ch\/patrickclastres\/histoire-et-tendances-des-cultures-sportives\/","title":{"rendered":"Histoire et tendances des cultures sportives"},"content":{"rendered":"\n<p>Intervention \u00e0 l&rsquo;\u00e9mission <em>Sport Matin<\/em>, \u00ab\u00a0<a href=\"https:\/\/www.rts.ch\/audio-podcast\/2025\/audio\/sport-matin-le-sport-ebranle-par-les-manifestations-29005465.html\">Le sport \u00e9branl\u00e9 par les manifestations<\/a>\u00ab\u00a0, 22 septembre 2025<\/p>\n\n\n\n<p>Jean-Baptiste Ma\u00eetre, <a href=\"https:\/\/www.ouest-france.fr\/sport\/basket\/nba\/basket-football-rugby-les-ligues-fermees-sont-elles-lavenir-du-sport-professionnel-en-europe-bbfacac2-0af1-11f0-8a07-c6476d4a0ef7\">Basket, football, rugby\u2026 Les ligues ferm\u00e9es sont-elles l\u2019avenir du sport professionnel en Europe ?<\/a>, Ouest-France, 28 mars 2025<\/p>\n\n\n\n<p>Intervention \u00e0 l&rsquo;\u00e9mission <em>Quoi de neuf en Histoire<\/em>, \u00ab\u00a0<a href=\"https:\/\/podcast.ausha.co\/quoi-de-neuf-en-histoire\/histoire-des-sports-olympiques-15-le-tennis\">Histoire des sports olympiques 15 : Le tennis | Ausha, 27<\/a>\u00ab\u00a0,  27 juillet 2024<\/p>\n\n\n\n<p>Sophie Amsili, \u00ab\u00a0<a href=\"https:\/\/www.lesechos.fr\/weekend\/perso\/jo-de-tokyo-comment-les-athletes-francais-se-sont-prepares-1332542\">JO de Tokyo : comment les athl\u00e8tes fran\u00e7ais se sont pr\u00e9par\u00e9s<\/a>\u00ab\u00a0, Les Echos, 16 juillet 2024<\/p>\n\n\n\n<p>Patrick Clastres, \u00ab&nbsp;<a href=\"https:\/\/www.lemonde.fr\/sport\/article\/2024\/05\/29\/paris-2024-la-france-est-deja-une-grande-nation-de-sport_6236097_3242.html\">La France est d\u00e9j\u00e0 une grande nation de sport&nbsp;!<\/a><a href=\"https:\/\/www.lemonde.fr\/sport\/article\/2024\/05\/08\/paris-2024-le-parcours-de-la-flamme-est-une-maniere-de-faire-voyager-la-marque-olympique-aux-frais-des-contribuables_6232151_3242.html\">&nbsp;<\/a>\u00bb, Le Monde, 29 mai 2024<\/p>\n\n\n\n<p>\u00ab&nbsp;Faire l\u2019histoire de son club de tennis&nbsp;\u00bb, Tennis-Info, ao\u00fbt-septembre 2021, n\u00b0 533, p. 50<\/p>\n\n\n\n<p>Marie Thimonnier et alii, \u00ab&nbsp;Le revers de la jupe&nbsp;\u00bb, 1<sup>er<\/sup> prix du concours L\u2019Equipe explore, 30 ao\u00fbt 2021<\/p>\n\n\n\n<p>Damien Augias, \u00ab&nbsp;<a href=\"https:\/\/www.nonfiction.fr\/article-10815-gravir-les-alpes-xixe-xxe-siecles-entretien-avec-patrick-clastres.htm\">Gravir les Alpes (XIXe-XXe si\u00e8cles&nbsp;\u00bb&nbsp;: entretien avec Patrick Clastres&nbsp;<\/a>\u00bb, <em>NonFiction.fr<\/em>, 14 mai 2021<\/p>\n\n\n\n<p>No\u00e9mie Matos, \u00ab&nbsp;<a href=\"https:\/\/wp.unil.ch\/uniscope\/de-nouvelles-voies-pour-explorer-lalpinisme\/\">De nouvelles voies pour explorer l\u2019alpinisme<\/a>&nbsp;\u00bb, <em>L\u2019Uniscope<\/em>, 12 mai 2021<\/p>\n\n\n\n<p>Patrick Clastres, \u00ab&nbsp;Aux origines des f\u00e9d\u00e9rations affinitaires&nbsp;\u00bb, <em>En jeu. Une autre id\u00e9e du sport<\/em>, n\u00b0 42, juin 2020<\/p>\n\n\n\n<p>Julie Bianchin, \u00ab&nbsp;<a href=\"https:\/\/avisdexperts.ch\/videos\/view\/10524\">Cheerleaders. Un mythe am\u00e9ricain&nbsp;<\/a>\u00bb, RTS, \u00ab&nbsp;Couleurs locales&nbsp;\u00bb, 8 novembre 2019<\/p>\n\n\n\n<p>Matilde Meslin, \u00ab&nbsp;<a href=\"https:\/\/www.liberation.fr\/sports\/2019\/04\/10\/d-oulan-bator-a-sevran-le-surf-sort-de-ses-fiefs_1720283\">D\u2019Oulan Bator \u00e0 Sevran, le surf sort de ses fiefs&nbsp;<\/a>\u00bb, <em>Lib\u00e9ration<\/em>, 10 avril 2019<\/p>\n\n\n\n<p>Ad\u00e8le Tariel, \u00ab&nbsp;Pourquoi le foot est-il le sport pr\u00e9f\u00e9r\u00e9 au monde&nbsp;?&nbsp;\u00bb, <em>Mon Quotidien<\/em>, 28 juin 2018<\/p>\n\n\n\n<p>\u00ab&nbsp;<a href=\"https:\/\/www.dailymotion.com\/video\/x6lyzeg\">150 ans de regard sur le foot&nbsp;<\/a>\u00bb, <em>France Culture<\/em>, 16 juin 2018<\/p>\n\n\n\n<p>Audrey Morard, \u00ab&nbsp;Pourquoi le tournoi de Roland-Garros est-il particulier&nbsp;?&nbsp;\u00bb, <em>Le P\u2019tit Lib\u00e9<\/em>, sp\u00e9cial \u00ab&nbsp;Roland Garros&nbsp;\u00bb, 25-31 mai 2018, n\u00b0 59, p. 10-11<\/p>\n\n\n\n<p>Barth\u00e9l\u00e9my Gaillard, \u00ab&nbsp;<a href=\"https:\/\/www.vice.com\/fr\/article\/pavaqn\/public-de-roland-garros-mais-pourquoi-est-il-aussi-mechant\">Public de Roland-Garros&nbsp;: mais pourquoi est-il aussi m\u00e9chant&nbsp;?&nbsp;<\/a>\u00bb, <em>VICE<\/em>, 25 mai 2018<\/p>\n\n\n\n<p>Manuelle Calmat, <em>Sport &amp; Style<\/em>, n\u00b0 92, avril 2018, \u00ab&nbsp;Marakana (Belgrade)&nbsp;\u00bb, p. 68-71.<\/p>\n\n\n\n<p>Quentin Jeannerat, \u00ab&nbsp;<a href=\"https:\/\/www.letemps.ch\/sport\/petanque-reve-destin-curling\">La p\u00e9tanque r\u00eave du destin du curling&nbsp;<\/a>\u00bb, <em>Le Temps<\/em>, 9 mars 2018<\/p>\n\n\n\n<p>Laure Dubesset-Chatelain, GEO Histoire, \u00ab&nbsp;Raciste, le sprinter blanc&nbsp;?&nbsp;\u00bb, f\u00e9vrier-mars 2018, n\u00b0 37, p. 28-29.<\/p>\n\n\n\n<p>Ch\u00e9rine Abbes, \u00ab&nbsp;Suzanne Lenglen&nbsp;\u00bb, <em>Femme actuelle<\/em>, 10 janvier 2018<\/p>\n\n\n\n<p>S\u00e9bastien Billard, <em>Nouvel Obs<\/em>, 19 novembre 2017, \u00ab&nbsp;<a href=\"https:\/\/tempsreel.nouvelobs.com\/sport\/20171111.OBS7238\/battle-of-the-sexes-l-incroyable-histoire-du-match-qui-revolutionna-le-tennis-feminin.html\">Battle of the Sexes&nbsp;: l\u2019incroyable histoire du match qui r\u00e9volutionna le sport f\u00e9minin<\/a>&nbsp;\u00bb<\/p>\n\n\n\n<p>Xavier Fr\u00e8re, \u00ab&nbsp;<a href=\"https:\/\/www.ledauphine.com\/sport\/2017\/09\/14\/la-france-est-l-une-des-trois-nations-les-plus-sportives-du-monde\">La France est l\u2019une des trois nations les plus sportives du monde&nbsp;<\/a>\u00bb,&nbsp;<em>Le R\u00e9publicain lorrain\/Dauphin\u00e9 lib\u00e9r\u00e9\/EBRA presse<\/em>, 13 et 14 septembre 2017<\/p>\n\n\n\n<p>Adrien P\u00e9cout et Yann Bouchez,&nbsp;<em>Le Monde<\/em>, \u00ab&nbsp;<a href=\"https:\/\/abonnes.lemonde.fr\/sport\/article\/2017\/11\/06\/jo-2024-les-pistes-aux-medailles-du-sport-francais_5210876_3242.html#xtor=AL-32280270\">JO 2024&nbsp;: les pistes aux m\u00e9dailles&nbsp;du sport fran\u00e7ais<\/a>&nbsp;\u00bb, 7 novembre 2017<\/p>\n\n\n\n<p>\u00ab&nbsp;<a href=\"https:\/\/www.slate.fr\/story\/149103\/danger-risque-blessures-cours-collectifs-fitness\">Le danger cach\u00e9 des cours collectifs de fitness&nbsp;<\/a>\u00bb, <em>Slate<\/em>, 2 ao\u00fbt 2017<\/p>\n\n\n\n<p>RTS, Le Journal de 7h, \u00ab&nbsp;<a href=\"https:\/\/www.avisdexperts.ch\/videos\/view\/6989\">L\u2019arr\u00eat des relations avec le Qatar aura-t-il un impact sur la Coupe du monde 2022<\/a>&nbsp;\u00bb, 6 juin 2017<\/p>\n\n\n\n<p>Louise Tourret, <em>France Culture<\/em>, Rue des \u00e9coles, \u00ab&nbsp;<a href=\"https:\/\/www.franceculture.fr\/emissions\/rue-des-ecoles\/performances-sante-mixite-egalite-quels-enjeux-pour-leducation-physique\">Performance, sant\u00e9, mixit\u00e9, \u00e9galit\u00e9, quels enjeux pour l\u2019\u00e9ducation physique aujourd\u2019hui&nbsp;?<\/a> \u00bb, 23 avril 2017<\/p>\n\n\n\n<p>\u00ab&nbsp;L\u2019UFOLEP, ce qu\u2019ils en disent&nbsp;: La fin de l\u2019histoire affinitaire&nbsp;?&nbsp;L\u2019histoire \u00e9ducative continue&nbsp;\u00bb, <em>En jeu. Une autre id\u00e9e du sport. La revue de l\u2019UFOLEP<\/em>, octobre 2016, n\u00b0 23, p. 20-21<\/p>\n\n\n\n<p>\u00ab&nbsp;L\u2019EPS \u00e7a sert d\u2019abord \u00e0 s\u2019estimer&nbsp;\u00bb (avec Fabrice Auger), <em>L\u2019Humanit\u00e9<\/em>, 6 septembre 2016, p. 13<\/p>\n\n\n\n<p>Francine Zambano, \u00ab&nbsp;<a href=\"https:\/\/www.unil.ch\/unicom\/files\/live\/sites\/unicom\/files\/shared\/uniscope\/2016-2017\/616.pdf\">Un sport pas comme les autres. Alpinisme&nbsp;<\/a>\u00bb, <em>L\u2019Uniscope<\/em>, 2 septembre 2016, n\u00b0 616, p. 13<\/p>\n\n\n\n<p>Fabien Tr\u00e9court, <em>Version Femina<\/em>, suppl\u00e9ment du <em>JDD<\/em>, 7 ao\u00fbt 2016, \u00ab&nbsp;Les sportifs du dimanche, des vrais pros&nbsp;\u00bb<\/p>\n\n\n\n<p>\u00ab&nbsp;Football et olympisme&nbsp;\u00bb, <em>So Foot<\/em>, ao\u00fbt 2016<\/p>\n\n\n\n<p>\u00ab&nbsp;Les jeux vid\u00e9o seront bient\u00f4t une discipline olympique \u00bb, Migros Magazine, 25 juillet 2016<\/p>\n\n\n\n<p>Alexis Billebault, <em>Jeune Afrique<\/em>, n\u00b0 2895, 3-9 juillet 2016, p. 2-3, \u00ab&nbsp;De vandales en scandales&nbsp;\u00bb<\/p>\n\n\n\n<p>\u00ab&nbsp;<a href=\"https:\/\/www.rts.ch\/espace-2\/programmes\/le-grand-entretien\/7792125-le-grand-entretien-du-24-06-2016.html\">Une histoire du sport sans tabou&nbsp;\u00bb (propos recueillis par Laurence Dif\u00e9lix)<\/a>, <em>RTS<\/em>, Le Grand entretien, 24 et 26 juin 2016<\/p>\n\n\n\n<p>Zo\u00e9 Decker, <em>RTS<\/em>, Actu Radio, 6 juin 2016, \u00ab&nbsp;Boxe professionnelle aux JO&nbsp;\u00bb<\/p>\n\n\n\n<p>Manuelle Calmat, <em>Sport&amp;Style<\/em>, juin 2016, p. 78-89, \u00ab&nbsp;Usain. Le magicien d\u2019or \u00bb<\/p>\n\n\n\n<p>\u00ab&nbsp;<a href=\"https:\/\/tempsreel.nouvelobs.com\/sport\/roland-garros\/20160525.OBS1216\/roland-garros-les-tribunes-miroir-de-la-fracture-sociale.html\">Roland Garros&nbsp;: les tribunes, miroir de la fracture sociale&nbsp;<\/a>\u00bb (propos recueillis par S\u00e9bastien Billard), <em>L\u2019Obs<\/em>, 27 mai 2016<\/p>\n\n\n\n<p>Philippe Nanzer, <em>RTS<\/em>, 21&nbsp;avril 2016, \u00ab&nbsp;<a href=\"https:\/\/www.rts.ch\/info\/suisse\/7665929-sepp-blatter-a-ete-charge-d-une-mission-secrete-par-la-confederation.html\">Sepp Blatter a \u00e9t\u00e9 charg\u00e9 d\u2019une mission secr\u00e8te par la Conf\u00e9d\u00e9ration<\/a>&nbsp;\u00bb<\/p>\n\n\n\n<p>Sarah Diffalah, <em>L\u2019Obs<\/em>, 22 mars 2016, \u00ab&nbsp;<a href=\"https:\/\/m.nouvelobs.com\/monde\/20160322.OBS6908\/le-baseball-l-autre-terrain-d-affrontement-entre-les-etats-unis-et-cuba.html\">Le baseball, l\u2019autre terrain d\u2019affrontement entre les Etats-Unis et Cuba<\/a>&nbsp;\u00bb<\/p>\n\n\n\n<p>\u00ab&nbsp;<a href=\"https:\/\/leplus.nouvelobs.com\/contribution\/1492919-sharapova-controlee-positive-le-dopage-n-est-pas-rare-dans-le-tennis-il-est-camoufle.html\">Sharapova contr\u00f4l\u00e9e positive&nbsp;: le dopage n\u2019est pas rare dans le tennis. Il est camoufl\u00e9&nbsp;<\/a>\u00bb, <em>L\u2019Obs Le Plus<\/em>, 9 mars 2016<\/p>\n\n\n\n<p>\u00ab&nbsp;Du pouvoir des dieux \u00e0 la vitesse pure&nbsp;\u00bb, <em>Encore&nbsp;!<\/em>, 28 f\u00e9vrier 2016, p. 40<\/p>\n\n\n\n<p>\u00ab&nbsp;<a href=\"https:\/\/leplus.nouvelobs.com\/contribution\/1487169-un-monde-sans-fifa-oui-c-est-possible-une-federation-sportive-n-est-pas-eternelle.html\">Un monde sans FIFA&nbsp;? Oui, c\u2019est possible. Elle n\u2019est pas forc\u00e9ment n\u00e9cessaire au football&nbsp;<\/a>\u00bb, <em>L\u2019Obs Le Plus<\/em>, 26 f\u00e9vrier 2016<\/p>\n\n\n\n<p>Robin Verner, <em>Slate<\/em>, 1<sup>er<\/sup> novembre 2015, \u00ab&nbsp;<a href=\"https:\/\/www.slate.fr\/story\/108853\/sport-pas-une-revolution-retour-tradition\">L\u2019e-sport n\u2019est pas une r\u00e9volution, mais le retour \u00e0 une tradition<\/a>&nbsp;\u00bb<\/p>\n\n\n\n<p>\u00ab&nbsp;<a href=\"https:\/\/leplus.nouvelobs.com\/contribution\/607430-jo-londres-2012-comment-un-sport-devient-il-olympique.html\">La p\u00e9tanque candidate aux JO 2024&nbsp;: comment un sport devient-il olympique&nbsp;?&nbsp;<\/a>\u00bb, <em>Nouvel Obs<\/em>. <em>Le Plus<\/em>, 13 octobre 2015 (republication)<\/p>\n\n\n\n<p>Christian Favre, <em>RTS<\/em>, Forum, 13 ao\u00fbt 2015, \u00ab&nbsp;<a href=\"https:\/\/www.rts.ch\/la-1ere\/programmes\/forum\/6983499-forum-du-12-08-2015.html\">Fran\u00e7ois Carrard est-il le bon choix pour r\u00e9former la FIFA&nbsp;?&nbsp;<\/a>\u00bb<\/p>\n\n\n\n<p>Romain M\u00e9tairie, <a href=\"https:\/\/www.liberation.fr\/sports\/2020\/12\/18\/au-programme-des-jeux-asiatiques-de-2022-le-esport-lorgne-sur-les-jo_1809049\">Lib\u00e9ration<\/a>, e-sport,<\/p>\n\n\n\n<p style=\"font-size:24px\"><\/p>\n\n\n\n<p><\/p>\n\n\n\n<p><\/p>\n\n\n\n<p><\/p>\n\n\n\n<p><\/p>\n","protected":false},"excerpt":{"rendered":"<p>Intervention \u00e0 l&rsquo;\u00e9mission Sport Matin, \u00ab\u00a0Le sport \u00e9branl\u00e9 par les manifestations\u00ab\u00a0, 22 septembre 2025 Jean-Baptiste Ma\u00eetre, Basket, football, rugby\u2026 Les ligues ferm\u00e9es sont-elles l\u2019avenir du sport professionnel en Europe ?, &hellip; <\/p>\n","protected":false},"author":1001129,"featured_media":0,"parent":0,"menu_order":0,"comment_status":"closed","ping_status":"closed","template":"","meta":{"_seopress_robots_primary_cat":"","_seopress_titles_title":"","_seopress_titles_desc":"","_seopress_robots_index":"","footnotes":""},"class_list":["post-139","page","type-page","status-publish"],"_links":{"self":[{"href":"https:\/\/people.unil.ch\/patrickclastres\/wp-json\/wp\/v2\/pages\/139","targetHints":{"allow":["GET"]}}],"collection":[{"href":"https:\/\/people.unil.ch\/patrickclastres\/wp-json\/wp\/v2\/pages"}],"about":[{"href":"https:\/\/people.unil.ch\/patrickclastres\/wp-json\/wp\/v2\/types\/page"}],"author":[{"embeddable":true,"href":"https:\/\/people.unil.ch\/patrickclastres\/wp-json\/wp\/v2\/users\/1001129"}],"replies":[{"embeddable":true,"href":"https:\/\/people.unil.ch\/patrickclastres\/wp-json\/wp\/v2\/comments?post=139"}],"version-history":[{"count":5,"href":"https:\/\/people.unil.ch\/patrickclastres\/wp-json\/wp\/v2\/pages\/139\/revisions"}],"predecessor-version":[{"id":707,"href":"https:\/\/people.unil.ch\/patrickclastres\/wp-json\/wp\/v2\/pages\/139\/revisions\/707"}],"wp:attachment":[{"href":"https:\/\/people.unil.ch\/patrickclastres\/wp-json\/wp\/v2\/media?parent=139"}],"curies":[{"name":"wp","href":"https:\/\/api.w.org\/{rel}","templated":true}]}}