{"id":180,"date":"2013-08-23T22:32:47","date_gmt":"2013-08-23T20:32:47","guid":{"rendered":"http:\/\/people.unil.ch\/rachelfalconer\/?page_id=180"},"modified":"2024-05-27T11:21:06","modified_gmt":"2024-05-27T09:21:06","slug":"past-projects","status":"publish","type":"page","link":"https:\/\/people.unil.ch\/rachelfalconer\/past-projects\/","title":{"rendered":"Events"},"content":{"rendered":"<p><strong>Kathleen Jamie, A Poetry Reading by the Scots Makar, <\/strong>University of Lausanne, 7 May 2024; Societ\u00e9 de Lecture de Gen\u00e8ve, followed by a conversation with the poet, Geneva, 8 May 2024.<br \/><img alt=\"\" loading=\"lazy\" decoding=\"async\" class=\"alignnone size-medium wp-image-898\" src=\"https:\/\/people.unil.ch\/rachelfalconer\/files\/2024\/05\/Kathleen-at-Societe-8-May-2024-300x246.png\" alt=\"\" width=\"300\" height=\"246\" srcset=\"https:\/\/people.unil.ch\/rachelfalconer\/files\/2024\/05\/Kathleen-at-Societe-8-May-2024-300x246.png 300w, https:\/\/people.unil.ch\/rachelfalconer\/files\/2024\/05\/Kathleen-at-Societe-8-May-2024-1024x839.png 1024w, https:\/\/people.unil.ch\/rachelfalconer\/files\/2024\/05\/Kathleen-at-Societe-8-May-2024-768x629.png 768w, https:\/\/people.unil.ch\/rachelfalconer\/files\/2024\/05\/Kathleen-at-Societe-8-May-2024.png 1352w\" sizes=\"auto, (max-width: 300px) 100vw, 300px\" \/> <img alt=\"\" loading=\"lazy\" decoding=\"async\" class=\"alignnone size-medium wp-image-899\" src=\"https:\/\/people.unil.ch\/rachelfalconer\/files\/2024\/05\/Kathleen-Jamie-May-2024-300x160.png\" alt=\"\" width=\"300\" height=\"160\" srcset=\"https:\/\/people.unil.ch\/rachelfalconer\/files\/2024\/05\/Kathleen-Jamie-May-2024-300x160.png 300w, https:\/\/people.unil.ch\/rachelfalconer\/files\/2024\/05\/Kathleen-Jamie-May-2024-1024x545.png 1024w, https:\/\/people.unil.ch\/rachelfalconer\/files\/2024\/05\/Kathleen-Jamie-May-2024-768x409.png 768w, https:\/\/people.unil.ch\/rachelfalconer\/files\/2024\/05\/Kathleen-Jamie-May-2024-1536x818.png 1536w, https:\/\/people.unil.ch\/rachelfalconer\/files\/2024\/05\/Kathleen-Jamie-May-2024.png 1920w\" sizes=\"auto, (max-width: 300px) 100vw, 300px\" \/>\u00a0<\/p>\n<p><strong>Logic and Modern Literature, <\/strong>with guest speakers N. Katherine Hayles, Andrea K. Henderson, Robert B. Pippin, organised by Sangam Macduff, Rachel Falconer and Kathryn Coppola, UNIL, 14-15 Sept 2023.<\/p>\n<p>Public reading by <strong>Susan Howe <\/strong>and <strong>J.M. Coetzee<\/strong>, hosted by Sangam Macduff and Rachel Falconer, 14 Sept 2023.<\/p>\n<p><a href=\"https:\/\/people.unil.ch\/rachelfalconer\/files\/2023\/09\/Coetzee-Howe-Poster.png\"><img alt=\"\" loading=\"lazy\" decoding=\"async\" class=\"alignnone size-medium wp-image-866\" src=\"https:\/\/people.unil.ch\/rachelfalconer\/files\/2023\/09\/Coetzee-Howe-Poster-237x300.png\" alt=\"\" width=\"237\" height=\"300\" srcset=\"https:\/\/people.unil.ch\/rachelfalconer\/files\/2023\/09\/Coetzee-Howe-Poster-237x300.png 237w, https:\/\/people.unil.ch\/rachelfalconer\/files\/2023\/09\/Coetzee-Howe-Poster-807x1024.png 807w, https:\/\/people.unil.ch\/rachelfalconer\/files\/2023\/09\/Coetzee-Howe-Poster-768x974.png 768w, https:\/\/people.unil.ch\/rachelfalconer\/files\/2023\/09\/Coetzee-Howe-Poster.png 946w\" sizes=\"auto, (max-width: 237px) 100vw, 237px\" \/><\/a><\/p>\n<p>Member of Jury for poems in English, Concours de po\u00e9sie: <strong>R\u00eaver dans un monde qui br\u00fble<\/strong> (To dream in a world on fire), organised by PLUME: association litt\u00e9raire UNIL-EPFL, 16 April &#8211; 30 May 2023.<\/p>\n<p><a href=\"https:\/\/people.unil.ch\/rachelfalconer\/files\/2023\/05\/Affiche-concours-2023.png\"><img alt=\"\" loading=\"lazy\" decoding=\"async\" class=\"alignnone size-medium wp-image-851\" src=\"https:\/\/people.unil.ch\/rachelfalconer\/files\/2023\/05\/Affiche-concours-2023-212x300.png\" alt=\"\" width=\"212\" height=\"300\" srcset=\"https:\/\/people.unil.ch\/rachelfalconer\/files\/2023\/05\/Affiche-concours-2023-212x300.png 212w, https:\/\/people.unil.ch\/rachelfalconer\/files\/2023\/05\/Affiche-concours-2023-724x1024.png 724w, https:\/\/people.unil.ch\/rachelfalconer\/files\/2023\/05\/Affiche-concours-2023-768x1086.png 768w, https:\/\/people.unil.ch\/rachelfalconer\/files\/2023\/05\/Affiche-concours-2023.png 849w\" sizes=\"auto, (max-width: 212px) 100vw, 212px\" \/><\/a><\/p>\n<p>March 28-29, 2023: <strong>Pascale Petit: Poetry and Ecofeminism &#8211;\u00a0<\/strong>workshop and public poetry reading, hosted by CIEL (Centre for Interdisciplinary Studies of Literature), for the Printemps de la Po\u00e9sie Festival 2023.<\/p>\n<p><a href=\"https:\/\/people.unil.ch\/rachelfalconer\/files\/2023\/02\/Pascale-Petit-Tiger-Girl-1MB.jpg\"><img alt=\"\" loading=\"lazy\" decoding=\"async\" class=\"alignnone size-medium wp-image-830\" src=\"https:\/\/people.unil.ch\/rachelfalconer\/files\/2023\/02\/Pascale-Petit-Tiger-Girl-1MB-191x300.jpg\" alt=\"\" width=\"191\" height=\"300\" srcset=\"https:\/\/people.unil.ch\/rachelfalconer\/files\/2023\/02\/Pascale-Petit-Tiger-Girl-1MB-191x300.jpg 191w, https:\/\/people.unil.ch\/rachelfalconer\/files\/2023\/02\/Pascale-Petit-Tiger-Girl-1MB-652x1024.jpg 652w, https:\/\/people.unil.ch\/rachelfalconer\/files\/2023\/02\/Pascale-Petit-Tiger-Girl-1MB.jpg 764w\" sizes=\"auto, (max-width: 191px) 100vw, 191px\" \/><\/a><a href=\"https:\/\/people.unil.ch\/rachelfalconer\/files\/2023\/03\/thumbnail_image0.png\"><img alt=\"\" loading=\"lazy\" decoding=\"async\" class=\"alignnone  wp-image-833\" src=\"https:\/\/people.unil.ch\/rachelfalconer\/files\/2023\/03\/thumbnail_image0-274x300.png\" alt=\"\" width=\"272\" height=\"297\" srcset=\"https:\/\/people.unil.ch\/rachelfalconer\/files\/2023\/03\/thumbnail_image0-274x300.png 274w, https:\/\/people.unil.ch\/rachelfalconer\/files\/2023\/03\/thumbnail_image0.png 310w\" sizes=\"auto, (max-width: 272px) 100vw, 272px\" \/><\/a><\/p>\n<p>12 October 2022: <strong>\u2018Hot Poets: Poetry in a Time of Climate Change\u2019,<\/strong> public talk for the series, <em>Durabilitt\u00e9rature, <\/em>hosted by the Centre interdisciplinaire d\u2019\u00e9tude des litt\u00e9ratures de l\u2019Universit\u00e9 de Lausanne<br \/><a href=\"https:\/\/www.youtube.com\/watch?v=w3PUIJmVwMo\">https:\/\/www.youtube.com\/watch?v=w3PUIJmVwMo<\/a><br \/><a href=\"https:\/\/people.unil.ch\/rachelfalconer\/files\/2023\/06\/dreamstime_xxl_114654090.jpeg\"><img alt=\"\" loading=\"lazy\" decoding=\"async\" class=\"alignnone size-medium wp-image-858\" src=\"https:\/\/people.unil.ch\/rachelfalconer\/files\/2023\/06\/dreamstime_xxl_114654090-300x211.jpeg\" alt=\"\" width=\"300\" height=\"211\" srcset=\"https:\/\/people.unil.ch\/rachelfalconer\/files\/2023\/06\/dreamstime_xxl_114654090-300x211.jpeg 300w, https:\/\/people.unil.ch\/rachelfalconer\/files\/2023\/06\/dreamstime_xxl_114654090-1024x719.jpeg 1024w, https:\/\/people.unil.ch\/rachelfalconer\/files\/2023\/06\/dreamstime_xxl_114654090-768x540.jpeg 768w, https:\/\/people.unil.ch\/rachelfalconer\/files\/2023\/06\/dreamstime_xxl_114654090-1536x1079.jpeg 1536w, https:\/\/people.unil.ch\/rachelfalconer\/files\/2023\/06\/dreamstime_xxl_114654090.jpeg 1708w\" sizes=\"auto, (max-width: 300px) 100vw, 300px\" \/><\/a><\/p>\n<p>20-21, 2022:<strong> Twenty Ways of Reading Seamus Heaney&rsquo;s Aeneid Book VI<\/strong> &#8211; an international workshop of poets, editors, classicists and scholars of Heaney&rsquo;s poetry, open to the general public, organised by Damien Nelis (Professor of Latin, Geneva) and Stephen Harrison (Professor of Latin, Oxford), and Rachel Falconer (Professor of Modern English Lit, Lausanne).<\/p>\n<p><a href=\"https:\/\/people.unil.ch\/rachelfalconer\/files\/2022\/05\/Hardt-Fondation.jpg\">\u00a0<\/a><a href=\"https:\/\/people.unil.ch\/rachelfalconer\/files\/2022\/05\/Screen-Shot-2022-05-28-at-16.40.50.png\"><img alt=\"\" loading=\"lazy\" decoding=\"async\" class=\"alignnone  wp-image-754\" src=\"https:\/\/people.unil.ch\/rachelfalconer\/files\/2022\/05\/Screen-Shot-2022-05-28-at-16.40.50-251x300.png\" alt=\"\" width=\"248\" height=\"296\" srcset=\"https:\/\/people.unil.ch\/rachelfalconer\/files\/2022\/05\/Screen-Shot-2022-05-28-at-16.40.50-251x300.png 251w, https:\/\/people.unil.ch\/rachelfalconer\/files\/2022\/05\/Screen-Shot-2022-05-28-at-16.40.50-857x1024.png 857w, https:\/\/people.unil.ch\/rachelfalconer\/files\/2022\/05\/Screen-Shot-2022-05-28-at-16.40.50-768x918.png 768w, https:\/\/people.unil.ch\/rachelfalconer\/files\/2022\/05\/Screen-Shot-2022-05-28-at-16.40.50.png 1004w\" sizes=\"auto, (max-width: 248px) 100vw, 248px\" \/>. \u00a0\u00a0<\/a><\/p>\n<p>May 20, 2022: A Poetry Reading by <strong>UK Poet Laureate, Simon Armitage<\/strong>, open to the general public, Geneva.<\/p>\n<p><a href=\"https:\/\/people.unil.ch\/rachelfalconer\/files\/2022\/05\/BC19E3F3-8F89-4A63-82E5-4A078408FFF1.png\"><img alt=\"\" loading=\"lazy\" decoding=\"async\" class=\"alignnone size-medium wp-image-753\" src=\"https:\/\/people.unil.ch\/rachelfalconer\/files\/2022\/05\/BC19E3F3-8F89-4A63-82E5-4A078408FFF1-260x300.png\" alt=\"\" width=\"260\" height=\"300\" srcset=\"https:\/\/people.unil.ch\/rachelfalconer\/files\/2022\/05\/BC19E3F3-8F89-4A63-82E5-4A078408FFF1-260x300.png 260w, https:\/\/people.unil.ch\/rachelfalconer\/files\/2022\/05\/BC19E3F3-8F89-4A63-82E5-4A078408FFF1-888x1024.png 888w, https:\/\/people.unil.ch\/rachelfalconer\/files\/2022\/05\/BC19E3F3-8F89-4A63-82E5-4A078408FFF1-768x885.png 768w, https:\/\/people.unil.ch\/rachelfalconer\/files\/2022\/05\/BC19E3F3-8F89-4A63-82E5-4A078408FFF1.png 1041w\" sizes=\"auto, (max-width: 260px) 100vw, 260px\" \/><\/a><\/p>\n<p>February 25, 2022: <strong>Ulysses at 100: a Celebration of the 100th Anniversary of Joyce&rsquo;s Ulysses<\/strong>. Organised by Sangam Macduff and Rachel Falconer, University of Lausanne. With the generous support of the Irish Embassy (Berne), the Max Geillinger Foundation, and SAUTE (the Swiss Association of University Teachers of English)<\/p>\n<p><a href=\"https:\/\/people.unil.ch\/rachelfalconer\/files\/2022\/05\/The-group-copy.jpg\"><img alt=\"\" loading=\"lazy\" decoding=\"async\" class=\"alignnone size-medium wp-image-757\" src=\"https:\/\/people.unil.ch\/rachelfalconer\/files\/2022\/05\/The-group-copy-300x158.jpg\" alt=\"\" width=\"300\" height=\"158\" srcset=\"https:\/\/people.unil.ch\/rachelfalconer\/files\/2022\/05\/The-group-copy-300x158.jpg 300w, https:\/\/people.unil.ch\/rachelfalconer\/files\/2022\/05\/The-group-copy-1024x539.jpg 1024w, https:\/\/people.unil.ch\/rachelfalconer\/files\/2022\/05\/The-group-copy-768x405.jpg 768w, https:\/\/people.unil.ch\/rachelfalconer\/files\/2022\/05\/The-group-copy.jpg 1175w\" sizes=\"auto, (max-width: 300px) 100vw, 300px\" \/><\/a><\/p>\n<p>September 2019: &lsquo;Crossover Literature &#8211; <strong>Philip Pullman&rsquo;s His Dark Materials: Coming of Age in a Fantasy World<\/strong>\u00a0&#8211; A Conference and Workshop on Crossover Literature and Reading, for Swiss High School Teachers of English. Organised by Martine Hennard Dutheil.<\/p>\n<p>15 Sept 2017 :<strong> &lsquo;Green Thought <\/strong><strong>in a Green Shade&rsquo; &#8211;\u00a0<\/strong>A Conference and Workshop on Literature and the Environment, for Swiss High School Teachers of English. Organised by Martine Hennard Dutheil.<\/p>\n<p><a href=\"https:\/\/people.unil.ch\/rachelfalconer\/files\/2017\/09\/IMG_1646.jpg\"><img alt=\"\" loading=\"lazy\" decoding=\"async\" class=\"alignnone size-thumbnail wp-image-569\" src=\"https:\/\/people.unil.ch\/rachelfalconer\/files\/2017\/09\/IMG_1646-150x150.jpg\" alt=\"\" width=\"150\" height=\"150\" \/><\/a>\u00a0 <a href=\"https:\/\/people.unil.ch\/rachelfalconer\/files\/2017\/09\/IMG_7425.tif_-1.jpeg\"><img alt=\"\" loading=\"lazy\" decoding=\"async\" class=\"alignnone size-thumbnail wp-image-565\" src=\"https:\/\/people.unil.ch\/rachelfalconer\/files\/2017\/09\/IMG_7425.tif_-1-150x150.jpeg\" alt=\"\" width=\"150\" height=\"150\" \/><\/a><\/p>\n<p>14 March 2017: <strong>Simon Armitage<br \/><\/strong>Simon Armitage, Oxford Professor of Poetry, gave a Poetry Reading and a workshop on his translation of\u00a0<em>Sir Gawain and the Green Knight\u00a0<\/em>and\u00a0<em>Pearl,\u00a0<\/em>Theatre de Vidy and Amphimax, University of Lausanne. Both events formed part of the\u00a0<em>Printemps de la Po\u00e9sie\u00a0<\/em>Festival.<\/p>\n<p><a href=\"https:\/\/people.unil.ch\/rachelfalconer\/files\/2017\/03\/DSC_0009.jpg\"><img alt=\"\" loading=\"lazy\" decoding=\"async\" class=\"alignnone size-thumbnail wp-image-557\" src=\"https:\/\/people.unil.ch\/rachelfalconer\/files\/2017\/03\/DSC_0009-150x150.jpg\" alt=\"\" width=\"150\" height=\"150\" \/><\/a>\u00a0\u00a0<a href=\"https:\/\/people.unil.ch\/rachelfalconer\/files\/2017\/03\/DSC_0012.jpg\"><img alt=\"\" loading=\"lazy\" decoding=\"async\" class=\"alignnone size-thumbnail wp-image-556\" src=\"https:\/\/people.unil.ch\/rachelfalconer\/files\/2017\/03\/DSC_0012-150x150.jpg\" alt=\"\" width=\"150\" height=\"150\" \/><\/a><\/p>\n<p>29 Nov 2016: Irish Poetry, Music and Commemoration.<br \/>Guest lecture by Professor <strong>Hugh Haughton<\/strong>, University of York, and performance of Dublin Songs by Tale of the Gael Trio, Sligo.<\/p>\n<p><a href=\"https:\/\/people.unil.ch\/rachelfalconer\/files\/2016\/11\/Irish-Commemoration-Poster2.jpg\"><img loading=\"lazy\" decoding=\"async\" class=\"alignnone size-thumbnail wp-image-521\" src=\"https:\/\/people.unil.ch\/rachelfalconer\/files\/2016\/11\/Irish-Commemoration-Poster2-150x150.jpg\" alt=\"irish-commemoration-poster2\" width=\"150\" height=\"150\" \/><\/a><\/p>\n<p>3 May 2016: 5 pm.\u00a0<strong>Bernard O&rsquo;Donoghue<\/strong><br \/>Poetry Reading by Irish poet and Medieval literature professor Bernard O&rsquo;Donoghue<strong><br \/><\/strong>(University of Oxford), at l&rsquo;Ecurie, Ferme de Dorigny, University of Lausanne.<\/p>\n<p><a href=\"https:\/\/people.unil.ch\/rachelfalconer\/files\/2016\/06\/DSC_0645.jpg\"><img alt=\"\" loading=\"lazy\" decoding=\"async\" class=\"alignnone size-thumbnail wp-image-490\" src=\"https:\/\/people.unil.ch\/rachelfalconer\/files\/2016\/06\/DSC_0645-150x150.jpg\" alt=\"\" width=\"150\" height=\"150\" \/><\/a><\/p>\n<p>28-29 April 2016: Traduction, Rhythm, Musique, a conference organised by Martine Hennard Dutheil, with lectures by myself, Ir\u00e8ne Weber Henking, Vera Viehover, Angela Sanmann, Nicola Pozza, Geetanjali Shree and the brilliant translator\/poet <strong>Andr\u00e9 Marcowicz<\/strong>.<\/p>\n<p><a href=\"https:\/\/people.unil.ch\/rachelfalconer\/files\/2013\/08\/Marko.jpg\"><img loading=\"lazy\" decoding=\"async\" class=\"alignnone size-thumbnail wp-image-462\" src=\"https:\/\/people.unil.ch\/rachelfalconer\/files\/2013\/08\/Marko-150x150.jpg\" alt=\"Marko\" width=\"150\" height=\"150\" \/><\/a>\u00a0\u00a0<a href=\"https:\/\/people.unil.ch\/rachelfalconer\/files\/2013\/08\/Rachel-talking-Heaney.jpg\"><img loading=\"lazy\" decoding=\"async\" class=\"alignnone size-thumbnail wp-image-461\" src=\"https:\/\/people.unil.ch\/rachelfalconer\/files\/2013\/08\/Rachel-talking-Heaney-150x150.jpg\" alt=\"Rachel talking Heaney\" width=\"150\" height=\"150\" \/><\/a><\/p>\n<p>6 April 2016: Theory of the Lyric<br \/><strong>Jonathan Culler\u00a0<\/strong>(University of Cornell) gave a lecture and led a discussion of the state of lyric poetry, in theory and practice, organised in association with members of the French, Italian, German and Classics Depts in the\u00a0Faculty of Letters, Lausanne.<br \/><strong><br \/><strong>\u00a0<\/strong><a href=\"https:\/\/people.unil.ch\/rachelfalconer\/files\/2016\/06\/IMG_2988.jpg\"><img loading=\"lazy\" decoding=\"async\" class=\"alignnone size-thumbnail wp-image-494\" src=\"https:\/\/people.unil.ch\/rachelfalconer\/files\/2016\/06\/IMG_2988-150x150.jpg\" alt=\"IMG_2988\" width=\"150\" height=\"150\" \/><\/a>\u00a0 \u00a0 \u00a0<\/strong><\/p>\n<p>5 October 2015: A Celebration of the 150th Anniversary of <strong>W. B. Yeats<\/strong>, a\u00a0poetry workshop in the Grange Theatre, University of Lausanne, open to the public, organised by me, with lectures by Kevin Curran (Lausanne University), Martin Leer (Geneva University), The Irish Embassy, and Irish Recitation and Music by Tale of the Gael (Sligo)<\/p>\n<p>29 April 2015:<strong> Don Paterson<br \/><\/strong>Scottish poet, editor, critic, professor and musician Don Paterson (University of St Andrews) gave a public poetry reading in the Grange Theatre, University of Lausanne<\/p>\n<p><a href=\"https:\/\/people.unil.ch\/rachelfalconer\/files\/2016\/06\/Pat.png\"><img loading=\"lazy\" decoding=\"async\" class=\"alignnone size-thumbnail wp-image-497\" src=\"https:\/\/people.unil.ch\/rachelfalconer\/files\/2016\/06\/Pat-150x150.png\" alt=\"Pat\" width=\"150\" height=\"150\" \/><\/a><\/p>\n<p>12 Sept 2014: <strong>Wonderlands, <\/strong>organised by Martine Hennard Dutheil, with talks by me, Neil Forsyth, Kirsten Stirling and Martine Hennard Dutheil, on the theme of wonder in\u00a0Milton, J M Barrie, C S Lewis, Lewis Carroll, and Angela Carter, for the Department of Continuing Education,\u00a0<em>Formation Continue,<\/em> University of Lausanne.<\/p>\n<p>24 April 2013: Public poetry reading and Q &amp; A, by the Scots poet <strong>Kathleen Jamie<\/strong> (Makar of Scotland from 2021). <em>F\u00e9cule Festival, <\/em>The Grange Theatre, University of Lausanne. This is Kathleen standing in front of what is legendarily known as the oldest oak tree on the European continent.<\/p>\n<p><a href=\"https:\/\/people.unil.ch\/rachelfalconer\/files\/2017\/09\/IMG_0083_2.jpg\"><img alt=\"\" loading=\"lazy\" decoding=\"async\" class=\"alignnone size-thumbnail wp-image-571\" src=\"https:\/\/people.unil.ch\/rachelfalconer\/files\/2017\/09\/IMG_0083_2-150x150.jpg\" alt=\"\" width=\"150\" height=\"150\" \/><\/a><\/p>\n<p>27-29 June 2012:\u00a0<em><strong>Literature, Medicine and Science<\/strong> in the Medieval and Early Modern Periods.\u00a0<\/em>International Conference of\u00a0SAMEMES (Swiss Association of Medieval and Early Modern English Studies) , co-hosted by me and Denis Renevey,\u00a0University of Lausanne. Guest speakers included Prof Heinrich Von Staden, Classics Professor at the Institute for Advanced Study of Princeton University, and others.<\/p>\n<p>March 2012: <strong>Inaugural Lecture,<\/strong> Faculty of Arts, University of Lausanne. My inaugural lecture as Prof Ord. at Lausanne, delivered to the Faculty of Letters: &lsquo;Afflatious Encounters: les oiseaux dans la po\u00e9sie contemporaine britannique&rsquo;.<\/p>\n<p><a href=\"https:\/\/people.unil.ch\/rachelfalconer\/files\/2017\/09\/AffEnc2.png\"><img alt=\"\" loading=\"lazy\" decoding=\"async\" class=\"alignnone size-thumbnail wp-image-575\" src=\"https:\/\/people.unil.ch\/rachelfalconer\/files\/2017\/09\/AffEnc2-150x150.png\" alt=\"\" width=\"150\" height=\"150\" \/><\/a><\/p>\n<p>20 April 2012:\u00a0<strong>&lsquo;Litt\u00e9rature et musique anglaise<\/strong> du 17<sup>e<\/sup> au 21<sup>e<\/sup> si\u00e8cle: r\u00e9flexion et interrogation autour de l&rsquo;\u00e9volution de la litt\u00e9rature et de la musique \u00e0 l&rsquo;int\u00e9rieure d&rsquo;un m\u00eame pays&rsquo;. The evening consisted of the music of Dowland, Handel and Britten, played by chamber musicians, interspersed with a lecture by me. Music organised by cellist Pascal Desarzens.\u00a0Caveau du Singe Vert, Lutry, and l&rsquo;Eglise Saint-Vincent, Montreux.<\/p>\n<p><a href=\"https:\/\/people.unil.ch\/rachelfalconer\/files\/2013\/08\/kroto.jpg\"><img loading=\"lazy\" decoding=\"async\" class=\"alignnone size-thumbnail wp-image-223\" src=\"https:\/\/people.unil.ch\/rachelfalconer\/files\/2013\/08\/kroto-150x150.jpg\" alt=\"kroto\" width=\"150\" height=\"150\" \/><\/a><\/p>\n<p><span style=\"color: #333399\"><strong>Arts-Science Encounters<\/strong> \u00a0\u00a0<\/span>In 2009-2010, I initiated and organised a series of interdisciplinary public events at the University of Sheffield, under the name of Arts-Science Encounters. The project began as a commemoration of the life of my uncle, Jeremy Knowles, who was a distinguished chemist at Oxford and then Harvard.\u00a02009 also happened to be the 200th anniversary of Darwin\u2019s birth, the 150<sup>th<\/sup> anniversary of the publication of <em>On the Origin of Species<\/em>, and the 50<sup>th<\/sup> anniversary of C.P. Snow\u2019s controversial 1959 Reith Lecture, \u2018The Two Cultures.\u2019 I developed the Arts-Science initiative \u00a0to challenge the notion of \u2018two cultures\u2019 (C P Snow), to stimulate research partnerships across all five of Sheffield University&rsquo;s faculties, to encourage outstanding artists to work collaboratively with University scholars, and to broaden public awareness and understanding of the University\u2019s research activities. The flagship of the initiative was a series of public talks, \u00a0which ran from March to June and showcased cross-faculty research in an accessible, entertaining and provocative format. I ran a second series of events in 2010, which like the first series, attracted audiences from across the town and University. There were\u00a0guest speakers from \u00a0a range of disciplines, including Chemistry, Mathematics, Physics and Astronomy, Biology, Medicine, Psychology, Music, Literature, Philosophy, Law, Architecture, and Engineering. There were also invited guest speakers from the Universities of Harvard, Oxford, York, and other universities, as well as BBC journalists, and internationally-acclaimed writers and musicians. \u00a0In conjunction with the arts-science initiative, two oil portraits were commissioned to commemorate the life and work of Chemistry Nobel Laureates Sir Harry Kroto and Sir Richard Roberts. A final public lecture concluded the series of Encounters: in 2009 by University of Oxford geneticist Professor Denis Noble (with classical guitar) and in 2010, by Marcus du Sautoy, Professor for the Public Understanding of Science at University of Oxford. The Arts-Science Encounters continue at the University of Sheffield to this day.<\/p>\n\n","protected":false},"excerpt":{"rendered":"<p>Kathleen Jamie, A Poetry Reading by the Scots Makar, University of Lausanne, 7 May 2024; Societ\u00e9 de Lecture de Gen\u00e8ve, followed by a conversation with the poet, Geneva, 8 May 2024. \u00a0 Logic and Modern Literature, with guest speakers N. Katherine Hayles, Andrea K. Henderson, Robert B. Pippin, organised by Sangam Macduff, Rachel Falconer and &hellip; <\/p>\n<p class=\"link-more\"><a href=\"https:\/\/people.unil.ch\/rachelfalconer\/past-projects\/\" class=\"more-link\">Continuer la lecture<span class=\"screen-reader-text\"> de &laquo;&nbsp;Events&nbsp;&raquo;<\/span><\/a><\/p>\n","protected":false},"author":21,"featured_media":776,"parent":0,"menu_order":5,"comment_status":"closed","ping_status":"closed","template":"","meta":{"_seopress_robots_primary_cat":"","_seopress_titles_title":"","_seopress_titles_desc":"","_seopress_robots_index":"","footnotes":""},"class_list":["post-180","page","type-page","status-publish","has-post-thumbnail"],"_links":{"self":[{"href":"https:\/\/people.unil.ch\/rachelfalconer\/wp-json\/wp\/v2\/pages\/180","targetHints":{"allow":["GET"]}}],"collection":[{"href":"https:\/\/people.unil.ch\/rachelfalconer\/wp-json\/wp\/v2\/pages"}],"about":[{"href":"https:\/\/people.unil.ch\/rachelfalconer\/wp-json\/wp\/v2\/types\/page"}],"author":[{"embeddable":true,"href":"https:\/\/people.unil.ch\/rachelfalconer\/wp-json\/wp\/v2\/users\/21"}],"replies":[{"embeddable":true,"href":"https:\/\/people.unil.ch\/rachelfalconer\/wp-json\/wp\/v2\/comments?post=180"}],"version-history":[{"count":0,"href":"https:\/\/people.unil.ch\/rachelfalconer\/wp-json\/wp\/v2\/pages\/180\/revisions"}],"wp:featuredmedia":[{"embeddable":true,"href":"https:\/\/people.unil.ch\/rachelfalconer\/wp-json\/wp\/v2\/media\/776"}],"wp:attachment":[{"href":"https:\/\/people.unil.ch\/rachelfalconer\/wp-json\/wp\/v2\/media?parent=180"}],"curies":[{"name":"wp","href":"https:\/\/api.w.org\/{rel}","templated":true}]}}